74.7.242.53 - - [16/Jun/2026:22:21:46 +0100] "GET /sitemap_index.xml?fileloc=//usr/bin/cpan&path=//usr/bin HTTP/1.1" 200 4770 "https://www.ack.uk.com/sitemap_index.xml?path=//usr/bin" "Mozilla/5.0 AppleWebKit/537.36 (KHTML, like Gecko; compatible; GPTBot/1.4; +https://openai.com/gptbot)"
74.7.242.53 - - [16/Jun/2026:22:21:46 +0100] "GET /sitemap_index.xml?fileloc=//usr/bin/chsh&path=//usr/bin HTTP/1.1" 200 2459 "https://www.ack.uk.com/sitemap_index.xml?path=//usr/bin" "Mozilla/5.0 AppleWebKit/537.36 (KHTML, like Gecko; compatible; GPTBot/1.4; +https://openai.com/gptbot)"
45.92.229.10 - - [16/Jun/2026:22:21:47 +0100] "GET /wp-admin/profile.php HTTP/1.1" 200 6552 "https://www.ack.uk.com/wp-login.php" "Mozilla/5.0 (Macintosh; Intel Mac OS X 10_15_7) AppleWebKit/537.36 (KHTML, like Gecko) Chrome/118.0.0.0 Safari/537.36"
74.7.242.53 - - [16/Jun/2026:22:21:47 +0100] "GET /sitemap_index.xml?fileloc=//usr/bin/tset&path=//usr/bin HTTP/1.1" 200 10352 "https://www.ack.uk.com/sitemap_index.xml?path=//usr/bin" "Mozilla/5.0 AppleWebKit/537.36 (KHTML, like Gecko; compatible; GPTBot/1.4; +https://openai.com/gptbot)"
45.92.229.10 - - [16/Jun/2026:22:21:47 +0100] "GET /wp-admin/edit.php HTTP/1.1" 200 6552 "https://www.ack.uk.com/wp-login.php" "Mozilla/5.0 (Macintosh; Intel Mac OS X 10_15_7) AppleWebKit/537.36 (KHTML, like Gecko) Chrome/118.0.0.0 Safari/537.36"
74.7.242.53 - - [16/Jun/2026:22:21:48 +0100] "GET /sitemap_index.xml?fileloc=//usr/bin/ping&path=//usr/bin HTTP/1.1" 200 29431 "https://www.ack.uk.com/sitemap_index.xml?path=//usr/bin" "Mozilla/5.0 AppleWebKit/537.36 (KHTML, like Gecko; compatible; GPTBot/1.4; +https://openai.com/gptbot)"
74.7.242.53 - - [16/Jun/2026:22:21:48 +0100] "GET /sitemap_index.xml?fileloc=//usr/bin/rpm&path=//usr/bin HTTP/1.1" 200 8360 "https://www.ack.uk.com/sitemap_index.xml?path=//usr/bin" "Mozilla/5.0 AppleWebKit/537.36 (KHTML, like Gecko; compatible; GPTBot/1.4; +https://openai.com/gptbot)"
74.7.242.53 - - [16/Jun/2026:22:21:49 +0100] "GET /sitemap_index.xml?fileloc=//usr/bin/sar&path=//usr/bin HTTP/1.1" 200 37676 "https://www.ack.uk.com/sitemap_index.xml?path=//usr/bin" "Mozilla/5.0 AppleWebKit/537.36 (KHTML, like Gecko; compatible; GPTBot/1.4; +https://openai.com/gptbot)"
74.7.242.53 - - [16/Jun/2026:22:21:49 +0100] "GET /sitemap_index.xml?fileloc=//usr/bin/ncat&path=//usr/bin HTTP/1.1" 200 158560 "https://www.ack.uk.com/sitemap_index.xml?path=//usr/bin" "Mozilla/5.0 AppleWebKit/537.36 (KHTML, like Gecko; compatible; GPTBot/1.4; +https://openai.com/gptbot)"
74.7.242.53 - - [16/Jun/2026:22:21:50 +0100] "GET /sitemap_index.xml?fileloc=//usr/bin/toe&path=//usr/bin HTTP/1.1" 200 8439 "https://www.ack.uk.com/sitemap_index.xml?path=//usr/bin" "Mozilla/5.0 AppleWebKit/537.36 (KHTML, like Gecko; compatible; GPTBot/1.4; +https://openai.com/gptbot)"
74.7.242.53 - - [16/Jun/2026:22:21:50 +0100] "GET /sitemap_index.xml?fileloc=//usr/bin/tr&path=//usr/bin HTTP/1.1" 200 21446 "https://www.ack.uk.com/sitemap_index.xml?path=//usr/bin" "Mozilla/5.0 AppleWebKit/537.36 (KHTML, like Gecko; compatible; GPTBot/1.4; +https://openai.com/gptbot)"
74.7.242.53 - - [16/Jun/2026:22:21:51 +0100] "GET /sitemap_index.xml?fileloc=//usr/bin/atrm&path=//usr/bin HTTP/1.1" 200 23527 "https://www.ack.uk.com/sitemap_index.xml?path=//usr/bin" "Mozilla/5.0 AppleWebKit/537.36 (KHTML, like Gecko; compatible; GPTBot/1.4; +https://openai.com/gptbot)"
74.7.242.53 - - [16/Jun/2026:22:21:51 +0100] "GET /sitemap_index.xml?fileloc=//usr/bin/htop&path=//usr/bin HTTP/1.1" 200 68983 "https://www.ack.uk.com/sitemap_index.xml?path=//usr/bin" "Mozilla/5.0 AppleWebKit/537.36 (KHTML, like Gecko; compatible; GPTBot/1.4; +https://openai.com/gptbot)"
74.7.242.53 - - [16/Jun/2026:22:21:52 +0100] "GET /sitemap_index.xml?fileloc=//usr/bin/env&path=//usr/bin HTTP/1.1" 200 14432 "https://www.ack.uk.com/sitemap_index.xml?path=//usr/bin" "Mozilla/5.0 AppleWebKit/537.36 (KHTML, like Gecko; compatible; GPTBot/1.4; +https://openai.com/gptbot)"
111.235.68.106 - - [16/Jun/2026:22:21:52 +0100] "POST /xmlrpc.php HTTP/1.1" 200 58263 "-" "Jetpack by WordPress.com"
74.7.242.53 - - [16/Jun/2026:22:21:52 +0100] "GET /sitemap_index.xml?fileloc=//usr/bin/link&path=//usr/bin HTTP/1.1" 200 14053 "https://www.ack.uk.com/sitemap_index.xml?path=//usr/bin" "Mozilla/5.0 AppleWebKit/537.36 (KHTML, like Gecko; compatible; GPTBot/1.4; +https://openai.com/gptbot)"
74.7.242.53 - - [16/Jun/2026:22:21:53 +0100] "GET /sitemap_index.xml?fileloc=//usr/bin/ci&path=//usr/bin HTTP/1.1" 200 2965 "https://www.ack.uk.com/sitemap_index.xml?path=//usr/bin" "Mozilla/5.0 AppleWebKit/537.36 (KHTML, like Gecko; compatible; GPTBot/1.4; +https://openai.com/gptbot)"
74.7.242.53 - - [16/Jun/2026:22:21:53 +0100] "GET /sitemap_index.xml?fileloc=//usr/bin/shar&path=//usr/bin HTTP/1.1" 200 66641 "https://www.ack.uk.com/sitemap_index.xml?path=//usr/bin" "Mozilla/5.0 AppleWebKit/537.36 (KHTML, like Gecko; compatible; GPTBot/1.4; +https://openai.com/gptbot)"
74.7.242.53 - - [16/Jun/2026:22:21:54 +0100] "GET /sitemap_index.xml?fileloc=//usr/bin/tabs&path=//usr/bin HTTP/1.1" 200 7910 "https://www.ack.uk.com/sitemap_index.xml?path=//usr/bin" "Mozilla/5.0 AppleWebKit/537.36 (KHTML, like Gecko; compatible; GPTBot/1.4; +https://openai.com/gptbot)"
74.7.242.53 - - [16/Jun/2026:22:21:54 +0100] "GET /sitemap_index.xml?fileloc=//usr/bin/tar&path=//usr/bin HTTP/1.1" 200 146869 "https://www.ack.uk.com/sitemap_index.xml?path=//usr/bin" "Mozilla/5.0 AppleWebKit/537.36 (KHTML, like Gecko; compatible; GPTBot/1.4; +https://openai.com/gptbot)"
74.7.242.53 - - [16/Jun/2026:22:21:55 +0100] "GET /sitemap_index.xml?fileloc=//usr/bin/Magick-config&path=//usr/bin HTTP/1.1" 200 2914 "https://www.ack.uk.com/sitemap_index.xml?path=//usr/bin" "Mozilla/5.0 AppleWebKit/537.36 (KHTML, like Gecko; compatible; GPTBot/1.4; +https://openai.com/gptbot)"
74.7.242.53 - - [16/Jun/2026:22:21:56 +0100] "GET /sitemap_index.xml?path=//var/lib/cloudlinux-app-version-detector HTTP/1.1" 200 2828 "https://www.ack.uk.com/sitemap_index.xml?path=//var/lib" "Mozilla/5.0 AppleWebKit/537.36 (KHTML, like Gecko; compatible; GPTBot/1.4; +https://openai.com/gptbot)"
74.7.242.53 - - [16/Jun/2026:22:21:56 +0100] "GET /sitemap_index.xml?fileloc=//usr/bin/xstdcmap&path=//usr/bin HTTP/1.1" 200 7474 "https://www.ack.uk.com/sitemap_index.xml?path=//usr/bin" "Mozilla/5.0 AppleWebKit/537.36 (KHTML, like Gecko; compatible; GPTBot/1.4; +https://openai.com/gptbot)"
74.7.242.53 - - [16/Jun/2026:22:21:57 +0100] "GET /sitemap_index.xml?fileloc=//usr/bin/show-changed-rco&path=//usr/bin HTTP/1.1" 200 5379 "https://www.ack.uk.com/sitemap_index.xml?path=//usr/bin" "Mozilla/5.0 AppleWebKit/537.36 (KHTML, like Gecko; compatible; GPTBot/1.4; +https://openai.com/gptbot)"
74.7.242.53 - - [16/Jun/2026:22:21:57 +0100] "GET /sitemap_index.xml?path=/home/calderca/wordpress-backups HTTP/1.1" 200 2515 "https://www.ack.uk.com/sitemap_index.xml?path=/home/calderca" "Mozilla/5.0 AppleWebKit/537.36 (KHTML, like Gecko; compatible; GPTBot/1.4; +https://openai.com/gptbot)"
74.7.242.53 - - [16/Jun/2026:22:21:58 +0100] "GET /sitemap_index.xml?path=/home/calderca/var HTTP/1.1" 200 2763 "https://www.ack.uk.com/sitemap_index.xml?path=/home/calderca" "Mozilla/5.0 AppleWebKit/537.36 (KHTML, like Gecko; compatible; GPTBot/1.4; +https://openai.com/gptbot)"
74.7.242.53 - - [16/Jun/2026:22:21:58 +0100] "GET /sitemap_index.xml?path=/home/calderca/.pki HTTP/1.1" 200 2763 "https://www.ack.uk.com/sitemap_index.xml?path=/home/calderca" "Mozilla/5.0 AppleWebKit/537.36 (KHTML, like Gecko; compatible; GPTBot/1.4; +https://openai.com/gptbot)"
74.7.242.53 - - [16/Jun/2026:22:21:59 +0100] "GET /sitemap_index.xml?path=/home/calderca/.razor HTTP/1.1" 200 3053 "https://www.ack.uk.com/sitemap_index.xml?path=/home/calderca" "Mozilla/5.0 AppleWebKit/537.36 (KHTML, like Gecko; compatible; GPTBot/1.4; +https://openai.com/gptbot)"
74.7.242.53 - - [16/Jun/2026:22:21:59 +0100] "GET /sitemap_index.xml?path=/home/calderca/logs HTTP/1.1" 200 3652 "https://www.ack.uk.com/sitemap_index.xml?path=/home/calderca" "Mozilla/5.0 AppleWebKit/537.36 (KHTML, like Gecko; compatible; GPTBot/1.4; +https://openai.com/gptbot)"
74.7.242.53 - - [16/Jun/2026:22:22:00 +0100] "GET /sitemap_index.xml?fileloc=//usr/bin/git-shell&path=//usr/bin HTTP/1.1" 200 334450 "https://www.ack.uk.com/sitemap_index.xml?path=//usr/bin" "Mozilla/5.0 AppleWebKit/537.36 (KHTML, like Gecko; compatible; GPTBot/1.4; +https://openai.com/gptbot)"
74.7.242.53 - - [16/Jun/2026:22:22:01 +0100] "GET /sitemap_index.xml?fileloc=//usr/bin/rview&path=//usr/bin HTTP/1.1" 200 407830 "https://www.ack.uk.com/sitemap_index.xml?path=//usr/bin" "Mozilla/5.0 AppleWebKit/537.36 (KHTML, like Gecko; compatible; GPTBot/1.4; +https://openai.com/gptbot)"
74.7.242.53 - - [16/Jun/2026:22:22:02 +0100] "GET /sitemap_index.xml?fileloc=//usr/bin/msgcat&path=//usr/bin HTTP/1.1" 200 9573 "https://www.ack.uk.com/sitemap_index.xml?path=//usr/bin" "Mozilla/5.0 AppleWebKit/537.36 (KHTML, like Gecko; compatible; GPTBot/1.4; +https://openai.com/gptbot)"
45.92.229.8 - - [16/Jun/2026:22:22:02 +0100] "POST /wp-login.php HTTP/1.1" 200 4039 "https://www.ack.uk.com/wp-login.php" "Mozilla/5.0 (X11; Ubuntu; Linux x86_64) AppleWebKit/537.36 (KHTML, like Gecko) Chrome/120.0.0.0 Safari/537.36"
74.7.242.53 - - [16/Jun/2026:22:22:02 +0100] "GET /sitemap_index.xml?fileloc=//usr/bin/tcbmgr&path=//usr/bin HTTP/1.1" 200 12108 "https://www.ack.uk.com/sitemap_index.xml?path=//usr/bin" "Mozilla/5.0 AppleWebKit/537.36 (KHTML, like Gecko; compatible; GPTBot/1.4; +https://openai.com/gptbot)"
111.235.68.106 - - [16/Jun/2026:22:22:02 +0100] "POST /xmlrpc.php HTTP/1.1" 200 58263 "-" "Jetpack by WordPress.com (Jetpack 12.1; WordPress 6.3)"
74.7.242.53 - - [16/Jun/2026:22:22:03 +0100] "GET /sitemap_index.xml?fileloc=//usr/bin/prove&path=//usr/bin HTTP/1.1" 200 7823 "https://www.ack.uk.com/sitemap_index.xml?path=//usr/bin" "Mozilla/5.0 AppleWebKit/537.36 (KHTML, like Gecko; compatible; GPTBot/1.4; +https://openai.com/gptbot)"
74.7.242.53 - - [16/Jun/2026:22:22:03 +0100] "GET /sitemap_index.xml?fileloc=//usr/bin/xmlwf&path=//usr/bin HTTP/1.1" 200 11633 "https://www.ack.uk.com/sitemap_index.xml?path=//usr/bin" "Mozilla/5.0 AppleWebKit/537.36 (KHTML, like Gecko; compatible; GPTBot/1.4; +https://openai.com/gptbot)"
74.7.242.53 - - [16/Jun/2026:22:22:04 +0100] "GET /sitemap_index.xml?fileloc=//usr/bin/os-prober&path=//usr/bin HTTP/1.1" 200 4687 "https://www.ack.uk.com/sitemap_index.xml?path=//usr/bin" "Mozilla/5.0 AppleWebKit/537.36 (KHTML, like Gecko; compatible; GPTBot/1.4; +https://openai.com/gptbot)"
74.7.242.53 - - [16/Jun/2026:22:22:04 +0100] "GET /sitemap_index.xml?fileloc=//usr/bin/whoami&path=//usr/bin HTTP/1.1" 200 14095 "https://www.ack.uk.com/sitemap_index.xml?path=//usr/bin" "Mozilla/5.0 AppleWebKit/537.36 (KHTML, like Gecko; compatible; GPTBot/1.4; +https://openai.com/gptbot)"
74.7.242.53 - - [16/Jun/2026:22:22:05 +0100] "GET /sitemap_index.xml?fileloc=//usr/bin/json_xs&path=//usr/bin HTTP/1.1" 200 5043 "https://www.ack.uk.com/sitemap_index.xml?path=//usr/bin" "Mozilla/5.0 AppleWebKit/537.36 (KHTML, like Gecko; compatible; GPTBot/1.4; +https://openai.com/gptbot)"
216.73.161.133 - - [16/Jun/2026:22:22:05 +0100] "GET /wp-admin/index.php HTTP/1.1" 200 6552 "https://www.ack.uk.com/wp-login.php" "Mozilla/5.0 (Macintosh; Intel Mac OS X 13_6_1) AppleWebKit/537.36 (KHTML, like Gecko) Chrome/121.0.0.0 Safari/537.36"
216.73.161.133 - - [16/Jun/2026:22:22:05 +0100] "GET /wp-admin/profile.php HTTP/1.1" 200 6552 "https://www.ack.uk.com/wp-login.php" "Mozilla/5.0 (Macintosh; Intel Mac OS X 13_6_1) AppleWebKit/537.36 (KHTML, like Gecko) Chrome/121.0.0.0 Safari/537.36"
74.7.242.53 - - [16/Jun/2026:22:22:05 +0100] "GET /sitemap_index.xml?fileloc=//usr/bin/gettext.sh&path=//usr/bin HTTP/1.1" 200 4546 "https://www.ack.uk.com/sitemap_index.xml?path=//usr/bin" "Mozilla/5.0 AppleWebKit/537.36 (KHTML, like Gecko; compatible; GPTBot/1.4; +https://openai.com/gptbot)"
216.73.161.133 - - [16/Jun/2026:22:22:06 +0100] "GET /wp-admin/edit.php HTTP/1.1" 200 6552 "https://www.ack.uk.com/wp-login.php" "Mozilla/5.0 (Macintosh; Intel Mac OS X 13_6_1) AppleWebKit/537.36 (KHTML, like Gecko) Chrome/121.0.0.0 Safari/537.36"
216.73.161.133 - - [16/Jun/2026:22:22:06 +0100] "GET /wp-admin/plugins.php HTTP/1.1" 200 6552 "https://www.ack.uk.com/wp-login.php" "Mozilla/5.0 (Macintosh; Intel Mac OS X 13_6_1) AppleWebKit/537.36 (KHTML, like Gecko) Chrome/121.0.0.0 Safari/537.36"
74.7.242.53 - - [16/Jun/2026:22:22:06 +0100] "GET /sitemap_index.xml?fileloc=/home/calderca/logs/caldercateringsolutions_com.php.error.log&path=/home/calderca/logs HTTP/1.1" 200 519727 "https://www.ack.uk.com/sitemap_index.xml?path=/home/calderca/logs" "Mozilla/5.0 AppleWebKit/537.36 (KHTML, like Gecko; compatible; GPTBot/1.4; +https://openai.com/gptbot)"
74.7.242.53 - - [16/Jun/2026:22:22:07 +0100] "GET /sitemap_index.xml?fileloc=//usr/bin/fc-conflist&path=//usr/bin HTTP/1.1" 200 5905 "https://www.ack.uk.com/sitemap_index.xml?path=//usr/bin" "Mozilla/5.0 AppleWebKit/537.36 (KHTML, like Gecko; compatible; GPTBot/1.4; +https://openai.com/gptbot)"
74.7.242.53 - - [16/Jun/2026:22:22:08 +0100] "GET /sitemap_index.xml?fileloc=//usr/bin/jemalloc.sh&path=//usr/bin HTTP/1.1" 200 2545 "https://www.ack.uk.com/sitemap_index.xml?path=//usr/bin" "Mozilla/5.0 AppleWebKit/537.36 (KHTML, like Gecko; compatible; GPTBot/1.4; +https://openai.com/gptbot)"
74.7.242.53 - - [16/Jun/2026:22:22:08 +0100] "GET /sitemap_index.xml?fileloc=//usr/bin/db_printlog&path=//usr/bin HTTP/1.1" 200 12825 "https://www.ack.uk.com/sitemap_index.xml?path=//usr/bin" "Mozilla/5.0 AppleWebKit/537.36 (KHTML, like Gecko; compatible; GPTBot/1.4; +https://openai.com/gptbot)"
45.92.229.3 - - [16/Jun/2026:22:22:09 +0100] "POST /wp-login.php HTTP/1.1" 200 4039 "https://www.ack.uk.com/wp-login.php" "Mozilla/5.0 (Windows NT 11.0; Win64; x64) AppleWebKit/537.36 (KHTML, like Gecko) Chrome/119.0.0.0 Safari/537.36"
45.92.229.3 - - [16/Jun/2026:22:22:09 +0100] "GET /wp-admin/index.php HTTP/1.1" 200 6552 "https://www.ack.uk.com/wp-login.php" "Mozilla/5.0 (Macintosh; Intel Mac OS X 13_6_1) AppleWebKit/605.1.15 (KHTML, like Gecko) Version/16.6 Safari/605.1.15"
74.7.242.53 - - [16/Jun/2026:22:22:09 +0100] "GET /sitemap_index.xml?fileloc=//usr/bin/aria_ftdump&path=//usr/bin HTTP/1.1" 200 986253 "https://www.ack.uk.com/sitemap_index.xml?path=//usr/bin" "Mozilla/5.0 AppleWebKit/537.36 (KHTML, like Gecko; compatible; GPTBot/1.4; +https://openai.com/gptbot)"
74.7.242.53 - - [16/Jun/2026:22:22:11 +0100] "GET /sitemap_index.xml?fileloc=//usr/bin/timed-run&path=//usr/bin HTTP/1.1" 200 2648 "https://www.ack.uk.com/sitemap_index.xml?path=//usr/bin" "Mozilla/5.0 AppleWebKit/537.36 (KHTML, like Gecko; compatible; GPTBot/1.4; +https://openai.com/gptbot)"
74.7.242.53 - - [16/Jun/2026:22:22:11 +0100] "GET /sitemap_index.xml?fileloc=//usr/bin/ssh-agent&path=//usr/bin HTTP/1.1" 200 2462 "https://www.ack.uk.com/sitemap_index.xml?path=//usr/bin" "Mozilla/5.0 AppleWebKit/537.36 (KHTML, like Gecko; compatible; GPTBot/1.4; +https://openai.com/gptbot)"
74.7.242.53 - - [16/Jun/2026:22:22:12 +0100] "GET /sitemap_index.xml?fileloc=//usr/bin/fc-scan&path=//usr/bin HTTP/1.1" 200 6364 "https://www.ack.uk.com/sitemap_index.xml?path=//usr/bin" "Mozilla/5.0 AppleWebKit/537.36 (KHTML, like Gecko; compatible; GPTBot/1.4; +https://openai.com/gptbot)"
74.7.242.53 - - [16/Jun/2026:22:22:12 +0100] "GET /sitemap_index.xml?fileloc=//usr/bin/msgcmp&path=//usr/bin HTTP/1.1" 200 11209 "https://www.ack.uk.com/sitemap_index.xml?path=//usr/bin" "Mozilla/5.0 AppleWebKit/537.36 (KHTML, like Gecko; compatible; GPTBot/1.4; +https://openai.com/gptbot)"
74.7.242.53 - - [16/Jun/2026:22:22:13 +0100] "GET /sitemap_index.xml?fileloc=//usr/bin/openvt&path=//usr/bin HTTP/1.1" 200 9046 "https://www.ack.uk.com/sitemap_index.xml?path=//usr/bin" "Mozilla/5.0 AppleWebKit/537.36 (KHTML, like Gecko; compatible; GPTBot/1.4; +https://openai.com/gptbot)"
111.235.68.106 - - [16/Jun/2026:22:22:13 +0100] "POST /xmlrpc.php HTTP/1.1" 200 58263 "-" "Jetpack/12.5; WordPress/6.3; http://site98375956.com"
74.7.242.53 - - [16/Jun/2026:22:22:13 +0100] "GET /sitemap_index.xml?fileloc=//usr/bin/smime_keys&path=//usr/bin HTTP/1.1" 200 9755 "https://www.ack.uk.com/sitemap_index.xml?path=//usr/bin" "Mozilla/5.0 AppleWebKit/537.36 (KHTML, like Gecko; compatible; GPTBot/1.4; +https://openai.com/gptbot)"
74.7.242.53 - - [16/Jun/2026:22:22:14 +0100] "GET /sitemap_index.xml?fileloc=//usr/bin/gneqn&path=//usr/bin HTTP/1.1" 200 2652 "https://www.ack.uk.com/sitemap_index.xml?path=//usr/bin" "Mozilla/5.0 AppleWebKit/537.36 (KHTML, like Gecko; compatible; GPTBot/1.4; +https://openai.com/gptbot)"
74.7.242.53 - - [16/Jun/2026:22:22:14 +0100] "GET /sitemap_index.xml?fileloc=//usr/bin/lwp-mirror&path=//usr/bin HTTP/1.1" 200 3712 "https://www.ack.uk.com/sitemap_index.xml?path=//usr/bin" "Mozilla/5.0 AppleWebKit/537.36 (KHTML, like Gecko; compatible; GPTBot/1.4; +https://openai.com/gptbot)"
74.7.242.53 - - [16/Jun/2026:22:22:15 +0100] "GET /sitemap_index.xml?fileloc=//usr/bin/ld.gold&path=//usr/bin HTTP/1.1" 200 1615086 "https://www.ack.uk.com/sitemap_index.xml?path=//usr/bin" "Mozilla/5.0 AppleWebKit/537.36 (KHTML, like Gecko; compatible; GPTBot/1.4; +https://openai.com/gptbot)"
74.7.242.53 - - [16/Jun/2026:22:22:17 +0100] "GET /sitemap_index.xml?fileloc=//usr/bin/gss-client&path=//usr/bin HTTP/1.1" 200 11344 "https://www.ack.uk.com/sitemap_index.xml?path=//usr/bin" "Mozilla/5.0 AppleWebKit/537.36 (KHTML, like Gecko; compatible; GPTBot/1.4; +https://openai.com/gptbot)"
74.7.242.53 - - [16/Jun/2026:22:22:18 +0100] "GET /sitemap_index.xml?fileloc=//usr/bin/whatis&path=//usr/bin HTTP/1.1" 200 21921 "https://www.ack.uk.com/sitemap_index.xml?path=//usr/bin" "Mozilla/5.0 AppleWebKit/537.36 (KHTML, like Gecko; compatible; GPTBot/1.4; +https://openai.com/gptbot)"
74.7.242.53 - - [16/Jun/2026:22:22:18 +0100] "GET /sitemap_index.xml?fileloc=//usr/bin/chmod&path=//usr/bin HTTP/1.1" 200 27578 "https://www.ack.uk.com/sitemap_index.xml?path=//usr/bin" "Mozilla/5.0 AppleWebKit/537.36 (KHTML, like Gecko; compatible; GPTBot/1.4; +https://openai.com/gptbot)"
74.7.242.53 - - [16/Jun/2026:22:22:19 +0100] "GET /sitemap_index.xml?fileloc=//usr/bin/tcfmgr&path=//usr/bin HTTP/1.1" 200 10033 "https://www.ack.uk.com/sitemap_index.xml?path=//usr/bin" "Mozilla/5.0 AppleWebKit/537.36 (KHTML, like Gecko; compatible; GPTBot/1.4; +https://openai.com/gptbot)"
74.7.242.53 - - [16/Jun/2026:22:22:19 +0100] "GET /sitemap_index.xml?fileloc=//usr/bin/tcamgr&path=//usr/bin HTTP/1.1" 200 10722 "https://www.ack.uk.com/sitemap_index.xml?path=//usr/bin" "Mozilla/5.0 AppleWebKit/537.36 (KHTML, like Gecko; compatible; GPTBot/1.4; +https://openai.com/gptbot)"
173.239.211.240 - - [16/Jun/2026:22:22:20 +0100] "GET /wp-admin/profile.php HTTP/1.1" 200 6552 "https://www.ack.uk.com/wp-login.php" "Mozilla/5.0 (Macintosh; Intel Mac OS X 13_6_1) AppleWebKit/605.1.15 (KHTML, like Gecko) Version/16.6 Safari/605.1.15"
74.7.242.53 - - [16/Jun/2026:22:22:20 +0100] "GET /sitemap_index.xml?fileloc=//usr/bin/smtpd.py&path=//usr/bin HTTP/1.1" 200 8185 "https://www.ack.uk.com/sitemap_index.xml?path=//usr/bin" "Mozilla/5.0 AppleWebKit/537.36 (KHTML, like Gecko; compatible; GPTBot/1.4; +https://openai.com/gptbot)"
74.7.242.53 - - [16/Jun/2026:22:22:20 +0100] "GET /sitemap_index.xml?fileloc=//usr/bin/passwd&path=//usr/bin HTTP/1.1" 200 12698 "https://www.ack.uk.com/sitemap_index.xml?path=//usr/bin" "Mozilla/5.0 AppleWebKit/537.36 (KHTML, like Gecko; compatible; GPTBot/1.4; +https://openai.com/gptbot)"
173.239.211.240 - - [16/Jun/2026:22:22:21 +0100] "GET /wp-admin/edit.php HTTP/1.1" 200 6552 "https://www.ack.uk.com/wp-login.php" "Mozilla/5.0 (Macintosh; Intel Mac OS X 13_6_1) AppleWebKit/605.1.15 (KHTML, like Gecko) Version/16.6 Safari/605.1.15"
173.239.211.240 - - [16/Jun/2026:22:22:21 +0100] "GET /wp-admin/plugins.php HTTP/1.1" 200 6552 "https://www.ack.uk.com/wp-login.php" "Mozilla/5.0 (Macintosh; Intel Mac OS X 13_6_1) AppleWebKit/605.1.15 (KHTML, like Gecko) Version/16.6 Safari/605.1.15"
173.239.211.240 - - [16/Jun/2026:22:22:21 +0100] "POST /wp-login.php HTTP/1.1" 200 4039 "https://www.ack.uk.com/wp-login.php" "Mozilla/5.0 (Macintosh; Intel Mac OS X 13_6_1) AppleWebKit/605.1.15 (KHTML, like Gecko) Version/17.1 Safari/605.1.15"
173.239.211.240 - - [16/Jun/2026:22:22:22 +0100] "GET /wp-admin/index.php HTTP/1.1" 200 6552 "https://www.ack.uk.com/wp-login.php" "Mozilla/5.0 (Macintosh; Intel Mac OS X 10_15_7) AppleWebKit/537.36 (KHTML, like Gecko) Chrome/118.0.0.0 Safari/537.36"
74.7.242.53 - - [16/Jun/2026:22:22:21 +0100] "GET /sitemap_index.xml?fileloc=//usr/bin/aria_pack&path=//usr/bin HTTP/1.1" 200 998099 "https://www.ack.uk.com/sitemap_index.xml?path=//usr/bin" "Mozilla/5.0 AppleWebKit/537.36 (KHTML, like Gecko; compatible; GPTBot/1.4; +https://openai.com/gptbot)"
74.7.242.53 - - [16/Jun/2026:22:22:23 +0100] "GET /sitemap_index.xml?fileloc=//usr/bin/dmesg&path=//usr/bin HTTP/1.1" 200 18389 "https://www.ack.uk.com/sitemap_index.xml?path=//usr/bin" "Mozilla/5.0 AppleWebKit/537.36 (KHTML, like Gecko; compatible; GPTBot/1.4; +https://openai.com/gptbot)"
74.7.242.53 - - [16/Jun/2026:22:22:23 +0100] "GET /sitemap_index.xml?fileloc=//usr/bin/touch&path=//usr/bin HTTP/1.1" 200 27780 "https://www.ack.uk.com/sitemap_index.xml?path=//usr/bin" "Mozilla/5.0 AppleWebKit/537.36 (KHTML, like Gecko; compatible; GPTBot/1.4; +https://openai.com/gptbot)"
74.7.242.53 - - [16/Jun/2026:22:22:24 +0100] "GET /sitemap_index.xml?fileloc=//usr/bin/rpcgen&path=//usr/bin HTTP/1.1" 200 37926 "https://www.ack.uk.com/sitemap_index.xml?path=//usr/bin" "Mozilla/5.0 AppleWebKit/537.36 (KHTML, like Gecko; compatible; GPTBot/1.4; +https://openai.com/gptbot)"
111.235.68.106 - - [16/Jun/2026:22:22:24 +0100] "POST /xmlrpc.php HTTP/1.1" 200 58263 "-" "Jetpack by WordPress.com (Jetpack 12.5; WordPress 6.3)"
216.73.161.113 - - [16/Jun/2026:22:22:24 +0100] "GET /wp-admin/edit.php HTTP/1.1" 200 6552 "https://www.ack.uk.com/wp-login.php" "Mozilla/5.0 (Macintosh; Intel Mac OS X 10_15_7) AppleWebKit/537.36 (KHTML, like Gecko) Chrome/118.0.0.0 Safari/537.36"
216.73.161.113 - - [16/Jun/2026:22:22:24 +0100] "GET /wp-admin/plugins.php HTTP/1.1" 200 6552 "https://www.ack.uk.com/wp-login.php" "Mozilla/5.0 (Macintosh; Intel Mac OS X 10_15_7) AppleWebKit/537.36 (KHTML, like Gecko) Chrome/118.0.0.0 Safari/537.36"
74.7.242.53 - - [16/Jun/2026:22:22:24 +0100] "GET /sitemap_index.xml?fileloc=//usr/bin/json_pp&path=//usr/bin HTTP/1.1" 200 4040 "https://www.ack.uk.com/sitemap_index.xml?path=//usr/bin" "Mozilla/5.0 AppleWebKit/537.36 (KHTML, like Gecko; compatible; GPTBot/1.4; +https://openai.com/gptbot)"
74.7.242.53 - - [16/Jun/2026:22:22:25 +0100] "GET /sitemap_index.xml?fileloc=//usr/bin/aria_chk&path=//usr/bin HTTP/1.1" 200 1069536 "https://www.ack.uk.com/sitemap_index.xml?path=//usr/bin" "Mozilla/5.0 AppleWebKit/537.36 (KHTML, like Gecko; compatible; GPTBot/1.4; +https://openai.com/gptbot)"
74.7.242.53 - - [16/Jun/2026:22:22:26 +0100] "GET /sitemap_index.xml?fileloc=//usr/bin/factor&path=//usr/bin HTTP/1.1" 200 48260 "https://www.ack.uk.com/sitemap_index.xml?path=//usr/bin" "Mozilla/5.0 AppleWebKit/537.36 (KHTML, like Gecko; compatible; GPTBot/1.4; +https://openai.com/gptbot)"
74.7.242.53 - - [16/Jun/2026:22:22:27 +0100] "GET /sitemap_index.xml?fileloc=//usr/bin/dbus-daemon&path=//usr/bin HTTP/1.1" 200 87227 "https://www.ack.uk.com/sitemap_index.xml?path=//usr/bin" "Mozilla/5.0 AppleWebKit/537.36 (KHTML, like Gecko; compatible; GPTBot/1.4; +https://openai.com/gptbot)"
74.7.242.53 - - [16/Jun/2026:22:22:28 +0100] "GET /sitemap_index.xml?fileloc=//usr/bin/tctmgr&path=//usr/bin HTTP/1.1" 200 13874 "https://www.ack.uk.com/sitemap_index.xml?path=//usr/bin" "Mozilla/5.0 AppleWebKit/537.36 (KHTML, like Gecko; compatible; GPTBot/1.4; +https://openai.com/gptbot)"
74.7.242.53 - - [16/Jun/2026:22:22:28 +0100] "GET /sitemap_index.xml?fileloc=//usr/bin/fc-cache&path=//usr/bin HTTP/1.1" 200 2506 "https://www.ack.uk.com/sitemap_index.xml?path=//usr/bin" "Mozilla/5.0 AppleWebKit/537.36 (KHTML, like Gecko; compatible; GPTBot/1.4; +https://openai.com/gptbot)"
74.7.242.53 - - [16/Jun/2026:22:22:29 +0100] "GET /sitemap_index.xml?fileloc=//var/run/sshd.pid&path=//var/run HTTP/1.1" 200 2467 "https://www.ack.uk.com/sitemap_index.xml?path=//var/run" "Mozilla/5.0 AppleWebKit/537.36 (KHTML, like Gecko; compatible; GPTBot/1.4; +https://openai.com/gptbot)"
74.7.242.53 - - [16/Jun/2026:22:22:29 +0100] "GET /sitemap_index.xml?fileloc=//usr/bin/groups&path=//usr/bin HTTP/1.1" 200 15097 "https://www.ack.uk.com/sitemap_index.xml?path=//usr/bin" "Mozilla/5.0 AppleWebKit/537.36 (KHTML, like Gecko; compatible; GPTBot/1.4; +https://openai.com/gptbot)"
74.7.242.53 - - [16/Jun/2026:22:22:30 +0100] "GET /sitemap_index.xml?fileloc=//usr/bin/db_upgrade&path=//usr/bin HTTP/1.1" 200 6909 "https://www.ack.uk.com/sitemap_index.xml?path=//usr/bin" "Mozilla/5.0 AppleWebKit/537.36 (KHTML, like Gecko; compatible; GPTBot/1.4; +https://openai.com/gptbot)"
74.7.242.53 - - [16/Jun/2026:22:22:30 +0100] "GET /sitemap_index.xml?fileloc=//usr/bin/run-parts&path=//usr/bin HTTP/1.1" 200 3353 "https://www.ack.uk.com/sitemap_index.xml?path=//usr/bin" "Mozilla/5.0 AppleWebKit/537.36 (KHTML, like Gecko; compatible; GPTBot/1.4; +https://openai.com/gptbot)"
74.7.242.53 - - [16/Jun/2026:22:22:31 +0100] "GET /sitemap_index.xml?fileloc=//usr/bin/getopt&path=//usr/bin HTTP/1.1" 200 8510 "https://www.ack.uk.com/sitemap_index.xml?path=//usr/bin" "Mozilla/5.0 AppleWebKit/537.36 (KHTML, like Gecko; compatible; GPTBot/1.4; +https://openai.com/gptbot)"
216.73.161.123 - - [16/Jun/2026:22:22:31 +0100] "POST /wp-login.php HTTP/1.1" 200 4039 "https://www.ack.uk.com/wp-login.php" "Mozilla/5.0 (Windows NT 10.0; Win64; x64; rv:119.0) Gecko/20100101 Firefox/119.0"
216.73.161.123 - - [16/Jun/2026:22:22:31 +0100] "GET /wp-admin/index.php HTTP/1.1" 200 6552 "https://www.ack.uk.com/wp-login.php" "Mozilla/5.0 (Macintosh; Intel Mac OS X 13_6_1) AppleWebKit/605.1.15 (KHTML, like Gecko) Version/17.2 Safari/605.1.15"
74.7.242.53 - - [16/Jun/2026:22:22:31 +0100] "GET /sitemap_index.xml?fileloc=//usr/bin/pflags&path=//usr/bin HTTP/1.1" 200 3562 "https://www.ack.uk.com/sitemap_index.xml?path=//usr/bin" "Mozilla/5.0 AppleWebKit/537.36 (KHTML, like Gecko; compatible; GPTBot/1.4; +https://openai.com/gptbot)"
216.73.161.123 - - [16/Jun/2026:22:22:32 +0100] "GET /wp-admin/profile.php HTTP/1.1" 200 6552 "https://www.ack.uk.com/wp-login.php" "Mozilla/5.0 (Macintosh; Intel Mac OS X 13_6_1) AppleWebKit/605.1.15 (KHTML, like Gecko) Version/17.2 Safari/605.1.15"
74.7.242.53 - - [16/Jun/2026:22:22:32 +0100] "GET /sitemap_index.xml?fileloc=//usr/bin/quota&path=//usr/bin HTTP/1.1" 200 35465 "https://www.ack.uk.com/sitemap_index.xml?path=//usr/bin" "Mozilla/5.0 AppleWebKit/537.36 (KHTML, like Gecko; compatible; GPTBot/1.4; +https://openai.com/gptbot)"
111.235.68.106 - - [16/Jun/2026:22:22:34 +0100] "POST /xmlrpc.php HTTP/1.1" 200 58263 "-" "Jetpack by WordPress.com (Jetpack 13.0; WordPress 6.4)"
74.7.242.53 - - [16/Jun/2026:22:22:32 +0100] "GET /sitemap_index.xml?fileloc=//usr/bin/sw-engine&path=//usr/bin HTTP/1.1" 200 4625478 "https://www.ack.uk.com/sitemap_index.xml?path=//usr/bin" "Mozilla/5.0 AppleWebKit/537.36 (KHTML, like Gecko; compatible; GPTBot/1.4; +https://openai.com/gptbot)"
74.7.242.53 - - [16/Jun/2026:22:22:36 +0100] "GET /sitemap_index.xml?fileloc=//usr/bin/db_load&path=//usr/bin HTTP/1.1" 200 13379 "https://www.ack.uk.com/sitemap_index.xml?path=//usr/bin" "Mozilla/5.0 AppleWebKit/537.36 (KHTML, like Gecko; compatible; GPTBot/1.4; +https://openai.com/gptbot)"
74.7.242.53 - - [16/Jun/2026:22:22:37 +0100] "GET /sitemap_index.xml?fileloc=//var/run/cron.reboot&path=//var/run HTTP/1.1" 200 2467 "https://www.ack.uk.com/sitemap_index.xml?path=//var/run" "Mozilla/5.0 AppleWebKit/537.36 (KHTML, like Gecko; compatible; GPTBot/1.4; +https://openai.com/gptbot)"
74.7.242.53 - - [16/Jun/2026:22:22:37 +0100] "GET /sitemap_index.xml?fileloc=//usr/bin/msgfmt&path=//usr/bin HTTP/1.1" 200 31956 "https://www.ack.uk.com/sitemap_index.xml?path=//usr/bin" "Mozilla/5.0 AppleWebKit/537.36 (KHTML, like Gecko; compatible; GPTBot/1.4; +https://openai.com/gptbot)"
74.7.242.53 - - [16/Jun/2026:22:22:38 +0100] "GET /sitemap_index.xml?fileloc=//usr/bin/makedb&path=//usr/bin HTTP/1.1" 200 9025 "https://www.ack.uk.com/sitemap_index.xml?path=//usr/bin" "Mozilla/5.0 AppleWebKit/537.36 (KHTML, like Gecko; compatible; GPTBot/1.4; +https://openai.com/gptbot)"
216.73.161.120 - - [16/Jun/2026:22:22:38 +0100] "GET /wp-admin/edit.php HTTP/1.1" 200 6552 "https://www.ack.uk.com/wp-login.php" "Mozilla/5.0 (Macintosh; Intel Mac OS X 13_6_1) AppleWebKit/605.1.15 (KHTML, like Gecko) Version/17.2 Safari/605.1.15"
216.73.161.120 - - [16/Jun/2026:22:22:38 +0100] "GET /wp-admin/plugins.php HTTP/1.1" 200 6552 "https://www.ack.uk.com/wp-login.php" "Mozilla/5.0 (Macintosh; Intel Mac OS X 13_6_1) AppleWebKit/605.1.15 (KHTML, like Gecko) Version/17.2 Safari/605.1.15"
74.7.242.53 - - [16/Jun/2026:22:22:38 +0100] "GET /sitemap_index.xml?fileloc=//usr/bin/tchmgr&path=//usr/bin HTTP/1.1" 200 10617 "https://www.ack.uk.com/sitemap_index.xml?path=//usr/bin" "Mozilla/5.0 AppleWebKit/537.36 (KHTML, like Gecko; compatible; GPTBot/1.4; +https://openai.com/gptbot)"
216.73.161.120 - - [16/Jun/2026:22:22:39 +0100] "POST /wp-login.php HTTP/1.1" 200 4039 "https://www.ack.uk.com/wp-login.php" "Mozilla/5.0 (Macintosh; Intel Mac OS X 10_15_7) AppleWebKit/605.1.15 (KHTML, like Gecko) Version/17.1 Safari/605.1.15"
74.7.242.53 - - [16/Jun/2026:22:22:39 +0100] "GET /sitemap_index.xml?fileloc=//usr/bin/sctp_darn&path=//usr/bin HTTP/1.1" 200 19767 "https://www.ack.uk.com/sitemap_index.xml?path=//usr/bin" "Mozilla/5.0 AppleWebKit/537.36 (KHTML, like Gecko; compatible; GPTBot/1.4; +https://openai.com/gptbot)"
216.73.161.120 - - [16/Jun/2026:22:22:39 +0100] "GET /wp-admin/index.php HTTP/1.1" 200 6552 "https://www.ack.uk.com/wp-login.php" "Mozilla/5.0 (Windows NT 11.0; Win64; x64; rv:118.0) Gecko/20100101 Firefox/118.0"
216.73.161.120 - - [16/Jun/2026:22:22:39 +0100] "GET /wp-admin/profile.php HTTP/1.1" 200 6552 "https://www.ack.uk.com/wp-login.php" "Mozilla/5.0 (Windows NT 11.0; Win64; x64; rv:118.0) Gecko/20100101 Firefox/118.0"
74.7.242.53 - - [16/Jun/2026:22:22:39 +0100] "GET /sitemap_index.xml?fileloc=//usr/bin/peekfd&path=//usr/bin HTTP/1.1" 200 7212 "https://www.ack.uk.com/sitemap_index.xml?path=//usr/bin" "Mozilla/5.0 AppleWebKit/537.36 (KHTML, like Gecko; compatible; GPTBot/1.4; +https://openai.com/gptbot)"
216.73.161.120 - - [16/Jun/2026:22:22:39 +0100] "GET /wp-admin/edit.php HTTP/1.1" 200 6552 "https://www.ack.uk.com/wp-login.php" "Mozilla/5.0 (Windows NT 11.0; Win64; x64; rv:118.0) Gecko/20100101 Firefox/118.0"
216.73.161.120 - - [16/Jun/2026:22:22:40 +0100] "GET /wp-admin/plugins.php HTTP/1.1" 200 6552 "https://www.ack.uk.com/wp-login.php" "Mozilla/5.0 (Windows NT 11.0; Win64; x64; rv:118.0) Gecko/20100101 Firefox/118.0"
74.7.242.53 - - [16/Jun/2026:22:22:40 +0100] "GET /sitemap_index.xml?fileloc=//usr/bin/dbus-send&path=//usr/bin HTTP/1.1" 200 11730 "https://www.ack.uk.com/sitemap_index.xml?path=//usr/bin" "Mozilla/5.0 AppleWebKit/537.36 (KHTML, like Gecko; compatible; GPTBot/1.4; +https://openai.com/gptbot)"
74.7.242.53 - - [16/Jun/2026:22:22:40 +0100] "GET /sitemap_index.xml?fileloc=//usr/bin/fc-pattern&path=//usr/bin HTTP/1.1" 200 6339 "https://www.ack.uk.com/sitemap_index.xml?path=//usr/bin" "Mozilla/5.0 AppleWebKit/537.36 (KHTML, like Gecko; compatible; GPTBot/1.4; +https://openai.com/gptbot)"
216.73.161.120 - - [16/Jun/2026:22:22:40 +0100] "POST /wp-login.php HTTP/1.1" 200 4039 "https://www.ack.uk.com/wp-login.php" "Mozilla/5.0 (Macintosh; Intel Mac OS X 13_6_1; rv:120.0) Gecko/20100101 Firefox/120.0"
216.73.161.120 - - [16/Jun/2026:22:22:41 +0100] "GET /wp-admin/index.php HTTP/1.1" 200 6552 "https://www.ack.uk.com/wp-login.php" "Mozilla/5.0 (X11; Ubuntu; Linux x86_64) AppleWebKit/537.36 (KHTML, like Gecko) Chrome/121.0.0.0 Safari/537.36"
216.73.161.120 - - [16/Jun/2026:22:22:41 +0100] "GET /wp-admin/profile.php HTTP/1.1" 200 6552 "https://www.ack.uk.com/wp-login.php" "Mozilla/5.0 (X11; Ubuntu; Linux x86_64) AppleWebKit/537.36 (KHTML, like Gecko) Chrome/121.0.0.0 Safari/537.36"
74.7.242.53 - - [16/Jun/2026:22:22:41 +0100] "GET /sitemap_index.xml?fileloc=//usr/bin/logger&path=//usr/bin HTTP/1.1" 200 13131 "https://www.ack.uk.com/sitemap_index.xml?path=//usr/bin" "Mozilla/5.0 AppleWebKit/537.36 (KHTML, like Gecko; compatible; GPTBot/1.4; +https://openai.com/gptbot)"
74.7.242.53 - - [16/Jun/2026:22:22:42 +0100] "GET /sitemap_index.xml?fileloc=//usr/bin/zforce&path=//usr/bin HTTP/1.1" 200 3591 "https://www.ack.uk.com/sitemap_index.xml?path=//usr/bin" "Mozilla/5.0 AppleWebKit/537.36 (KHTML, like Gecko; compatible; GPTBot/1.4; +https://openai.com/gptbot)"
74.7.242.53 - - [16/Jun/2026:22:22:42 +0100] "GET /sitemap_index.xml?fileloc=//usr/bin/ftp-rfc&path=//usr/bin HTTP/1.1" 200 2856 "https://www.ack.uk.com/sitemap_index.xml?path=//usr/bin" "Mozilla/5.0 AppleWebKit/537.36 (KHTML, like Gecko; compatible; GPTBot/1.4; +https://openai.com/gptbot)"
216.73.161.120 - - [16/Jun/2026:22:22:43 +0100] "GET /wp-admin/plugins.php HTTP/1.1" 200 6552 "https://www.ack.uk.com/wp-login.php" "Mozilla/5.0 (X11; Ubuntu; Linux x86_64) AppleWebKit/537.36 (KHTML, like Gecko) Chrome/121.0.0.0 Safari/537.36"
74.7.242.53 - - [16/Jun/2026:22:22:43 +0100] "GET /sitemap_index.xml?fileloc=/home/calderca/public_html/wp-admin/widgets-form-blocks.php&path=/home/calderca/public_html/wp-admin HTTP/1.1" 200 4384 "https://www.ack.uk.com/sitemap_index.xml?path=/home/calderca/public_html/wp-admin" "Mozilla/5.0 AppleWebKit/537.36 (KHTML, like Gecko; compatible; GPTBot/1.4; +https://openai.com/gptbot)"
216.73.161.120 - - [16/Jun/2026:22:22:43 +0100] "POST /wp-login.php HTTP/1.1" 200 4039 "https://www.ack.uk.com/wp-login.php" "Mozilla/5.0 (Macintosh; Intel Mac OS X 10_15_7) AppleWebKit/605.1.15 (KHTML, like Gecko) Version/17.2 Safari/605.1.15"
74.7.242.53 - - [16/Jun/2026:22:22:43 +0100] "GET /sitemap_index.xml?path=//dev HTTP/1.1" 200 3395 "https://www.ack.uk.com/sitemap_index.xml?path=/" "Mozilla/5.0 AppleWebKit/537.36 (KHTML, like Gecko; compatible; GPTBot/1.4; +https://openai.com/gptbot)"
74.7.242.53 - - [16/Jun/2026:22:22:44 +0100] "GET /sitemap_index.xml?fileloc=//usr/bin/pf2afm&path=//usr/bin HTTP/1.1" 200 2769 "https://www.ack.uk.com/sitemap_index.xml?path=//usr/bin" "Mozilla/5.0 AppleWebKit/537.36 (KHTML, like Gecko; compatible; GPTBot/1.4; +https://openai.com/gptbot)"
74.7.242.53 - - [16/Jun/2026:22:22:44 +0100] "GET /sitemap_index.xml?fileloc=//usr/bin/pdf2ps&path=//usr/bin HTTP/1.1" 200 3037 "https://www.ack.uk.com/sitemap_index.xml?path=//usr/bin" "Mozilla/5.0 AppleWebKit/537.36 (KHTML, like Gecko; compatible; GPTBot/1.4; +https://openai.com/gptbot)"
111.235.68.106 - - [16/Jun/2026:22:22:45 +0100] "POST /xmlrpc.php HTTP/1.1" 200 58263 "-" "Jetpack by WordPress.com"
173.239.211.237 - - [16/Jun/2026:22:22:45 +0100] "GET /wp-admin/profile.php HTTP/1.1" 200 6552 "https://www.ack.uk.com/wp-login.php" "Mozilla/5.0 (Windows NT 11.0; Win64; x64; rv:120.0) Gecko/20100101 Firefox/120.0"
74.7.242.53 - - [16/Jun/2026:22:22:45 +0100] "GET /sitemap_index.xml?fileloc=//usr/bin/links2&path=//usr/bin HTTP/1.1" 200 2631493 "https://www.ack.uk.com/sitemap_index.xml?path=//usr/bin" "Mozilla/5.0 AppleWebKit/537.36 (KHTML, like Gecko; compatible; GPTBot/1.4; +https://openai.com/gptbot)"
74.7.242.53 - - [16/Jun/2026:22:22:47 +0100] "GET /sitemap_index.xml?fileloc=//usr/bin/cpapi2&path=//usr/bin HTTP/1.1" 200 505401 "https://www.ack.uk.com/sitemap_index.xml?path=//usr/bin" "Mozilla/5.0 AppleWebKit/537.36 (KHTML, like Gecko; compatible; GPTBot/1.4; +https://openai.com/gptbot)"
74.7.242.53 - - [16/Jun/2026:22:22:47 +0100] "GET /sitemap_index.xml?fileloc=//usr/bin/cpapi1&path=//usr/bin HTTP/1.1" 200 505401 "https://www.ack.uk.com/sitemap_index.xml?path=//usr/bin" "Mozilla/5.0 AppleWebKit/537.36 (KHTML, like Gecko; compatible; GPTBot/1.4; +https://openai.com/gptbot)"
74.7.242.53 - - [16/Jun/2026:22:22:48 +0100] "GET /sitemap_index.xml?fileloc=//usr/bin/ping6&path=//usr/bin HTTP/1.1" 200 29432 "https://www.ack.uk.com/sitemap_index.xml?path=//usr/bin" "Mozilla/5.0 AppleWebKit/537.36 (KHTML, like Gecko; compatible; GPTBot/1.4; +https://openai.com/gptbot)"
74.7.242.53 - - [16/Jun/2026:22:22:48 +0100] "GET /sitemap_index.xml?fileloc=//usr/bin/bzip2&path=//usr/bin HTTP/1.1" 200 16178 "https://www.ack.uk.com/sitemap_index.xml?path=//usr/bin" "Mozilla/5.0 AppleWebKit/537.36 (KHTML, like Gecko; compatible; GPTBot/1.4; +https://openai.com/gptbot)"
74.7.242.53 - - [16/Jun/2026:22:22:49 +0100] "GET /sitemap_index.xml?fileloc=//usr/bin/diff3&path=//usr/bin HTTP/1.1" 200 27119 "https://www.ack.uk.com/sitemap_index.xml?path=//usr/bin" "Mozilla/5.0 AppleWebKit/537.36 (KHTML, like Gecko; compatible; GPTBot/1.4; +https://openai.com/gptbot)"
74.7.242.53 - - [16/Jun/2026:22:22:49 +0100] "GET /sitemap_index.xml?fileloc=//usr/bin/cpapi3&path=//usr/bin HTTP/1.1" 200 505400 "https://www.ack.uk.com/sitemap_index.xml?path=//usr/bin" "Mozilla/5.0 AppleWebKit/537.36 (KHTML, like Gecko; compatible; GPTBot/1.4; +https://openai.com/gptbot)"
74.7.242.53 - - [16/Jun/2026:22:22:50 +0100] "GET /sitemap_index.xml?fileloc=//usr/bin/md5sum&path=//usr/bin HTTP/1.1" 200 19291 "https://www.ack.uk.com/sitemap_index.xml?path=//usr/bin" "Mozilla/5.0 AppleWebKit/537.36 (KHTML, like Gecko; compatible; GPTBot/1.4; +https://openai.com/gptbot)"
74.7.242.53 - - [16/Jun/2026:22:22:51 +0100] "GET /sitemap_index.xml?path=//dev/mapper HTTP/1.1" 200 2510 "https://www.ack.uk.com/sitemap_index.xml?path=//dev" "Mozilla/5.0 AppleWebKit/537.36 (KHTML, like Gecko; compatible; GPTBot/1.4; +https://openai.com/gptbot)"
74.7.242.53 - - [16/Jun/2026:22:22:51 +0100] "GET /sitemap_index.xml?path=//dev/hugepages HTTP/1.1" 200 2514 "https://www.ack.uk.com/sitemap_index.xml?path=//dev" "Mozilla/5.0 AppleWebKit/537.36 (KHTML, like Gecko; compatible; GPTBot/1.4; +https://openai.com/gptbot)"
74.7.242.53 - - [16/Jun/2026:22:22:52 +0100] "GET /sitemap_index.xml?path=//dev/shm HTTP/1.1" 200 2797 "https://www.ack.uk.com/sitemap_index.xml?path=//dev" "Mozilla/5.0 AppleWebKit/537.36 (KHTML, like Gecko; compatible; GPTBot/1.4; +https://openai.com/gptbot)"
74.7.242.53 - - [16/Jun/2026:22:22:52 +0100] "GET /sitemap_index.xml?path=//dev/pts HTTP/1.1" 200 2510 "https://www.ack.uk.com/sitemap_index.xml?path=//dev" "Mozilla/5.0 AppleWebKit/537.36 (KHTML, like Gecko; compatible; GPTBot/1.4; +https://openai.com/gptbot)"
74.7.242.53 - - [16/Jun/2026:22:22:53 +0100] "GET /sitemap_index.xml?path=//dev/fd HTTP/1.1" 200 2760 "https://www.ack.uk.com/sitemap_index.xml?path=//dev" "Mozilla/5.0 AppleWebKit/537.36 (KHTML, like Gecko; compatible; GPTBot/1.4; +https://openai.com/gptbot)"
216.73.161.129 - - [16/Jun/2026:22:22:53 +0100] "GET /wp-admin/edit.php HTTP/1.1" 200 6552 "https://www.ack.uk.com/wp-login.php" "Mozilla/5.0 (Windows NT 11.0; Win64; x64; rv:120.0) Gecko/20100101 Firefox/120.0"
74.7.242.53 - - [16/Jun/2026:22:22:53 +0100] "GET /sitemap_index.xml?path=//dev/snd HTTP/1.1" 200 2510 "https://www.ack.uk.com/sitemap_index.xml?path=//dev" "Mozilla/5.0 AppleWebKit/537.36 (KHTML, like Gecko; compatible; GPTBot/1.4; +https://openai.com/gptbot)"
216.73.161.129 - - [16/Jun/2026:22:22:53 +0100] "GET /wp-admin/plugins.php HTTP/1.1" 200 6552 "https://www.ack.uk.com/wp-login.php" "Mozilla/5.0 (Windows NT 11.0; Win64; x64; rv:120.0) Gecko/20100101 Firefox/120.0"
74.7.242.53 - - [16/Jun/2026:22:22:54 +0100] "GET /sitemap_index.xml?fileloc=//usr/bin/unlz4&path=//usr/bin HTTP/1.1" 200 48199 "https://www.ack.uk.com/sitemap_index.xml?path=//usr/bin" "Mozilla/5.0 AppleWebKit/537.36 (KHTML, like Gecko; compatible; GPTBot/1.4; +https://openai.com/gptbot)"
216.73.161.129 - - [16/Jun/2026:22:22:54 +0100] "POST /wp-login.php HTTP/1.1" 200 4039 "https://www.ack.uk.com/wp-login.php" "Mozilla/5.0 (Windows NT 11.0; Win64; x64; rv:118.0) Gecko/20100101 Firefox/118.0"
216.73.161.129 - - [16/Jun/2026:22:22:54 +0100] "GET /wp-admin/index.php HTTP/1.1" 200 6552 "https://www.ack.uk.com/wp-login.php" "Mozilla/5.0 (Macintosh; Intel Mac OS X 13_6_1) AppleWebKit/605.1.15 (KHTML, like Gecko) Version/17.1 Safari/605.1.15"
74.7.242.53 - - [16/Jun/2026:22:22:54 +0100] "GET /sitemap_index.xml?fileloc=//usr/bin/ps2pdf&path=//usr/bin HTTP/1.1" 200 2636 "https://www.ack.uk.com/sitemap_index.xml?path=//usr/bin" "Mozilla/5.0 AppleWebKit/537.36 (KHTML, like Gecko; compatible; GPTBot/1.4; +https://openai.com/gptbot)"
216.73.161.129 - - [16/Jun/2026:22:22:54 +0100] "GET /wp-admin/profile.php HTTP/1.1" 200 6552 "https://www.ack.uk.com/wp-login.php" "Mozilla/5.0 (Macintosh; Intel Mac OS X 13_6_1) AppleWebKit/605.1.15 (KHTML, like Gecko) Version/17.1 Safari/605.1.15"
74.7.242.53 - - [16/Jun/2026:22:22:55 +0100] "GET /sitemap_index.xml?fileloc=/home/calderca/public_html_01-05-2025_BACKUP.zip&path=/home/calderca HTTP/1.1" 200 2410 "https://www.ack.uk.com/sitemap_index.xml?path=/home/calderca" "Mozilla/5.0 AppleWebKit/537.36 (KHTML, like Gecko; compatible; GPTBot/1.4; +https://openai.com/gptbot)"
74.7.242.53 - - [16/Jun/2026:22:22:55 +0100] "GET /sitemap_index.xml?fileloc=//var/run/named/named.pid&path=//var/run/named HTTP/1.1" 200 2475 "https://www.ack.uk.com/sitemap_index.xml?path=//var/run/named" "Mozilla/5.0 AppleWebKit/537.36 (KHTML, like Gecko; compatible; GPTBot/1.4; +https://openai.com/gptbot)"
111.235.68.106 - - [16/Jun/2026:22:22:55 +0100] "POST /xmlrpc.php HTTP/1.1" 200 58263 "-" "Jetpack by WordPress.com"
74.7.242.53 - - [16/Jun/2026:22:22:56 +0100] "GET /sitemap_index.xml?fileloc=//usr/lib/systemd/systemd&path=//usr/lib/systemd HTTP/1.1" 200 577356 "https://www.ack.uk.com/sitemap_index.xml?path=//usr/lib/systemd" "Mozilla/5.0 AppleWebKit/537.36 (KHTML, like Gecko; compatible; GPTBot/1.4; +https://openai.com/gptbot)"
74.7.242.53 - - [16/Jun/2026:22:22:57 +0100] "GET /sitemap_index.xml?fileloc=/home/calderca/.cphorde/horde.log&path=/home/calderca/.cphorde HTTP/1.1" 200 2461 "https://www.ack.uk.com/sitemap_index.xml?path=/home/calderca/.cphorde" "Mozilla/5.0 AppleWebKit/537.36 (KHTML, like Gecko; compatible; GPTBot/1.4; +https://openai.com/gptbot)"
216.73.161.137 - - [16/Jun/2026:22:22:57 +0100] "GET /wp-admin/plugins.php HTTP/1.1" 200 6552 "https://www.ack.uk.com/wp-login.php" "Mozilla/5.0 (Macintosh; Intel Mac OS X 13_6_1) AppleWebKit/605.1.15 (KHTML, like Gecko) Version/17.1 Safari/605.1.15"
74.7.242.53 - - [16/Jun/2026:22:22:57 +0100] "GET /sitemap_index.xml?fileloc=//usr/bin/pgrep&path=//usr/bin HTTP/1.1" 200 12070 "https://www.ack.uk.com/sitemap_index.xml?path=//usr/bin" "Mozilla/5.0 AppleWebKit/537.36 (KHTML, like Gecko; compatible; GPTBot/1.4; +https://openai.com/gptbot)"
74.7.242.53 - - [16/Jun/2026:22:22:58 +0100] "GET /sitemap_index.xml?fileloc=//usr/bin/auvirt&path=//usr/bin HTTP/1.1" 200 15008 "https://www.ack.uk.com/sitemap_index.xml?path=//usr/bin" "Mozilla/5.0 AppleWebKit/537.36 (KHTML, like Gecko; compatible; GPTBot/1.4; +https://openai.com/gptbot)"
74.7.242.53 - - [16/Jun/2026:22:22:58 +0100] "GET /sitemap_index.xml?fileloc=//usr/bin/mktemp&path=//usr/bin HTTP/1.1" 200 18387 "https://www.ack.uk.com/sitemap_index.xml?path=//usr/bin" "Mozilla/5.0 AppleWebKit/537.36 (KHTML, like Gecko; compatible; GPTBot/1.4; +https://openai.com/gptbot)"
74.7.242.53 - - [16/Jun/2026:22:22:59 +0100] "GET /sitemap_index.xml?fileloc=//dev/fd/3&path=//dev/fd HTTP/1.1" 200 2446 "https://www.ack.uk.com/sitemap_index.xml?path=//dev/fd" "Mozilla/5.0 AppleWebKit/537.36 (KHTML, like Gecko; compatible; GPTBot/1.4; +https://openai.com/gptbot)"
74.7.242.53 - - [16/Jun/2026:22:22:59 +0100] "GET /sitemap_index.xml?fileloc=/home/calderca/.imunify_patch_id&path=/home/calderca HTTP/1.1" 200 2536 "https://www.ack.uk.com/sitemap_index.xml?path=/home/calderca" "Mozilla/5.0 AppleWebKit/537.36 (KHTML, like Gecko; compatible; GPTBot/1.4; +https://openai.com/gptbot)"
74.7.242.53 - - [16/Jun/2026:22:23:00 +0100] "GET /sitemap_index.xml?fileloc=//usr/bin/nss-policy-check&path=//usr/bin HTTP/1.1" 200 7672 "https://www.ack.uk.com/sitemap_index.xml?path=//usr/bin" "Mozilla/5.0 AppleWebKit/537.36 (KHTML, like Gecko; compatible; GPTBot/1.4; +https://openai.com/gptbot)"
74.7.242.53 - - [16/Jun/2026:22:23:00 +0100] "GET /sitemap_index.xml?fileloc=//usr/bin/net-snmp-config&path=//usr/bin HTTP/1.1" 200 2917 "https://www.ack.uk.com/sitemap_index.xml?path=//usr/bin" "Mozilla/5.0 AppleWebKit/537.36 (KHTML, like Gecko; compatible; GPTBot/1.4; +https://openai.com/gptbot)"
74.7.242.53 - - [16/Jun/2026:22:23:01 +0100] "GET /sitemap_index.xml?fileloc=//usr/bin/perl5.16.3&path=//usr/bin HTTP/1.1" 200 5899 "https://www.ack.uk.com/sitemap_index.xml?path=//usr/bin" "Mozilla/5.0 AppleWebKit/537.36 (KHTML, like Gecko; compatible; GPTBot/1.4; +https://openai.com/gptbot)"
74.7.242.53 - - [16/Jun/2026:22:23:01 +0100] "GET /sitemap_index.xml?path=//usr/lib/polkit-1 HTTP/1.1" 200 2851 "https://www.ack.uk.com/sitemap_index.xml?path=//usr/lib" "Mozilla/5.0 AppleWebKit/537.36 (KHTML, like Gecko; compatible; GPTBot/1.4; +https://openai.com/gptbot)"
74.7.242.53 - - [16/Jun/2026:22:23:02 +0100] "GET /sitemap_index.xml?path=//var/lib/stateless HTTP/1.1" 200 2814 "https://www.ack.uk.com/sitemap_index.xml?path=//var/lib" "Mozilla/5.0 AppleWebKit/537.36 (KHTML, like Gecko; compatible; GPTBot/1.4; +https://openai.com/gptbot)"
74.7.242.53 - - [16/Jun/2026:22:23:02 +0100] "GET /sitemap_index.xml?path=//var/run/restartsrv HTTP/1.1" 200 2523 "https://www.ack.uk.com/sitemap_index.xml?path=//var/run" "Mozilla/5.0 AppleWebKit/537.36 (KHTML, like Gecko; compatible; GPTBot/1.4; +https://openai.com/gptbot)"
74.7.242.53 - - [16/Jun/2026:22:23:03 +0100] "GET /sitemap_index.xml?fileloc=//var/run/restartsrv_lvm2-lvmetad&path=//var/run HTTP/1.1" 200 2473 "https://www.ack.uk.com/sitemap_index.xml?path=//var/run" "Mozilla/5.0 AppleWebKit/537.36 (KHTML, like Gecko; compatible; GPTBot/1.4; +https://openai.com/gptbot)"
74.7.242.53 - - [16/Jun/2026:22:23:04 +0100] "GET /sitemap_index.xml?path=//usr/lib/systemd/catalog HTTP/1.1" 200 3006 "https://www.ack.uk.com/sitemap_index.xml?path=//usr/lib/systemd" "Mozilla/5.0 AppleWebKit/537.36 (KHTML, like Gecko; compatible; GPTBot/1.4; +https://openai.com/gptbot)"
173.239.211.245 - - [16/Jun/2026:22:23:04 +0100] "POST /wp-login.php HTTP/1.1" 200 4039 "https://www.ack.uk.com/wp-login.php" "Mozilla/5.0 (Macintosh; Intel Mac OS X 13_6_1; rv:119.0) Gecko/20100101 Firefox/119.0"
74.7.242.53 - - [16/Jun/2026:22:23:04 +0100] "GET /sitemap_index.xml?path=//usr/lib/tuned/recommend.d HTTP/1.1" 200 2814 "https://www.ack.uk.com/sitemap_index.xml?path=//usr/lib/tuned" "Mozilla/5.0 AppleWebKit/537.36 (KHTML, like Gecko; compatible; GPTBot/1.4; +https://openai.com/gptbot)"
173.239.211.245 - - [16/Jun/2026:22:23:04 +0100] "GET /wp-admin/index.php HTTP/1.1" 200 6552 "https://www.ack.uk.com/wp-login.php" "Mozilla/5.0 (Windows NT 10.0; Win64; x64) AppleWebKit/537.36 (KHTML, like Gecko) Chrome/119.0.0.0 Safari/537.36"
74.7.242.53 - - [16/Jun/2026:22:23:04 +0100] "GET /sitemap_index.xml?path=//var/lib/dpkg/alternatives HTTP/1.1" 200 2535 "https://www.ack.uk.com/sitemap_index.xml?path=//var/lib/dpkg" "Mozilla/5.0 AppleWebKit/537.36 (KHTML, like Gecko; compatible; GPTBot/1.4; +https://openai.com/gptbot)"
74.7.242.53 - - [16/Jun/2026:22:23:05 +0100] "GET /sitemap_index.xml?fileloc=//usr/bin/krb5-config&path=//usr/bin HTTP/1.1" 200 4900 "https://www.ack.uk.com/sitemap_index.xml?path=//usr/bin" "Mozilla/5.0 AppleWebKit/537.36 (KHTML, like Gecko; compatible; GPTBot/1.4; +https://openai.com/gptbot)"
173.239.211.245 - - [16/Jun/2026:22:23:05 +0100] "GET /wp-admin/profile.php HTTP/1.1" 200 6552 "https://www.ack.uk.com/wp-login.php" "Mozilla/5.0 (Windows NT 10.0; Win64; x64) AppleWebKit/537.36 (KHTML, like Gecko) Chrome/119.0.0.0 Safari/537.36"
173.239.211.245 - - [16/Jun/2026:22:23:05 +0100] "GET /wp-admin/edit.php HTTP/1.1" 200 6552 "https://www.ack.uk.com/wp-login.php" "Mozilla/5.0 (Windows NT 10.0; Win64; x64) AppleWebKit/537.36 (KHTML, like Gecko) Chrome/119.0.0.0 Safari/537.36"
74.7.242.53 - - [16/Jun/2026:22:23:05 +0100] "GET /sitemap_index.xml?fileloc=//usr/bin/pkcs1-conv&path=//usr/bin HTTP/1.1" 200 8446 "https://www.ack.uk.com/sitemap_index.xml?path=//usr/bin" "Mozilla/5.0 AppleWebKit/537.36 (KHTML, like Gecko; compatible; GPTBot/1.4; +https://openai.com/gptbot)"
173.239.211.245 - - [16/Jun/2026:22:23:06 +0100] "GET /wp-admin/plugins.php HTTP/1.1" 200 6552 "https://www.ack.uk.com/wp-login.php" "Mozilla/5.0 (Windows NT 10.0; Win64; x64) AppleWebKit/537.36 (KHTML, like Gecko) Chrome/119.0.0.0 Safari/537.36"
74.7.242.53 - - [16/Jun/2026:22:23:06 +0100] "GET /sitemap_index.xml?fileloc=//usr/bin/agentxtrap&path=//usr/bin HTTP/1.1" 200 9683 "https://www.ack.uk.com/sitemap_index.xml?path=//usr/bin" "Mozilla/5.0 AppleWebKit/537.36 (KHTML, like Gecko; compatible; GPTBot/1.4; +https://openai.com/gptbot)"
111.235.68.106 - - [16/Jun/2026:22:23:06 +0100] "POST /xmlrpc.php HTTP/1.1" 200 58263 "-" "Jetpack/13.0; WordPress/6.4; http://site14218630.com"
173.239.211.245 - - [16/Jun/2026:22:23:06 +0100] "POST /wp-login.php HTTP/1.1" 200 4039 "https://www.ack.uk.com/wp-login.php" "Mozilla/5.0 (X11; Ubuntu; Linux x86_64) AppleWebKit/537.36 (KHTML, like Gecko) Chrome/120.0.0.0 Safari/537.36"
173.239.211.245 - - [16/Jun/2026:22:23:06 +0100] "GET /wp-admin/index.php HTTP/1.1" 200 6552 "https://www.ack.uk.com/wp-login.php" "Mozilla/5.0 (Macintosh; Intel Mac OS X 13_6_1) AppleWebKit/605.1.15 (KHTML, like Gecko) Version/17.1 Safari/605.1.15"
74.7.242.53 - - [16/Jun/2026:22:23:06 +0100] "GET /sitemap_index.xml?fileloc=//usr/bin/msgfilter&path=//usr/bin HTTP/1.1" 200 12269 "https://www.ack.uk.com/sitemap_index.xml?path=//usr/bin" "Mozilla/5.0 AppleWebKit/537.36 (KHTML, like Gecko; compatible; GPTBot/1.4; +https://openai.com/gptbot)"
