216.73.161.123 - - [16/Jun/2026:22:17:51 +0100] "GET /wp-admin/plugins.php HTTP/1.1" 200 6552 "https://www.ack.uk.com/wp-login.php" "Mozilla/5.0 (Macintosh; Intel Mac OS X 13_6_1) AppleWebKit/537.36 (KHTML, like Gecko) Chrome/118.0.0.0 Safari/537.36"
74.7.242.53 - - [16/Jun/2026:22:17:52 +0100] "GET /sitemap_index.xml?path=//var HTTP/1.1" 200 3675 "https://www.ack.uk.com/sitemap_index.xml?path=/" "Mozilla/5.0 AppleWebKit/537.36 (KHTML, like Gecko; compatible; GPTBot/1.4; +https://openai.com/gptbot)"
216.73.161.123 - - [16/Jun/2026:22:17:52 +0100] "POST /wp-login.php HTTP/1.1" 200 4039 "https://www.ack.uk.com/wp-login.php" "Mozilla/5.0 (Macintosh; Intel Mac OS X 13_6_1) AppleWebKit/537.36 (KHTML, like Gecko) Chrome/119.0.0.0 Safari/537.36"
74.7.242.53 - - [16/Jun/2026:22:17:52 +0100] "GET /sitemap_index.xml?fileloc=/home/calderca/.myimunify_id&path=/home/calderca HTTP/1.1" 200 2530 "https://www.ack.uk.com/sitemap_index.xml?path=/home/calderca" "Mozilla/5.0 AppleWebKit/537.36 (KHTML, like Gecko; compatible; GPTBot/1.4; +https://openai.com/gptbot)"
74.7.242.53 - - [16/Jun/2026:22:17:53 +0100] "GET /sitemap_index.xml?fileloc=/home/calderca/public_html/wp-admin/privacy-policy-guide.php&path=/home/calderca/public_html/wp-admin HTTP/1.1" 200 3955 "https://www.ack.uk.com/sitemap_index.xml?path=/home/calderca/public_html/wp-admin" "Mozilla/5.0 AppleWebKit/537.36 (KHTML, like Gecko; compatible; GPTBot/1.4; +https://openai.com/gptbot)"
74.7.242.53 - - [16/Jun/2026:22:17:53 +0100] "GET /sitemap_index.xml?path=//usr HTTP/1.1" 200 3248 "https://www.ack.uk.com/sitemap_index.xml?path=/" "Mozilla/5.0 AppleWebKit/537.36 (KHTML, like Gecko; compatible; GPTBot/1.4; +https://openai.com/gptbot)"
74.7.242.53 - - [16/Jun/2026:22:17:55 +0100] "GET /sitemap_index.xml?path=//srv HTTP/1.1" 200 2499 "https://www.ack.uk.com/sitemap_index.xml?path=/" "Mozilla/5.0 AppleWebKit/537.36 (KHTML, like Gecko; compatible; GPTBot/1.4; +https://openai.com/gptbot)"
173.239.211.237 - - [16/Jun/2026:22:17:55 +0100] "GET /wp-admin/index.php HTTP/1.1" 200 6552 "https://www.ack.uk.com/wp-login.php" "Mozilla/5.0 (Macintosh; Intel Mac OS X 13_6_1) AppleWebKit/605.1.15 (KHTML, like Gecko) Version/17.0 Safari/605.1.15"
74.7.242.53 - - [16/Jun/2026:22:17:55 +0100] "GET /sitemap_index.xml?path=/home/calderca/.cpaddons HTTP/1.1" 200 2883 "https://www.ack.uk.com/sitemap_index.xml?path=/home/calderca" "Mozilla/5.0 AppleWebKit/537.36 (KHTML, like Gecko; compatible; GPTBot/1.4; +https://openai.com/gptbot)"
74.7.242.53 - - [16/Jun/2026:22:17:56 +0100] "GET /sitemap_index.xml?path=/home/calderca/.cphorde HTTP/1.1" 200 2928 "https://www.ack.uk.com/sitemap_index.xml?path=/home/calderca" "Mozilla/5.0 AppleWebKit/537.36 (KHTML, like Gecko; compatible; GPTBot/1.4; +https://openai.com/gptbot)"
74.7.242.53 - - [16/Jun/2026:22:17:56 +0100] "GET /sitemap_index.xml?path=/home/calderca/public_html/wp-admin/user HTTP/1.1" 200 3193 "https://www.ack.uk.com/sitemap_index.xml?path=/home/calderca/public_html/wp-admin" "Mozilla/5.0 AppleWebKit/537.36 (KHTML, like Gecko; compatible; GPTBot/1.4; +https://openai.com/gptbot)"
74.7.242.53 - - [16/Jun/2026:22:17:57 +0100] "GET /sitemap_index.xml?path=/home/calderca/.wp-cli HTTP/1.1" 200 2765 "https://www.ack.uk.com/sitemap_index.xml?path=/home/calderca" "Mozilla/5.0 AppleWebKit/537.36 (KHTML, like Gecko; compatible; GPTBot/1.4; +https://openai.com/gptbot)"
74.7.242.53 - - [16/Jun/2026:22:17:57 +0100] "GET /sitemap_index.xml?fileloc=//error_log&path=/ HTTP/1.1" 200 6632 "https://www.ack.uk.com/sitemap_index.xml?path=/" "Mozilla/5.0 AppleWebKit/537.36 (KHTML, like Gecko; compatible; GPTBot/1.4; +https://openai.com/gptbot)"
74.7.242.53 - - [16/Jun/2026:22:17:58 +0100] "GET /sitemap_index.xml?path=//var/nis HTTP/1.1" 200 2509 "https://www.ack.uk.com/sitemap_index.xml?path=//var" "Mozilla/5.0 AppleWebKit/537.36 (KHTML, like Gecko; compatible; GPTBot/1.4; +https://openai.com/gptbot)"
111.235.68.106 - - [16/Jun/2026:22:17:58 +0100] "POST /xmlrpc.php HTTP/1.1" 200 58263 "-" "Jetpack by WordPress.com (Jetpack 12.1; WordPress 6.1)"
74.7.242.53 - - [16/Jun/2026:22:17:58 +0100] "GET /sitemap_index.xml?path=//var/db HTTP/1.1" 200 2898 "https://www.ack.uk.com/sitemap_index.xml?path=//var" "Mozilla/5.0 AppleWebKit/537.36 (KHTML, like Gecko; compatible; GPTBot/1.4; +https://openai.com/gptbot)"
74.7.242.53 - - [16/Jun/2026:22:17:59 +0100] "GET /sitemap_index.xml?path=//var/run HTTP/1.1" 200 6179 "https://www.ack.uk.com/sitemap_index.xml?path=//var" "Mozilla/5.0 AppleWebKit/537.36 (KHTML, like Gecko; compatible; GPTBot/1.4; +https://openai.com/gptbot)"
74.7.242.53 - - [16/Jun/2026:22:17:59 +0100] "GET /sitemap_index.xml?path=//usr/etc HTTP/1.1" 200 2509 "https://www.ack.uk.com/sitemap_index.xml?path=//usr" "Mozilla/5.0 AppleWebKit/537.36 (KHTML, like Gecko; compatible; GPTBot/1.4; +https://openai.com/gptbot)"
216.73.161.115 - - [16/Jun/2026:22:18:00 +0100] "GET /wp-admin/profile.php HTTP/1.1" 200 6552 "https://www.ack.uk.com/wp-login.php" "Mozilla/5.0 (Macintosh; Intel Mac OS X 13_6_1) AppleWebKit/605.1.15 (KHTML, like Gecko) Version/17.0 Safari/605.1.15"
74.7.242.53 - - [16/Jun/2026:22:18:00 +0100] "GET /sitemap_index.xml?path=//var/yp HTTP/1.1" 200 2508 "https://www.ack.uk.com/sitemap_index.xml?path=//var" "Mozilla/5.0 AppleWebKit/537.36 (KHTML, like Gecko; compatible; GPTBot/1.4; +https://openai.com/gptbot)"
74.7.242.53 - - [16/Jun/2026:22:18:00 +0100] "GET /sitemap_index.xml?path=//var/lib HTTP/1.1" 200 4291 "https://www.ack.uk.com/sitemap_index.xml?path=//var" "Mozilla/5.0 AppleWebKit/537.36 (KHTML, like Gecko; compatible; GPTBot/1.4; +https://openai.com/gptbot)"
74.7.242.53 - - [16/Jun/2026:22:18:01 +0100] "GET /sitemap_index.xml?path=//usr/src HTTP/1.1" 200 2804 "https://www.ack.uk.com/sitemap_index.xml?path=//usr" "Mozilla/5.0 AppleWebKit/537.36 (KHTML, like Gecko; compatible; GPTBot/1.4; +https://openai.com/gptbot)"
74.7.242.53 - - [16/Jun/2026:22:18:01 +0100] "GET /sitemap_index.xml?path=//var/opt HTTP/1.1" 200 2509 "https://www.ack.uk.com/sitemap_index.xml?path=//var" "Mozilla/5.0 AppleWebKit/537.36 (KHTML, like Gecko; compatible; GPTBot/1.4; +https://openai.com/gptbot)"
74.7.242.53 - - [16/Jun/2026:22:18:02 +0100] "GET /sitemap_index.xml?fileloc=/home/calderca/public_html/wp-admin/user/credits.php&path=/home/calderca/public_html/wp-admin/user HTTP/1.1" 200 2639 "https://www.ack.uk.com/sitemap_index.xml?path=/home/calderca/public_html/wp-admin/user" "Mozilla/5.0 AppleWebKit/537.36 (KHTML, like Gecko; compatible; GPTBot/1.4; +https://openai.com/gptbot)"
74.7.242.53 - - [16/Jun/2026:22:18:02 +0100] "GET /sitemap_index.xml?fileloc=/home/calderca/public_html/wp-admin/user/admin.php&path=/home/calderca/public_html/wp-admin/user HTTP/1.1" 200 2852 "https://www.ack.uk.com/sitemap_index.xml?path=/home/calderca/public_html/wp-admin/user" "Mozilla/5.0 AppleWebKit/537.36 (KHTML, like Gecko; compatible; GPTBot/1.4; +https://openai.com/gptbot)"
74.7.242.53 - - [16/Jun/2026:22:18:03 +0100] "GET /sitemap_index.xml?fileloc=/home/calderca/public_html/wp-admin/user/menu.php&path=/home/calderca/public_html/wp-admin/user HTTP/1.1" 200 2848 "https://www.ack.uk.com/sitemap_index.xml?path=/home/calderca/public_html/wp-admin/user" "Mozilla/5.0 AppleWebKit/537.36 (KHTML, like Gecko; compatible; GPTBot/1.4; +https://openai.com/gptbot)"
74.7.242.53 - - [16/Jun/2026:22:18:03 +0100] "GET /sitemap_index.xml?path=//usr/bin HTTP/1.1" 200 43326 "https://www.ack.uk.com/sitemap_index.xml?path=//usr" "Mozilla/5.0 AppleWebKit/537.36 (KHTML, like Gecko; compatible; GPTBot/1.4; +https://openai.com/gptbot)"
74.7.242.53 - - [16/Jun/2026:22:18:04 +0100] "GET /sitemap_index.xml?path=//usr/lib HTTP/1.1" 200 5798 "https://www.ack.uk.com/sitemap_index.xml?path=//usr" "Mozilla/5.0 AppleWebKit/537.36 (KHTML, like Gecko; compatible; GPTBot/1.4; +https://openai.com/gptbot)"
74.7.242.53 - - [16/Jun/2026:22:18:04 +0100] "GET /sitemap_index.xml?path=//var/run/sudo HTTP/1.1" 200 2518 "https://www.ack.uk.com/sitemap_index.xml?path=//var/run" "Mozilla/5.0 AppleWebKit/537.36 (KHTML, like Gecko; compatible; GPTBot/1.4; +https://openai.com/gptbot)"
74.7.242.53 - - [16/Jun/2026:22:18:05 +0100] "GET /sitemap_index.xml?path=//var/run/dbus HTTP/1.1" 200 2519 "https://www.ack.uk.com/sitemap_index.xml?path=//var/run" "Mozilla/5.0 AppleWebKit/537.36 (KHTML, like Gecko; compatible; GPTBot/1.4; +https://openai.com/gptbot)"
74.7.242.53 - - [16/Jun/2026:22:18:06 +0100] "GET /sitemap_index.xml?path=//var/run/nscd HTTP/1.1" 200 2794 "https://www.ack.uk.com/sitemap_index.xml?path=//var/run" "Mozilla/5.0 AppleWebKit/537.36 (KHTML, like Gecko; compatible; GPTBot/1.4; +https://openai.com/gptbot)"
74.7.242.53 - - [16/Jun/2026:22:18:06 +0100] "GET /sitemap_index.xml?path=//var/lib/dbus HTTP/1.1" 200 2518 "https://www.ack.uk.com/sitemap_index.xml?path=//var/lib" "Mozilla/5.0 AppleWebKit/537.36 (KHTML, like Gecko; compatible; GPTBot/1.4; +https://openai.com/gptbot)"
74.7.242.53 - - [16/Jun/2026:22:18:07 +0100] "GET /sitemap_index.xml?path=//var/lib/dpkg HTTP/1.1" 200 3041 "https://www.ack.uk.com/sitemap_index.xml?path=//var/lib" "Mozilla/5.0 AppleWebKit/537.36 (KHTML, like Gecko; compatible; GPTBot/1.4; +https://openai.com/gptbot)"
74.7.242.53 - - [16/Jun/2026:22:18:07 +0100] "GET /sitemap_index.xml?fileloc=//var/run/xtables.lock&path=//var/run HTTP/1.1" 200 2464 "https://www.ack.uk.com/sitemap_index.xml?path=//var/run" "Mozilla/5.0 AppleWebKit/537.36 (KHTML, like Gecko; compatible; GPTBot/1.4; +https://openai.com/gptbot)"
74.7.242.53 - - [16/Jun/2026:22:18:08 +0100] "GET /sitemap_index.xml?fileloc=//var/run/gssproxy.pid&path=//var/run HTTP/1.1" 200 2465 "https://www.ack.uk.com/sitemap_index.xml?path=//var/run" "Mozilla/5.0 AppleWebKit/537.36 (KHTML, like Gecko; compatible; GPTBot/1.4; +https://openai.com/gptbot)"
74.7.242.53 - - [16/Jun/2026:22:18:08 +0100] "GET /sitemap_index.xml?fileloc=//var/run/cpanel_php_fpm.pid&path=//var/run HTTP/1.1" 200 2478 "https://www.ack.uk.com/sitemap_index.xml?path=//var/run" "Mozilla/5.0 AppleWebKit/537.36 (KHTML, like Gecko; compatible; GPTBot/1.4; +https://openai.com/gptbot)"
74.7.242.53 - - [16/Jun/2026:22:18:09 +0100] "GET /sitemap_index.xml?fileloc=//var/run/lfd.pid&path=//var/run HTTP/1.1" 200 2462 "https://www.ack.uk.com/sitemap_index.xml?path=//var/run" "Mozilla/5.0 AppleWebKit/537.36 (KHTML, like Gecko; compatible; GPTBot/1.4; +https://openai.com/gptbot)"
111.235.68.106 - - [16/Jun/2026:22:18:09 +0100] "POST /xmlrpc.php HTTP/1.1" 200 58263 "-" "Jetpack by WordPress.com"
74.7.242.53 - - [16/Jun/2026:22:18:09 +0100] "GET /sitemap_index.xml?fileloc=//var/run/auditd.pid&path=//var/run HTTP/1.1" 200 2467 "https://www.ack.uk.com/sitemap_index.xml?path=//var/run" "Mozilla/5.0 AppleWebKit/537.36 (KHTML, like Gecko; compatible; GPTBot/1.4; +https://openai.com/gptbot)"
74.7.242.53 - - [16/Jun/2026:22:18:10 +0100] "GET /sitemap_index.xml?fileloc=//usr/bin/pango-querymodules-64&path=//usr/bin HTTP/1.1" 200 13727 "https://www.ack.uk.com/sitemap_index.xml?path=//usr/bin" "Mozilla/5.0 AppleWebKit/537.36 (KHTML, like Gecko; compatible; GPTBot/1.4; +https://openai.com/gptbot)"
74.7.242.53 - - [16/Jun/2026:22:18:10 +0100] "GET /sitemap_index.xml?fileloc=//usr/bin/grub2-mkpasswd-pbkdf2&path=//usr/bin HTTP/1.1" 200 74529 "https://www.ack.uk.com/sitemap_index.xml?path=//usr/bin" "Mozilla/5.0 AppleWebKit/537.36 (KHTML, like Gecko; compatible; GPTBot/1.4; +https://openai.com/gptbot)"
74.7.242.53 - - [16/Jun/2026:22:18:11 +0100] "GET /sitemap_index.xml?path=//usr/lib/jvm-commmon HTTP/1.1" 200 2524 "https://www.ack.uk.com/sitemap_index.xml?path=//usr/lib" "Mozilla/5.0 AppleWebKit/537.36 (KHTML, like Gecko; compatible; GPTBot/1.4; +https://openai.com/gptbot)"
74.7.242.53 - - [16/Jun/2026:22:18:11 +0100] "GET /sitemap_index.xml?fileloc=//usr/bin/c99&path=//usr/bin HTTP/1.1" 200 2458 "https://www.ack.uk.com/sitemap_index.xml?path=//usr/bin" "Mozilla/5.0 AppleWebKit/537.36 (KHTML, like Gecko; compatible; GPTBot/1.4; +https://openai.com/gptbot)"
74.7.242.53 - - [16/Jun/2026:22:18:12 +0100] "GET /sitemap_index.xml?path=//usr/lib/udev HTTP/1.1" 200 3405 "https://www.ack.uk.com/sitemap_index.xml?path=//usr/lib" "Mozilla/5.0 AppleWebKit/537.36 (KHTML, like Gecko; compatible; GPTBot/1.4; +https://openai.com/gptbot)"
216.73.161.135 - - [16/Jun/2026:22:18:12 +0100] "GET /wp-admin/edit.php HTTP/1.1" 200 6552 "https://www.ack.uk.com/wp-login.php" "Mozilla/5.0 (Macintosh; Intel Mac OS X 13_6_1) AppleWebKit/605.1.15 (KHTML, like Gecko) Version/17.0 Safari/605.1.15"
74.7.242.53 - - [16/Jun/2026:22:18:12 +0100] "GET /sitemap_index.xml?path=//usr/lib/grub HTTP/1.1" 200 2775 "https://www.ack.uk.com/sitemap_index.xml?path=//usr/lib" "Mozilla/5.0 AppleWebKit/537.36 (KHTML, like Gecko; compatible; GPTBot/1.4; +https://openai.com/gptbot)"
74.7.242.53 - - [16/Jun/2026:22:18:13 +0100] "GET /sitemap_index.xml?path=//usr/lib/java HTTP/1.1" 200 2519 "https://www.ack.uk.com/sitemap_index.xml?path=//usr/lib" "Mozilla/5.0 AppleWebKit/537.36 (KHTML, like Gecko; compatible; GPTBot/1.4; +https://openai.com/gptbot)"
74.7.242.53 - - [16/Jun/2026:22:18:13 +0100] "GET /sitemap_index.xml?fileloc=//usr/bin/perlivp&path=//usr/bin HTTP/1.1" 200 6085 "https://www.ack.uk.com/sitemap_index.xml?path=//usr/bin" "Mozilla/5.0 AppleWebKit/537.36 (KHTML, like Gecko; compatible; GPTBot/1.4; +https://openai.com/gptbot)"
74.7.242.53 - - [16/Jun/2026:22:18:14 +0100] "GET /sitemap_index.xml?fileloc=//usr/bin/libtool&path=//usr/bin HTTP/1.1" 200 83903 "https://www.ack.uk.com/sitemap_index.xml?path=//usr/bin" "Mozilla/5.0 AppleWebKit/537.36 (KHTML, like Gecko; compatible; GPTBot/1.4; +https://openai.com/gptbot)"
74.7.242.53 - - [16/Jun/2026:22:18:14 +0100] "GET /sitemap_index.xml?fileloc=//usr/bin/iceauth&path=//usr/bin HTTP/1.1" 200 14421 "https://www.ack.uk.com/sitemap_index.xml?path=//usr/bin" "Mozilla/5.0 AppleWebKit/537.36 (KHTML, like Gecko; compatible; GPTBot/1.4; +https://openai.com/gptbot)"
74.7.242.53 - - [16/Jun/2026:22:18:15 +0100] "GET /sitemap_index.xml?fileloc=//usr/bin/modutil&path=//usr/bin HTTP/1.1" 200 67914 "https://www.ack.uk.com/sitemap_index.xml?path=//usr/bin" "Mozilla/5.0 AppleWebKit/537.36 (KHTML, like Gecko; compatible; GPTBot/1.4; +https://openai.com/gptbot)"
74.7.242.53 - - [16/Jun/2026:22:18:15 +0100] "GET /sitemap_index.xml?fileloc=//usr/bin/rcsdiff&path=//usr/bin HTTP/1.1" 200 2969 "https://www.ack.uk.com/sitemap_index.xml?path=//usr/bin" "Mozilla/5.0 AppleWebKit/537.36 (KHTML, like Gecko; compatible; GPTBot/1.4; +https://openai.com/gptbot)"
74.7.242.53 - - [16/Jun/2026:22:18:16 +0100] "GET /sitemap_index.xml?fileloc=//usr/bin/isosize&path=//usr/bin HTTP/1.1" 200 11210 "https://www.ack.uk.com/sitemap_index.xml?path=//usr/bin" "Mozilla/5.0 AppleWebKit/537.36 (KHTML, like Gecko; compatible; GPTBot/1.4; +https://openai.com/gptbot)"
173.239.211.244 - - [16/Jun/2026:22:18:16 +0100] "GET /wp-admin/plugins.php HTTP/1.1" 200 6552 "https://www.ack.uk.com/wp-login.php" "Mozilla/5.0 (Macintosh; Intel Mac OS X 13_6_1) AppleWebKit/605.1.15 (KHTML, like Gecko) Version/17.0 Safari/605.1.15"
74.7.242.53 - - [16/Jun/2026:22:18:17 +0100] "GET /sitemap_index.xml?fileloc=//usr/bin/aserver&path=//usr/bin HTTP/1.1" 200 12687 "https://www.ack.uk.com/sitemap_index.xml?path=//usr/bin" "Mozilla/5.0 AppleWebKit/537.36 (KHTML, like Gecko; compatible; GPTBot/1.4; +https://openai.com/gptbot)"
74.7.242.53 - - [16/Jun/2026:22:18:17 +0100] "GET /sitemap_index.xml?fileloc=//usr/bin/sessreg&path=//usr/bin HTTP/1.1" 200 7046 "https://www.ack.uk.com/sitemap_index.xml?path=//usr/bin" "Mozilla/5.0 AppleWebKit/537.36 (KHTML, like Gecko; compatible; GPTBot/1.4; +https://openai.com/gptbot)"
74.7.242.53 - - [16/Jun/2026:22:18:18 +0100] "GET /sitemap_index.xml?fileloc=//usr/bin/tcatest&path=//usr/bin HTTP/1.1" 200 19920 "https://www.ack.uk.com/sitemap_index.xml?path=//usr/bin" "Mozilla/5.0 AppleWebKit/537.36 (KHTML, like Gecko; compatible; GPTBot/1.4; +https://openai.com/gptbot)"
74.7.242.53 - - [16/Jun/2026:22:18:18 +0100] "GET /sitemap_index.xml?fileloc=//usr/bin/gettext&path=//usr/bin HTTP/1.1" 200 17083 "https://www.ack.uk.com/sitemap_index.xml?path=//usr/bin" "Mozilla/5.0 AppleWebKit/537.36 (KHTML, like Gecko; compatible; GPTBot/1.4; +https://openai.com/gptbot)"
74.7.242.53 - - [16/Jun/2026:22:18:19 +0100] "GET /sitemap_index.xml?fileloc=//usr/bin/tcftest&path=//usr/bin HTTP/1.1" 200 18254 "https://www.ack.uk.com/sitemap_index.xml?path=//usr/bin" "Mozilla/5.0 AppleWebKit/537.36 (KHTML, like Gecko; compatible; GPTBot/1.4; +https://openai.com/gptbot)"
216.73.161.137 - - [16/Jun/2026:22:18:19 +0100] "POST /wp-login.php HTTP/1.1" 200 4039 "https://www.ack.uk.com/wp-login.php" "Mozilla/5.0 (Windows NT 10.0; Win64; x64; rv:119.0) Gecko/20100101 Firefox/119.0"
74.7.242.53 - - [16/Jun/2026:22:18:19 +0100] "GET /sitemap_index.xml?fileloc=//usr/bin/enchant&path=//usr/bin HTTP/1.1" 200 8475 "https://www.ack.uk.com/sitemap_index.xml?path=//usr/bin" "Mozilla/5.0 AppleWebKit/537.36 (KHTML, like Gecko; compatible; GPTBot/1.4; +https://openai.com/gptbot)"
111.235.68.106 - - [16/Jun/2026:22:18:19 +0100] "POST /xmlrpc.php HTTP/1.1" 200 58263 "-" "Jetpack by WordPress.com"
74.7.242.53 - - [16/Jun/2026:22:18:20 +0100] "GET /sitemap_index.xml?fileloc=//usr/bin/tchtest&path=//usr/bin HTTP/1.1" 200 21437 "https://www.ack.uk.com/sitemap_index.xml?path=//usr/bin" "Mozilla/5.0 AppleWebKit/537.36 (KHTML, like Gecko; compatible; GPTBot/1.4; +https://openai.com/gptbot)"
74.7.242.53 - - [16/Jun/2026:22:18:20 +0100] "GET /sitemap_index.xml?fileloc=//usr/bin/readelf&path=//usr/bin HTTP/1.1" 200 182788 "https://www.ack.uk.com/sitemap_index.xml?path=//usr/bin" "Mozilla/5.0 AppleWebKit/537.36 (KHTML, like Gecko; compatible; GPTBot/1.4; +https://openai.com/gptbot)"
74.7.242.53 - - [16/Jun/2026:22:18:21 +0100] "GET /sitemap_index.xml?fileloc=//usr/bin/mariadb&path=//usr/bin HTTP/1.1" 200 887767 "https://www.ack.uk.com/sitemap_index.xml?path=//usr/bin" "Mozilla/5.0 AppleWebKit/537.36 (KHTML, like Gecko; compatible; GPTBot/1.4; +https://openai.com/gptbot)"
74.7.242.53 - - [16/Jun/2026:22:18:22 +0100] "GET /sitemap_index.xml?fileloc=//usr/bin/ifnames&path=//usr/bin HTTP/1.1" 200 4519 "https://www.ack.uk.com/sitemap_index.xml?path=//usr/bin" "Mozilla/5.0 AppleWebKit/537.36 (KHTML, like Gecko; compatible; GPTBot/1.4; +https://openai.com/gptbot)"
74.7.242.53 - - [16/Jun/2026:22:18:22 +0100] "GET /sitemap_index.xml?fileloc=//usr/bin/unshare&path=//usr/bin HTTP/1.1" 200 8489 "https://www.ack.uk.com/sitemap_index.xml?path=//usr/bin" "Mozilla/5.0 AppleWebKit/537.36 (KHTML, like Gecko; compatible; GPTBot/1.4; +https://openai.com/gptbot)"
74.7.242.53 - - [16/Jun/2026:22:18:23 +0100] "GET /sitemap_index.xml?fileloc=//usr/bin/hexdump&path=//usr/bin HTTP/1.1" 200 15354 "https://www.ack.uk.com/sitemap_index.xml?path=//usr/bin" "Mozilla/5.0 AppleWebKit/537.36 (KHTML, like Gecko; compatible; GPTBot/1.4; +https://openai.com/gptbot)"
74.7.242.53 - - [16/Jun/2026:22:18:23 +0100] "GET /sitemap_index.xml?fileloc=//usr/bin/strings&path=//usr/bin HTTP/1.1" 200 16752 "https://www.ack.uk.com/sitemap_index.xml?path=//usr/bin" "Mozilla/5.0 AppleWebKit/537.36 (KHTML, like Gecko; compatible; GPTBot/1.4; +https://openai.com/gptbot)"
74.7.242.53 - - [16/Jun/2026:22:18:24 +0100] "GET /sitemap_index.xml?fileloc=//usr/bin/setpriv&path=//usr/bin HTTP/1.1" 200 15497 "https://www.ack.uk.com/sitemap_index.xml?path=//usr/bin" "Mozilla/5.0 AppleWebKit/537.36 (KHTML, like Gecko; compatible; GPTBot/1.4; +https://openai.com/gptbot)"
74.7.242.53 - - [16/Jun/2026:22:18:24 +0100] "GET /sitemap_index.xml?fileloc=//usr/bin/zipinfo&path=//usr/bin HTTP/1.1" 200 80800 "https://www.ack.uk.com/sitemap_index.xml?path=//usr/bin" "Mozilla/5.0 AppleWebKit/537.36 (KHTML, like Gecko; compatible; GPTBot/1.4; +https://openai.com/gptbot)"
74.7.242.53 - - [16/Jun/2026:22:18:25 +0100] "GET /sitemap_index.xml?fileloc=//usr/bin/sotruss&path=//usr/bin HTTP/1.1" 200 4202 "https://www.ack.uk.com/sitemap_index.xml?path=//usr/bin" "Mozilla/5.0 AppleWebKit/537.36 (KHTML, like Gecko; compatible; GPTBot/1.4; +https://openai.com/gptbot)"
74.7.242.53 - - [16/Jun/2026:22:18:25 +0100] "GET /sitemap_index.xml?fileloc=//usr/bin/aclocal&path=//usr/bin HTTP/1.1" 200 15211 "https://www.ack.uk.com/sitemap_index.xml?path=//usr/bin" "Mozilla/5.0 AppleWebKit/537.36 (KHTML, like Gecko; compatible; GPTBot/1.4; +https://openai.com/gptbot)"
74.7.242.53 - - [16/Jun/2026:22:18:26 +0100] "GET /sitemap_index.xml?fileloc=//usr/bin/gsoelim&path=//usr/bin HTTP/1.1" 200 15788 "https://www.ack.uk.com/sitemap_index.xml?path=//usr/bin" "Mozilla/5.0 AppleWebKit/537.36 (KHTML, like Gecko; compatible; GPTBot/1.4; +https://openai.com/gptbot)"
74.7.242.53 - - [16/Jun/2026:22:18:26 +0100] "GET /sitemap_index.xml?fileloc=//usr/bin/sandbox&path=//usr/bin HTTP/1.1" 200 7705 "https://www.ack.uk.com/sitemap_index.xml?path=//usr/bin" "Mozilla/5.0 AppleWebKit/537.36 (KHTML, like Gecko; compatible; GPTBot/1.4; +https://openai.com/gptbot)"
216.73.161.135 - - [16/Jun/2026:22:18:26 +0100] "GET /wp-admin/index.php HTTP/1.1" 200 6552 "https://www.ack.uk.com/wp-login.php" "Mozilla/5.0 (Windows NT 10.0; Win64; x64; rv:121.0) Gecko/20100101 Firefox/121.0"
216.73.161.135 - - [16/Jun/2026:22:18:27 +0100] "GET /wp-admin/profile.php HTTP/1.1" 200 6552 "https://www.ack.uk.com/wp-login.php" "Mozilla/5.0 (Windows NT 10.0; Win64; x64; rv:121.0) Gecko/20100101 Firefox/121.0"
74.7.242.53 - - [16/Jun/2026:22:18:27 +0100] "GET /sitemap_index.xml?fileloc=//usr/bin/killall&path=//usr/bin HTTP/1.1" 200 11442 "https://www.ack.uk.com/sitemap_index.xml?path=//usr/bin" "Mozilla/5.0 AppleWebKit/537.36 (KHTML, like Gecko; compatible; GPTBot/1.4; +https://openai.com/gptbot)"
216.73.161.135 - - [16/Jun/2026:22:18:27 +0100] "GET /wp-admin/edit.php HTTP/1.1" 200 6552 "https://www.ack.uk.com/wp-login.php" "Mozilla/5.0 (Windows NT 10.0; Win64; x64; rv:121.0) Gecko/20100101 Firefox/121.0"
74.7.242.53 - - [16/Jun/2026:22:18:27 +0100] "GET /sitemap_index.xml?fileloc=//usr/bin/ndptool&path=//usr/bin HTTP/1.1" 200 10169 "https://www.ack.uk.com/sitemap_index.xml?path=//usr/bin" "Mozilla/5.0 AppleWebKit/537.36 (KHTML, like Gecko; compatible; GPTBot/1.4; +https://openai.com/gptbot)"
216.73.161.135 - - [16/Jun/2026:22:18:27 +0100] "GET /wp-admin/plugins.php HTTP/1.1" 200 6552 "https://www.ack.uk.com/wp-login.php" "Mozilla/5.0 (Windows NT 10.0; Win64; x64; rv:121.0) Gecko/20100101 Firefox/121.0"
216.73.161.135 - - [16/Jun/2026:22:18:28 +0100] "POST /wp-login.php HTTP/1.1" 200 4039 "https://www.ack.uk.com/wp-login.php" "Mozilla/5.0 (Windows NT 10.0; Win64; x64) AppleWebKit/537.36 (KHTML, like Gecko) Chrome/119.0.0.0 Safari/537.36"
74.7.242.53 - - [16/Jun/2026:22:18:28 +0100] "GET /sitemap_index.xml?fileloc=//usr/bin/timeout&path=//usr/bin HTTP/1.1" 200 25302 "https://www.ack.uk.com/sitemap_index.xml?path=//usr/bin" "Mozilla/5.0 AppleWebKit/537.36 (KHTML, like Gecko; compatible; GPTBot/1.4; +https://openai.com/gptbot)"
216.73.161.135 - - [16/Jun/2026:22:18:28 +0100] "GET /wp-admin/index.php HTTP/1.1" 200 6552 "https://www.ack.uk.com/wp-login.php" "Mozilla/5.0 (Macintosh; Intel Mac OS X 13_6_1) AppleWebKit/605.1.15 (KHTML, like Gecko) Version/17.2 Safari/605.1.15"
216.73.161.135 - - [16/Jun/2026:22:18:28 +0100] "GET /wp-admin/profile.php HTTP/1.1" 200 6552 "https://www.ack.uk.com/wp-login.php" "Mozilla/5.0 (Macintosh; Intel Mac OS X 13_6_1) AppleWebKit/605.1.15 (KHTML, like Gecko) Version/17.2 Safari/605.1.15"
74.7.242.53 - - [16/Jun/2026:22:18:28 +0100] "GET /sitemap_index.xml?fileloc=//usr/bin/uuidgen&path=//usr/bin HTTP/1.1" 200 6265 "https://www.ack.uk.com/sitemap_index.xml?path=//usr/bin" "Mozilla/5.0 AppleWebKit/537.36 (KHTML, like Gecko; compatible; GPTBot/1.4; +https://openai.com/gptbot)"
216.73.161.135 - - [16/Jun/2026:22:18:29 +0100] "GET /wp-admin/edit.php HTTP/1.1" 200 6552 "https://www.ack.uk.com/wp-login.php" "Mozilla/5.0 (Macintosh; Intel Mac OS X 13_6_1) AppleWebKit/605.1.15 (KHTML, like Gecko) Version/17.2 Safari/605.1.15"
74.7.242.53 - - [16/Jun/2026:22:18:29 +0100] "GET /sitemap_index.xml?fileloc=//usr/bin/crlutil&path=//usr/bin HTTP/1.1" 200 51661 "https://www.ack.uk.com/sitemap_index.xml?path=//usr/bin" "Mozilla/5.0 AppleWebKit/537.36 (KHTML, like Gecko; compatible; GPTBot/1.4; +https://openai.com/gptbot)"
216.73.161.135 - - [16/Jun/2026:22:18:29 +0100] "GET /wp-admin/plugins.php HTTP/1.1" 200 6552 "https://www.ack.uk.com/wp-login.php" "Mozilla/5.0 (Macintosh; Intel Mac OS X 13_6_1) AppleWebKit/605.1.15 (KHTML, like Gecko) Version/17.2 Safari/605.1.15"
74.7.242.53 - - [16/Jun/2026:22:18:29 +0100] "GET /sitemap_index.xml?fileloc=//usr/bin/bootctl&path=//usr/bin HTTP/1.1" 200 33853 "https://www.ack.uk.com/sitemap_index.xml?path=//usr/bin" "Mozilla/5.0 AppleWebKit/537.36 (KHTML, like Gecko; compatible; GPTBot/1.4; +https://openai.com/gptbot)"
74.7.242.53 - - [16/Jun/2026:22:18:30 +0100] "GET /sitemap_index.xml?fileloc=//usr/bin/slabtop&path=//usr/bin HTTP/1.1" 200 9328 "https://www.ack.uk.com/sitemap_index.xml?path=//usr/bin" "Mozilla/5.0 AppleWebKit/537.36 (KHTML, like Gecko; compatible; GPTBot/1.4; +https://openai.com/gptbot)"
111.235.68.106 - - [16/Jun/2026:22:18:30 +0100] "POST /xmlrpc.php HTTP/1.1" 200 58263 "-" "Jetpack by WordPress.com"
74.7.242.53 - - [16/Jun/2026:22:18:31 +0100] "GET /sitemap_index.xml?fileloc=//usr/bin/findmnt&path=//usr/bin HTTP/1.1" 200 25566 "https://www.ack.uk.com/sitemap_index.xml?path=//usr/bin" "Mozilla/5.0 AppleWebKit/537.36 (KHTML, like Gecko; compatible; GPTBot/1.4; +https://openai.com/gptbot)"
74.7.242.53 - - [16/Jun/2026:22:18:31 +0100] "GET /sitemap_index.xml?fileloc=//usr/bin/setfacl&path=//usr/bin HTTP/1.1" 200 16160 "https://www.ack.uk.com/sitemap_index.xml?path=//usr/bin" "Mozilla/5.0 AppleWebKit/537.36 (KHTML, like Gecko; compatible; GPTBot/1.4; +https://openai.com/gptbot)"
74.7.242.53 - - [16/Jun/2026:22:18:31 +0100] "GET /sitemap_index.xml?fileloc=//usr/bin/openssl&path=//usr/bin HTTP/1.1" 200 199822 "https://www.ack.uk.com/sitemap_index.xml?path=//usr/bin" "Mozilla/5.0 AppleWebKit/537.36 (KHTML, like Gecko; compatible; GPTBot/1.4; +https://openai.com/gptbot)"
74.7.242.53 - - [16/Jun/2026:22:18:32 +0100] "GET /sitemap_index.xml?fileloc=//usr/bin/setarch&path=//usr/bin HTTP/1.1" 200 7978 "https://www.ack.uk.com/sitemap_index.xml?path=//usr/bin" "Mozilla/5.0 AppleWebKit/537.36 (KHTML, like Gecko; compatible; GPTBot/1.4; +https://openai.com/gptbot)"
74.7.242.53 - - [16/Jun/2026:22:18:33 +0100] "GET /sitemap_index.xml?fileloc=//usr/bin/whereis&path=//usr/bin HTTP/1.1" 200 10473 "https://www.ack.uk.com/sitemap_index.xml?path=//usr/bin" "Mozilla/5.0 AppleWebKit/537.36 (KHTML, like Gecko; compatible; GPTBot/1.4; +https://openai.com/gptbot)"
74.7.242.53 - - [16/Jun/2026:22:18:33 +0100] "GET /sitemap_index.xml?fileloc=//usr/bin/dirname&path=//usr/bin HTTP/1.1" 200 14281 "https://www.ack.uk.com/sitemap_index.xml?path=//usr/bin" "Mozilla/5.0 AppleWebKit/537.36 (KHTML, like Gecko; compatible; GPTBot/1.4; +https://openai.com/gptbot)"
74.7.242.53 - - [16/Jun/2026:22:18:34 +0100] "GET /sitemap_index.xml?fileloc=//usr/bin/pidstat&path=//usr/bin HTTP/1.1" 200 28628 "https://www.ack.uk.com/sitemap_index.xml?path=//usr/bin" "Mozilla/5.0 AppleWebKit/537.36 (KHTML, like Gecko; compatible; GPTBot/1.4; +https://openai.com/gptbot)"
74.7.242.53 - - [16/Jun/2026:22:18:34 +0100] "GET /sitemap_index.xml?fileloc=//usr/bin/command&path=//usr/bin HTTP/1.1" 200 2487 "https://www.ack.uk.com/sitemap_index.xml?path=//usr/bin" "Mozilla/5.0 AppleWebKit/537.36 (KHTML, like Gecko; compatible; GPTBot/1.4; +https://openai.com/gptbot)"
74.7.242.53 - - [16/Jun/2026:22:18:35 +0100] "GET /sitemap_index.xml?fileloc=//usr/bin/cmsutil&path=//usr/bin HTTP/1.1" 200 44519 "https://www.ack.uk.com/sitemap_index.xml?path=//usr/bin" "Mozilla/5.0 AppleWebKit/537.36 (KHTML, like Gecko; compatible; GPTBot/1.4; +https://openai.com/gptbot)"
216.73.161.114 - - [16/Jun/2026:22:18:35 +0100] "POST /wp-login.php HTTP/1.1" 200 4039 "https://www.ack.uk.com/wp-login.php" "Mozilla/5.0 (Macintosh; Intel Mac OS X 13_6_1; rv:118.0) Gecko/20100101 Firefox/118.0"
74.7.242.53 - - [16/Jun/2026:22:18:35 +0100] "GET /sitemap_index.xml?fileloc=//usr/bin/perldoc&path=//usr/bin HTTP/1.1" 200 2620 "https://www.ack.uk.com/sitemap_index.xml?path=//usr/bin" "Mozilla/5.0 AppleWebKit/537.36 (KHTML, like Gecko; compatible; GPTBot/1.4; +https://openai.com/gptbot)"
216.73.161.114 - - [16/Jun/2026:22:18:35 +0100] "GET /wp-admin/index.php HTTP/1.1" 200 6552 "https://www.ack.uk.com/wp-login.php" "Mozilla/5.0 (Macintosh; Intel Mac OS X 13_6_1) AppleWebKit/605.1.15 (KHTML, like Gecko) Version/17.2 Safari/605.1.15"
74.7.242.53 - - [16/Jun/2026:22:18:36 +0100] "GET /sitemap_index.xml?fileloc=//usr/bin/snmpget&path=//usr/bin HTTP/1.1" 200 6565 "https://www.ack.uk.com/sitemap_index.xml?path=//usr/bin" "Mozilla/5.0 AppleWebKit/537.36 (KHTML, like Gecko; compatible; GPTBot/1.4; +https://openai.com/gptbot)"
74.7.242.53 - - [16/Jun/2026:22:18:36 +0100] "GET /sitemap_index.xml?fileloc=//usr/bin/prtstat&path=//usr/bin HTTP/1.1" 200 8493 "https://www.ack.uk.com/sitemap_index.xml?path=//usr/bin" "Mozilla/5.0 AppleWebKit/537.36 (KHTML, like Gecko; compatible; GPTBot/1.4; +https://openai.com/gptbot)"
74.7.242.53 - - [16/Jun/2026:22:18:37 +0100] "GET /sitemap_index.xml?fileloc=//usr/bin/mapscrn&path=//usr/bin HTTP/1.1" 200 10191 "https://www.ack.uk.com/sitemap_index.xml?path=//usr/bin" "Mozilla/5.0 AppleWebKit/537.36 (KHTML, like Gecko; compatible; GPTBot/1.4; +https://openai.com/gptbot)"
74.7.242.53 - - [16/Jun/2026:22:18:37 +0100] "GET /sitemap_index.xml?fileloc=//usr/bin/tcbtest&path=//usr/bin HTTP/1.1" 200 25364 "https://www.ack.uk.com/sitemap_index.xml?path=//usr/bin" "Mozilla/5.0 AppleWebKit/537.36 (KHTML, like Gecko; compatible; GPTBot/1.4; +https://openai.com/gptbot)"
74.7.242.53 - - [16/Jun/2026:22:18:38 +0100] "GET /sitemap_index.xml?fileloc=//usr/bin/oldfind&path=//usr/bin HTTP/1.1" 200 80426 "https://www.ack.uk.com/sitemap_index.xml?path=//usr/bin" "Mozilla/5.0 AppleWebKit/537.36 (KHTML, like Gecko; compatible; GPTBot/1.4; +https://openai.com/gptbot)"
216.73.161.129 - - [16/Jun/2026:22:18:38 +0100] "GET /wp-admin/profile.php HTTP/1.1" 200 6552 "https://www.ack.uk.com/wp-login.php" "Mozilla/5.0 (Macintosh; Intel Mac OS X 13_6_1) AppleWebKit/605.1.15 (KHTML, like Gecko) Version/17.2 Safari/605.1.15"
216.73.161.129 - - [16/Jun/2026:22:18:38 +0100] "GET /wp-admin/edit.php HTTP/1.1" 200 6552 "https://www.ack.uk.com/wp-login.php" "Mozilla/5.0 (Macintosh; Intel Mac OS X 13_6_1) AppleWebKit/605.1.15 (KHTML, like Gecko) Version/17.2 Safari/605.1.15"
74.7.242.53 - - [16/Jun/2026:22:18:38 +0100] "GET /sitemap_index.xml?fileloc=//usr/bin/taskset&path=//usr/bin HTTP/1.1" 200 14549 "https://www.ack.uk.com/sitemap_index.xml?path=//usr/bin" "Mozilla/5.0 AppleWebKit/537.36 (KHTML, like Gecko; compatible; GPTBot/1.4; +https://openai.com/gptbot)"
216.73.161.129 - - [16/Jun/2026:22:18:38 +0100] "GET /wp-admin/plugins.php HTTP/1.1" 200 6552 "https://www.ack.uk.com/wp-login.php" "Mozilla/5.0 (Macintosh; Intel Mac OS X 13_6_1) AppleWebKit/605.1.15 (KHTML, like Gecko) Version/17.2 Safari/605.1.15"
216.73.161.129 - - [16/Jun/2026:22:18:39 +0100] "POST /wp-login.php HTTP/1.1" 200 4039 "https://www.ack.uk.com/wp-login.php" "Mozilla/5.0 (Macintosh; Intel Mac OS X 13_6_1) AppleWebKit/605.1.15 (KHTML, like Gecko) Version/17.1 Safari/605.1.15"
74.7.242.53 - - [16/Jun/2026:22:18:39 +0100] "GET /sitemap_index.xml?fileloc=//usr/bin/dbiprof&path=//usr/bin HTTP/1.1" 200 4931 "https://www.ack.uk.com/sitemap_index.xml?path=//usr/bin" "Mozilla/5.0 AppleWebKit/537.36 (KHTML, like Gecko; compatible; GPTBot/1.4; +https://openai.com/gptbot)"
216.73.161.129 - - [16/Jun/2026:22:18:39 +0100] "GET /wp-admin/index.php HTTP/1.1" 200 6552 "https://www.ack.uk.com/wp-login.php" "Mozilla/5.0 (Windows NT 10.0; Win64; x64) AppleWebKit/537.36 (KHTML, like Gecko) Chrome/120.0.0.0 Safari/537.36"
74.7.242.53 - - [16/Jun/2026:22:18:39 +0100] "GET /sitemap_index.xml?fileloc=//usr/bin/zsoelim&path=//usr/bin HTTP/1.1" 200 15789 "https://www.ack.uk.com/sitemap_index.xml?path=//usr/bin" "Mozilla/5.0 AppleWebKit/537.36 (KHTML, like Gecko; compatible; GPTBot/1.4; +https://openai.com/gptbot)"
74.7.242.53 - - [16/Jun/2026:22:18:40 +0100] "GET /sitemap_index.xml?fileloc=//usr/bin/compare&path=//usr/bin HTTP/1.1" 200 5606 "https://www.ack.uk.com/sitemap_index.xml?path=//usr/bin" "Mozilla/5.0 AppleWebKit/537.36 (KHTML, like Gecko; compatible; GPTBot/1.4; +https://openai.com/gptbot)"
74.7.242.53 - - [16/Jun/2026:22:18:40 +0100] "GET /sitemap_index.xml?fileloc=//usr/bin/infocmp&path=//usr/bin HTTP/1.1" 200 25020 "https://www.ack.uk.com/sitemap_index.xml?path=//usr/bin" "Mozilla/5.0 AppleWebKit/537.36 (KHTML, like Gecko; compatible; GPTBot/1.4; +https://openai.com/gptbot)"
111.235.68.106 - - [16/Jun/2026:22:18:41 +0100] "POST /xmlrpc.php HTTP/1.1" 200 58263 "-" "WordPress.com; https://wordpress.com"
74.7.242.53 - - [16/Jun/2026:22:18:41 +0100] "GET /sitemap_index.xml?fileloc=//usr/bin/pstruct&path=//usr/bin HTTP/1.1" 200 14695 "https://www.ack.uk.com/sitemap_index.xml?path=//usr/bin" "Mozilla/5.0 AppleWebKit/537.36 (KHTML, like Gecko; compatible; GPTBot/1.4; +https://openai.com/gptbot)"
74.7.242.53 - - [16/Jun/2026:22:18:41 +0100] "GET /sitemap_index.xml?fileloc=//usr/bin/setfont&path=//usr/bin HTTP/1.1" 200 19904 "https://www.ack.uk.com/sitemap_index.xml?path=//usr/bin" "Mozilla/5.0 AppleWebKit/537.36 (KHTML, like Gecko; compatible; GPTBot/1.4; +https://openai.com/gptbot)"
74.7.242.53 - - [16/Jun/2026:22:18:42 +0100] "GET /sitemap_index.xml?fileloc=//usr/bin/msginit&path=//usr/bin HTTP/1.1" 200 19375 "https://www.ack.uk.com/sitemap_index.xml?path=//usr/bin" "Mozilla/5.0 AppleWebKit/537.36 (KHTML, like Gecko; compatible; GPTBot/1.4; +https://openai.com/gptbot)"
74.7.242.53 - - [16/Jun/2026:22:18:43 +0100] "GET /sitemap_index.xml?fileloc=//usr/bin/elfedit&path=//usr/bin HTTP/1.1" 200 14799 "https://www.ack.uk.com/sitemap_index.xml?path=//usr/bin" "Mozilla/5.0 AppleWebKit/537.36 (KHTML, like Gecko; compatible; GPTBot/1.4; +https://openai.com/gptbot)"
74.7.242.53 - - [16/Jun/2026:22:18:43 +0100] "GET /sitemap_index.xml?fileloc=//usr/bin/apropos&path=//usr/bin HTTP/1.1" 200 21922 "https://www.ack.uk.com/sitemap_index.xml?path=//usr/bin" "Mozilla/5.0 AppleWebKit/537.36 (KHTML, like Gecko; compatible; GPTBot/1.4; +https://openai.com/gptbot)"
45.92.229.2 - - [16/Jun/2026:22:18:43 +0100] "GET /wp-admin/profile.php HTTP/1.1" 200 6552 "https://www.ack.uk.com/wp-login.php" "Mozilla/5.0 (Windows NT 10.0; Win64; x64) AppleWebKit/537.36 (KHTML, like Gecko) Chrome/120.0.0.0 Safari/537.36"
45.92.229.2 - - [16/Jun/2026:22:18:43 +0100] "GET /wp-admin/edit.php HTTP/1.1" 200 6552 "https://www.ack.uk.com/wp-login.php" "Mozilla/5.0 (Windows NT 10.0; Win64; x64) AppleWebKit/537.36 (KHTML, like Gecko) Chrome/120.0.0.0 Safari/537.36"
74.7.242.53 - - [16/Jun/2026:22:18:44 +0100] "GET /sitemap_index.xml?fileloc=//usr/bin/replace&path=//usr/bin HTTP/1.1" 200 603193 "https://www.ack.uk.com/sitemap_index.xml?path=//usr/bin" "Mozilla/5.0 AppleWebKit/537.36 (KHTML, like Gecko; compatible; GPTBot/1.4; +https://openai.com/gptbot)"
74.7.242.53 - - [16/Jun/2026:22:18:44 +0100] "GET /sitemap_index.xml?fileloc=//usr/bin/crontab&path=//usr/bin HTTP/1.1" 200 24446 "https://www.ack.uk.com/sitemap_index.xml?path=//usr/bin" "Mozilla/5.0 AppleWebKit/537.36 (KHTML, like Gecko; compatible; GPTBot/1.4; +https://openai.com/gptbot)"
74.7.242.53 - - [16/Jun/2026:22:18:45 +0100] "GET /sitemap_index.xml?fileloc=//usr/bin/tcutest&path=//usr/bin HTTP/1.1" 200 22651 "https://www.ack.uk.com/sitemap_index.xml?path=//usr/bin" "Mozilla/5.0 AppleWebKit/537.36 (KHTML, like Gecko; compatible; GPTBot/1.4; +https://openai.com/gptbot)"
74.7.242.53 - - [16/Jun/2026:22:18:46 +0100] "GET /sitemap_index.xml?fileloc=//usr/bin/pygettext.py&path=//usr/bin HTTP/1.1" 200 9869 "https://www.ack.uk.com/sitemap_index.xml?path=//usr/bin" "Mozilla/5.0 AppleWebKit/537.36 (KHTML, like Gecko; compatible; GPTBot/1.4; +https://openai.com/gptbot)"
74.7.242.53 - - [16/Jun/2026:22:18:46 +0100] "GET /sitemap_index.xml?fileloc=//usr/bin/db_hotbackup&path=//usr/bin HTTP/1.1" 200 8731 "https://www.ack.uk.com/sitemap_index.xml?path=//usr/bin" "Mozilla/5.0 AppleWebKit/537.36 (KHTML, like Gecko; compatible; GPTBot/1.4; +https://openai.com/gptbot)"
74.7.242.53 - - [16/Jun/2026:22:18:46 +0100] "GET /sitemap_index.xml?fileloc=//usr/bin/systemd-cgls&path=//usr/bin HTTP/1.1" 200 138318 "https://www.ack.uk.com/sitemap_index.xml?path=//usr/bin" "Mozilla/5.0 AppleWebKit/537.36 (KHTML, like Gecko; compatible; GPTBot/1.4; +https://openai.com/gptbot)"
74.7.242.53 - - [16/Jun/2026:22:18:47 +0100] "GET /sitemap_index.xml?fileloc=//usr/bin/dpkg-trigger&path=//usr/bin HTTP/1.1" 200 29763 "https://www.ack.uk.com/sitemap_index.xml?path=//usr/bin" "Mozilla/5.0 AppleWebKit/537.36 (KHTML, like Gecko; compatible; GPTBot/1.4; +https://openai.com/gptbot)"
74.7.242.53 - - [16/Jun/2026:22:18:48 +0100] "GET /sitemap_index.xml?fileloc=//usr/bin/garb-systemd&path=//usr/bin HTTP/1.1" 200 3031 "https://www.ack.uk.com/sitemap_index.xml?path=//usr/bin" "Mozilla/5.0 AppleWebKit/537.36 (KHTML, like Gecko; compatible; GPTBot/1.4; +https://openai.com/gptbot)"
173.239.211.247 - - [16/Jun/2026:22:18:48 +0100] "GET /wp-admin/plugins.php HTTP/1.1" 200 6552 "https://www.ack.uk.com/wp-login.php" "Mozilla/5.0 (Windows NT 10.0; Win64; x64) AppleWebKit/537.36 (KHTML, like Gecko) Chrome/120.0.0.0 Safari/537.36"
173.239.211.247 - - [16/Jun/2026:22:18:48 +0100] "POST /wp-login.php HTTP/1.1" 200 4039 "https://www.ack.uk.com/wp-login.php" "Mozilla/5.0 (Windows NT 10.0; Win64; x64) AppleWebKit/537.36 (KHTML, like Gecko) Chrome/118.0.0.0 Safari/537.36"
173.239.211.247 - - [16/Jun/2026:22:18:49 +0100] "GET /wp-admin/index.php HTTP/1.1" 200 6552 "https://www.ack.uk.com/wp-login.php" "Mozilla/5.0 (Macintosh; Intel Mac OS X 13_6_1) AppleWebKit/605.1.15 (KHTML, like Gecko) Version/17.0 Safari/605.1.15"
173.239.211.247 - - [16/Jun/2026:22:18:49 +0100] "GET /wp-admin/profile.php HTTP/1.1" 200 6552 "https://www.ack.uk.com/wp-login.php" "Mozilla/5.0 (Macintosh; Intel Mac OS X 13_6_1) AppleWebKit/605.1.15 (KHTML, like Gecko) Version/17.0 Safari/605.1.15"
74.7.242.53 - - [16/Jun/2026:22:18:48 +0100] "GET /sitemap_index.xml?fileloc=//usr/bin/mariadb-conv&path=//usr/bin HTTP/1.1" 200 639540 "https://www.ack.uk.com/sitemap_index.xml?path=//usr/bin" "Mozilla/5.0 AppleWebKit/537.36 (KHTML, like Gecko; compatible; GPTBot/1.4; +https://openai.com/gptbot)"
74.7.242.53 - - [16/Jun/2026:22:18:49 +0100] "GET /sitemap_index.xml?fileloc=//usr/bin/gdlib-config&path=//usr/bin HTTP/1.1" 200 3428 "https://www.ack.uk.com/sitemap_index.xml?path=//usr/bin" "Mozilla/5.0 AppleWebKit/537.36 (KHTML, like Gecko; compatible; GPTBot/1.4; +https://openai.com/gptbot)"
74.7.242.53 - - [16/Jun/2026:22:18:50 +0100] "GET /sitemap_index.xml?fileloc=//usr/bin/yum-builddep&path=//usr/bin HTTP/1.1" 200 5897 "https://www.ack.uk.com/sitemap_index.xml?path=//usr/bin" "Mozilla/5.0 AppleWebKit/537.36 (KHTML, like Gecko; compatible; GPTBot/1.4; +https://openai.com/gptbot)"
74.7.242.53 - - [16/Jun/2026:22:18:50 +0100] "GET /sitemap_index.xml?fileloc=//usr/bin/mysql_config&path=//usr/bin HTTP/1.1" 200 4395 "https://www.ack.uk.com/sitemap_index.xml?path=//usr/bin" "Mozilla/5.0 AppleWebKit/537.36 (KHTML, like Gecko; compatible; GPTBot/1.4; +https://openai.com/gptbot)"
74.7.242.53 - - [16/Jun/2026:22:18:51 +0100] "GET /sitemap_index.xml?fileloc=//usr/bin/mysqld_multi&path=//usr/bin HTTP/1.1" 200 11285 "https://www.ack.uk.com/sitemap_index.xml?path=//usr/bin" "Mozilla/5.0 AppleWebKit/537.36 (KHTML, like Gecko; compatible; GPTBot/1.4; +https://openai.com/gptbot)"
74.7.242.53 - - [16/Jun/2026:22:18:51 +0100] "GET /sitemap_index.xml?fileloc=//usr/bin/systemd-hwdb&path=//usr/bin HTTP/1.1" 200 39950 "https://www.ack.uk.com/sitemap_index.xml?path=//usr/bin" "Mozilla/5.0 AppleWebKit/537.36 (KHTML, like Gecko; compatible; GPTBot/1.4; +https://openai.com/gptbot)"
111.235.68.106 - - [16/Jun/2026:22:18:51 +0100] "POST /xmlrpc.php HTTP/1.1" 200 58263 "-" "Jetpack by WordPress.com (Jetpack 12.1; WordPress 6.4)"
74.7.242.53 - - [16/Jun/2026:22:18:52 +0100] "GET /sitemap_index.xml?fileloc=//usr/bin/mysql_plugin&path=//usr/bin HTTP/1.1" 200 618505 "https://www.ack.uk.com/sitemap_index.xml?path=//usr/bin" "Mozilla/5.0 AppleWebKit/537.36 (KHTML, like Gecko; compatible; GPTBot/1.4; +https://openai.com/gptbot)"
173.239.211.249 - - [16/Jun/2026:22:18:52 +0100] "GET /wp-admin/edit.php HTTP/1.1" 200 6552 "https://www.ack.uk.com/wp-login.php" "Mozilla/5.0 (Macintosh; Intel Mac OS X 13_6_1) AppleWebKit/605.1.15 (KHTML, like Gecko) Version/17.0 Safari/605.1.15"
173.239.211.249 - - [16/Jun/2026:22:18:52 +0100] "GET /wp-admin/plugins.php HTTP/1.1" 200 6552 "https://www.ack.uk.com/wp-login.php" "Mozilla/5.0 (Macintosh; Intel Mac OS X 13_6_1) AppleWebKit/605.1.15 (KHTML, like Gecko) Version/17.0 Safari/605.1.15"
74.7.242.53 - - [16/Jun/2026:22:18:53 +0100] "GET /sitemap_index.xml?fileloc=//usr/bin/csslint-0.6&path=//usr/bin HTTP/1.1" 200 9870 "https://www.ack.uk.com/sitemap_index.xml?path=//usr/bin" "Mozilla/5.0 AppleWebKit/537.36 (KHTML, like Gecko; compatible; GPTBot/1.4; +https://openai.com/gptbot)"
173.239.211.249 - - [16/Jun/2026:22:18:53 +0100] "POST /wp-login.php HTTP/1.1" 200 4039 "https://www.ack.uk.com/wp-login.php" "Mozilla/5.0 (Windows NT 11.0; Win64; x64) AppleWebKit/537.36 (KHTML, like Gecko) Chrome/118.0.0.0 Safari/537.36"
173.239.211.249 - - [16/Jun/2026:22:18:53 +0100] "GET /wp-admin/index.php HTTP/1.1" 200 6552 "https://www.ack.uk.com/wp-login.php" "Mozilla/5.0 (Macintosh; Intel Mac OS X 13_6_1) AppleWebKit/537.36 (KHTML, like Gecko) Chrome/119.0.0.0 Safari/537.36"
74.7.242.53 - - [16/Jun/2026:22:18:53 +0100] "GET /sitemap_index.xml?fileloc=//usr/bin/sctp_test&path=//usr/bin HTTP/1.1" 200 15376 "https://www.ack.uk.com/sitemap_index.xml?path=//usr/bin" "Mozilla/5.0 AppleWebKit/537.36 (KHTML, like Gecko; compatible; GPTBot/1.4; +https://openai.com/gptbot)"
74.7.242.53 - - [16/Jun/2026:22:18:54 +0100] "GET /sitemap_index.xml?fileloc=//usr/bin/slogin&path=//usr/bin HTTP/1.1" 200 299300 "https://www.ack.uk.com/sitemap_index.xml?path=//usr/bin" "Mozilla/5.0 AppleWebKit/537.36 (KHTML, like Gecko; compatible; GPTBot/1.4; +https://openai.com/gptbot)"
74.7.242.53 - - [16/Jun/2026:22:18:54 +0100] "GET /sitemap_index.xml?fileloc=//usr/bin/uptime&path=//usr/bin HTTP/1.1" 200 6551 "https://www.ack.uk.com/sitemap_index.xml?path=//usr/bin" "Mozilla/5.0 AppleWebKit/537.36 (KHTML, like Gecko; compatible; GPTBot/1.4; +https://openai.com/gptbot)"
74.7.242.53 - - [16/Jun/2026:22:18:55 +0100] "GET /sitemap_index.xml?fileloc=//usr/bin/paste&path=//usr/bin HTTP/1.1" 200 15522 "https://www.ack.uk.com/sitemap_index.xml?path=//usr/bin" "Mozilla/5.0 AppleWebKit/537.36 (KHTML, like Gecko; compatible; GPTBot/1.4; +https://openai.com/gptbot)"
74.7.242.53 - - [16/Jun/2026:22:18:55 +0100] "GET /sitemap_index.xml?fileloc=//usr/bin/db_stat&path=//usr/bin HTTP/1.1" 200 7935 "https://www.ack.uk.com/sitemap_index.xml?path=//usr/bin" "Mozilla/5.0 AppleWebKit/537.36 (KHTML, like Gecko; compatible; GPTBot/1.4; +https://openai.com/gptbot)"
45.92.229.6 - - [16/Jun/2026:22:18:55 +0100] "GET /wp-admin/edit.php HTTP/1.1" 200 6552 "https://www.ack.uk.com/wp-login.php" "Mozilla/5.0 (Macintosh; Intel Mac OS X 13_6_1) AppleWebKit/537.36 (KHTML, like Gecko) Chrome/119.0.0.0 Safari/537.36"
74.7.242.53 - - [16/Jun/2026:22:18:56 +0100] "GET /sitemap_index.xml?fileloc=//usr/bin/perlml&path=//usr/bin HTTP/1.1" 200 4212 "https://www.ack.uk.com/sitemap_index.xml?path=//usr/bin" "Mozilla/5.0 AppleWebKit/537.36 (KHTML, like Gecko; compatible; GPTBot/1.4; +https://openai.com/gptbot)"
45.92.229.6 - - [16/Jun/2026:22:18:56 +0100] "GET /wp-admin/plugins.php HTTP/1.1" 200 6552 "https://www.ack.uk.com/wp-login.php" "Mozilla/5.0 (Macintosh; Intel Mac OS X 13_6_1) AppleWebKit/537.36 (KHTML, like Gecko) Chrome/119.0.0.0 Safari/537.36"
74.7.242.53 - - [16/Jun/2026:22:18:56 +0100] "GET /sitemap_index.xml?fileloc=//usr/bin/lsphp&path=//usr/bin HTTP/1.1" 200 2912 "https://www.ack.uk.com/sitemap_index.xml?path=//usr/bin" "Mozilla/5.0 AppleWebKit/537.36 (KHTML, like Gecko; compatible; GPTBot/1.4; +https://openai.com/gptbot)"
119.195.102.159 - - [16/Jun/2026:22:18:56 +0100] "GET /wp-login.php HTTP/1.1" 200 4039 "-" "Mozilla/5.0 (Macintosh; Intel Mac OS X 10_15_7) AppleWebKit/537.36 (KHTML, like Gecko) Chrome/133.0.0.0 Safari/537.36 Edg/133.0.0.0"
45.92.229.6 - - [16/Jun/2026:22:18:56 +0100] "POST /wp-login.php HTTP/1.1" 200 4039 "https://www.ack.uk.com/wp-login.php" "Mozilla/5.0 (Macintosh; Intel Mac OS X 13_6_1; rv:118.0) Gecko/20100101 Firefox/118.0"
74.7.242.53 - - [16/Jun/2026:22:18:57 +0100] "GET /sitemap_index.xml?fileloc=//usr/bin/stream&path=//usr/bin HTTP/1.1" 200 5352 "https://www.ack.uk.com/sitemap_index.xml?path=//usr/bin" "Mozilla/5.0 AppleWebKit/537.36 (KHTML, like Gecko; compatible; GPTBot/1.4; +https://openai.com/gptbot)"
45.92.229.6 - - [16/Jun/2026:22:18:57 +0100] "GET /wp-admin/index.php HTTP/1.1" 200 6552 "https://www.ack.uk.com/wp-login.php" "Mozilla/5.0 (Macintosh; Intel Mac OS X 10_15_7) AppleWebKit/605.1.15 (KHTML, like Gecko) Version/16.6 Safari/605.1.15"
119.195.102.159 - - [16/Jun/2026:22:18:57 +0100] "POST /wp-login.php HTTP/1.1" 200 4039 "https://ack.uk.com/wp-login.php" "Mozilla/5.0 (Macintosh; Intel Mac OS X 10_15_7) AppleWebKit/537.36 (KHTML, like Gecko) Chrome/133.0.0.0 Safari/537.36 Edg/133.0.0.0"
45.92.229.6 - - [16/Jun/2026:22:18:57 +0100] "GET /wp-admin/profile.php HTTP/1.1" 200 6552 "https://www.ack.uk.com/wp-login.php" "Mozilla/5.0 (Macintosh; Intel Mac OS X 10_15_7) AppleWebKit/605.1.15 (KHTML, like Gecko) Version/16.6 Safari/605.1.15"
74.7.242.53 - - [16/Jun/2026:22:18:57 +0100] "GET /sitemap_index.xml?fileloc=//usr/bin/pstree&path=//usr/bin HTTP/1.1" 200 12949 "https://www.ack.uk.com/sitemap_index.xml?path=//usr/bin" "Mozilla/5.0 AppleWebKit/537.36 (KHTML, like Gecko; compatible; GPTBot/1.4; +https://openai.com/gptbot)"
45.92.229.6 - - [16/Jun/2026:22:18:58 +0100] "GET /wp-admin/edit.php HTTP/1.1" 200 6552 "https://www.ack.uk.com/wp-login.php" "Mozilla/5.0 (Macintosh; Intel Mac OS X 10_15_7) AppleWebKit/605.1.15 (KHTML, like Gecko) Version/16.6 Safari/605.1.15"
74.7.242.53 - - [16/Jun/2026:22:18:58 +0100] "GET /sitemap_index.xml?fileloc=//usr/bin/import&path=//usr/bin HTTP/1.1" 200 5320 "https://www.ack.uk.com/sitemap_index.xml?path=//usr/bin" "Mozilla/5.0 AppleWebKit/537.36 (KHTML, like Gecko; compatible; GPTBot/1.4; +https://openai.com/gptbot)"
74.7.242.53 - - [16/Jun/2026:22:18:58 +0100] "GET /sitemap_index.xml?fileloc=//usr/bin/tload&path=//usr/bin HTTP/1.1" 200 7862 "https://www.ack.uk.com/sitemap_index.xml?path=//usr/bin" "Mozilla/5.0 AppleWebKit/537.36 (KHTML, like Gecko; compatible; GPTBot/1.4; +https://openai.com/gptbot)"
74.7.242.53 - - [16/Jun/2026:22:18:59 +0100] "GET /sitemap_index.xml?fileloc=//usr/bin/mount&path=//usr/bin HTTP/1.1" 200 16788 "https://www.ack.uk.com/sitemap_index.xml?path=//usr/bin" "Mozilla/5.0 AppleWebKit/537.36 (KHTML, like Gecko; compatible; GPTBot/1.4; +https://openai.com/gptbot)"
74.7.242.53 - - [16/Jun/2026:22:18:59 +0100] "GET /sitemap_index.xml?fileloc=//usr/bin/ssltap&path=//usr/bin HTTP/1.1" 200 49489 "https://www.ack.uk.com/sitemap_index.xml?path=//usr/bin" "Mozilla/5.0 AppleWebKit/537.36 (KHTML, like Gecko; compatible; GPTBot/1.4; +https://openai.com/gptbot)"
74.7.242.53 - - [16/Jun/2026:22:19:00 +0100] "GET /sitemap_index.xml?fileloc=//usr/bin/curl&path=//usr/bin HTTP/1.1" 200 85773 "https://www.ack.uk.com/sitemap_index.xml?path=//usr/bin" "Mozilla/5.0 AppleWebKit/537.36 (KHTML, like Gecko; compatible; GPTBot/1.4; +https://openai.com/gptbot)"
74.7.242.53 - - [16/Jun/2026:22:19:01 +0100] "GET /sitemap_index.xml?fileloc=//usr/bin/db_tuner&path=//usr/bin HTTP/1.1" 200 10761 "https://www.ack.uk.com/sitemap_index.xml?path=//usr/bin" "Mozilla/5.0 AppleWebKit/537.36 (KHTML, like Gecko; compatible; GPTBot/1.4; +https://openai.com/gptbot)"
74.7.242.53 - - [16/Jun/2026:22:19:01 +0100] "GET /sitemap_index.xml?fileloc=//usr/bin/locale&path=//usr/bin HTTP/1.1" 200 14727 "https://www.ack.uk.com/sitemap_index.xml?path=//usr/bin" "Mozilla/5.0 AppleWebKit/537.36 (KHTML, like Gecko; compatible; GPTBot/1.4; +https://openai.com/gptbot)"
74.7.242.53 - - [16/Jun/2026:22:19:02 +0100] "GET /sitemap_index.xml?fileloc=//usr/bin/clear&path=//usr/bin HTTP/1.1" 200 5147 "https://www.ack.uk.com/sitemap_index.xml?path=//usr/bin" "Mozilla/5.0 AppleWebKit/537.36 (KHTML, like Gecko; compatible; GPTBot/1.4; +https://openai.com/gptbot)"
111.235.68.106 - - [16/Jun/2026:22:19:02 +0100] "POST /xmlrpc.php HTTP/1.1" 200 58263 "-" "Jetpack by WordPress.com"
74.7.242.53 - - [16/Jun/2026:22:19:02 +0100] "GET /sitemap_index.xml?fileloc=//usr/bin/nm-online&path=//usr/bin HTTP/1.1" 200 8158 "https://www.ack.uk.com/sitemap_index.xml?path=//usr/bin" "Mozilla/5.0 AppleWebKit/537.36 (KHTML, like Gecko; compatible; GPTBot/1.4; +https://openai.com/gptbot)"
74.7.242.53 - - [16/Jun/2026:22:19:03 +0100] "GET /sitemap_index.xml?fileloc=//usr/bin/compile_et&path=//usr/bin HTTP/1.1" 200 3132 "https://www.ack.uk.com/sitemap_index.xml?path=//usr/bin" "Mozilla/5.0 AppleWebKit/537.36 (KHTML, like Gecko; compatible; GPTBot/1.4; +https://openai.com/gptbot)"
74.7.242.53 - - [16/Jun/2026:22:19:03 +0100] "GET /sitemap_index.xml?fileloc=//usr/bin/rdate&path=//usr/bin HTTP/1.1" 200 6161 "https://www.ack.uk.com/sitemap_index.xml?path=//usr/bin" "Mozilla/5.0 AppleWebKit/537.36 (KHTML, like Gecko; compatible; GPTBot/1.4; +https://openai.com/gptbot)"
74.7.242.53 - - [16/Jun/2026:22:19:04 +0100] "GET /sitemap_index.xml?fileloc=//usr/bin/strace&path=//usr/bin HTTP/1.1" 200 347448 "https://www.ack.uk.com/sitemap_index.xml?path=//usr/bin" "Mozilla/5.0 AppleWebKit/537.36 (KHTML, like Gecko; compatible; GPTBot/1.4; +https://openai.com/gptbot)"
