74.7.242.53 - - [16/Jun/2026:22:20:26 +0100] "GET /sitemap_index.xml?fileloc=//usr/bin/fc-validate&path=//usr/bin HTTP/1.1" 200 6821 "https://www.ack.uk.com/sitemap_index.xml?path=//usr/bin" "Mozilla/5.0 AppleWebKit/537.36 (KHTML, like Gecko; compatible; GPTBot/1.4; +https://openai.com/gptbot)"
173.239.211.248 - - [16/Jun/2026:22:20:26 +0100] "GET /wp-admin/plugins.php HTTP/1.1" 200 6552 "https://www.ack.uk.com/wp-login.php" "Mozilla/5.0 (Windows NT 11.0; Win64; x64; rv:120.0) Gecko/20100101 Firefox/120.0"
74.7.242.53 - - [16/Jun/2026:22:20:27 +0100] "GET /sitemap_index.xml?fileloc=//usr/bin/diff-jars&path=//usr/bin HTTP/1.1" 200 3061 "https://www.ack.uk.com/sitemap_index.xml?path=//usr/bin" "Mozilla/5.0 AppleWebKit/537.36 (KHTML, like Gecko; compatible; GPTBot/1.4; +https://openai.com/gptbot)"
173.239.211.248 - - [16/Jun/2026:22:20:27 +0100] "POST /wp-login.php HTTP/1.1" 200 4039 "https://www.ack.uk.com/wp-login.php" "Mozilla/5.0 (X11; Linux x86_64) AppleWebKit/537.36 (KHTML, like Gecko) Chrome/121.0.0.0 Safari/537.36"
111.235.68.106 - - [16/Jun/2026:22:20:27 +0100] "POST /xmlrpc.php HTTP/1.1" 200 58263 "-" "Jetpack by WordPress.com (Jetpack 12.0; WordPress 6.3)"
173.239.211.248 - - [16/Jun/2026:22:20:27 +0100] "GET /wp-admin/index.php HTTP/1.1" 200 6552 "https://www.ack.uk.com/wp-login.php" "Mozilla/5.0 (Macintosh; Intel Mac OS X 10_15_7; rv:119.0) Gecko/20100101 Firefox/119.0"
74.7.242.53 - - [16/Jun/2026:22:20:27 +0100] "GET /sitemap_index.xml?fileloc=//usr/bin/showrgb&path=//usr/bin HTTP/1.1" 200 5566 "https://www.ack.uk.com/sitemap_index.xml?path=//usr/bin" "Mozilla/5.0 AppleWebKit/537.36 (KHTML, like Gecko; compatible; GPTBot/1.4; +https://openai.com/gptbot)"
74.7.242.53 - - [16/Jun/2026:22:20:28 +0100] "GET /sitemap_index.xml?fileloc=//usr/bin/xslt-config&path=//usr/bin HTTP/1.1" 200 3457 "https://www.ack.uk.com/sitemap_index.xml?path=//usr/bin" "Mozilla/5.0 AppleWebKit/537.36 (KHTML, like Gecko; compatible; GPTBot/1.4; +https://openai.com/gptbot)"
173.239.211.248 - - [16/Jun/2026:22:20:28 +0100] "GET /wp-admin/profile.php HTTP/1.1" 200 6552 "https://www.ack.uk.com/wp-login.php" "Mozilla/5.0 (Macintosh; Intel Mac OS X 10_15_7; rv:119.0) Gecko/20100101 Firefox/119.0"
173.239.211.248 - - [16/Jun/2026:22:20:28 +0100] "GET /wp-admin/edit.php HTTP/1.1" 200 6552 "https://www.ack.uk.com/wp-login.php" "Mozilla/5.0 (Macintosh; Intel Mac OS X 10_15_7; rv:119.0) Gecko/20100101 Firefox/119.0"
74.7.242.53 - - [16/Jun/2026:22:20:28 +0100] "GET /sitemap_index.xml?fileloc=//usr/bin/fc-match&path=//usr/bin HTTP/1.1" 200 6914 "https://www.ack.uk.com/sitemap_index.xml?path=//usr/bin" "Mozilla/5.0 AppleWebKit/537.36 (KHTML, like Gecko; compatible; GPTBot/1.4; +https://openai.com/gptbot)"
173.239.211.248 - - [16/Jun/2026:22:20:28 +0100] "GET /wp-admin/plugins.php HTTP/1.1" 200 6552 "https://www.ack.uk.com/wp-login.php" "Mozilla/5.0 (Macintosh; Intel Mac OS X 10_15_7; rv:119.0) Gecko/20100101 Firefox/119.0"
74.7.242.53 - - [16/Jun/2026:22:20:29 +0100] "GET /sitemap_index.xml?fileloc=//usr/bin/config_data&path=//usr/bin HTTP/1.1" 200 5397 "https://www.ack.uk.com/sitemap_index.xml?path=//usr/bin" "Mozilla/5.0 AppleWebKit/537.36 (KHTML, like Gecko; compatible; GPTBot/1.4; +https://openai.com/gptbot)"
74.7.242.53 - - [16/Jun/2026:22:20:29 +0100] "GET /sitemap_index.xml?fileloc=//var/run/syslogd.pid&path=//var/run HTTP/1.1" 200 2465 "https://www.ack.uk.com/sitemap_index.xml?path=//var/run" "Mozilla/5.0 AppleWebKit/537.36 (KHTML, like Gecko; compatible; GPTBot/1.4; +https://openai.com/gptbot)"
74.7.242.53 - - [16/Jun/2026:22:20:30 +0100] "GET /sitemap_index.xml?fileloc=//usr/bin/ca-legacy&path=//usr/bin HTTP/1.1" 200 3076 "https://www.ack.uk.com/sitemap_index.xml?path=//usr/bin" "Mozilla/5.0 AppleWebKit/537.36 (KHTML, like Gecko; compatible; GPTBot/1.4; +https://openai.com/gptbot)"
74.7.242.53 - - [16/Jun/2026:22:20:30 +0100] "GET /sitemap_index.xml?fileloc=//usr/bin/db_recover&path=//usr/bin HTTP/1.1" 200 7324 "https://www.ack.uk.com/sitemap_index.xml?path=//usr/bin" "Mozilla/5.0 AppleWebKit/537.36 (KHTML, like Gecko; compatible; GPTBot/1.4; +https://openai.com/gptbot)"
74.7.242.53 - - [16/Jun/2026:22:20:31 +0100] "GET /sitemap_index.xml?fileloc=//usr/bin/rlogin-cwd&path=//usr/bin HTTP/1.1" 200 2799 "https://www.ack.uk.com/sitemap_index.xml?path=//usr/bin" "Mozilla/5.0 AppleWebKit/537.36 (KHTML, like Gecko; compatible; GPTBot/1.4; +https://openai.com/gptbot)"
74.7.242.53 - - [16/Jun/2026:22:20:32 +0100] "GET /sitemap_index.xml?fileloc=//usr/bin/sexp-conv&path=//usr/bin HTTP/1.1" 200 11439 "https://www.ack.uk.com/sitemap_index.xml?path=//usr/bin" "Mozilla/5.0 AppleWebKit/537.36 (KHTML, like Gecko; compatible; GPTBot/1.4; +https://openai.com/gptbot)"
74.7.242.53 - - [16/Jun/2026:22:20:32 +0100] "GET /sitemap_index.xml?fileloc=//usr/bin/db_deadlock&path=//usr/bin HTTP/1.1" 200 7372 "https://www.ack.uk.com/sitemap_index.xml?path=//usr/bin" "Mozilla/5.0 AppleWebKit/537.36 (KHTML, like Gecko; compatible; GPTBot/1.4; +https://openai.com/gptbot)"
173.239.211.249 - - [16/Jun/2026:22:20:32 +0100] "POST /wp-login.php HTTP/1.1" 200 4039 "https://www.ack.uk.com/wp-login.php" "Mozilla/5.0 (Windows NT 11.0; Win64; x64) AppleWebKit/537.36 (KHTML, like Gecko) Chrome/120.0.0.0 Safari/537.36"
74.7.242.53 - - [16/Jun/2026:22:20:33 +0100] "GET /sitemap_index.xml?fileloc=//usr/bin/db_archive&path=//usr/bin HTTP/1.1" 200 6632 "https://www.ack.uk.com/sitemap_index.xml?path=//usr/bin" "Mozilla/5.0 AppleWebKit/537.36 (KHTML, like Gecko; compatible; GPTBot/1.4; +https://openai.com/gptbot)"
173.239.211.249 - - [16/Jun/2026:22:20:33 +0100] "GET /wp-admin/index.php HTTP/1.1" 200 6552 "https://www.ack.uk.com/wp-login.php" "Mozilla/5.0 (X11; Ubuntu; Linux x86_64) AppleWebKit/537.36 (KHTML, like Gecko) Chrome/119.0.0.0 Safari/537.36"
74.7.242.53 - - [16/Jun/2026:22:20:33 +0100] "GET /sitemap_index.xml?fileloc=//usr/bin/bdftogd&path=//usr/bin HTTP/1.1" 200 4073 "https://www.ack.uk.com/sitemap_index.xml?path=//usr/bin" "Mozilla/5.0 AppleWebKit/537.36 (KHTML, like Gecko; compatible; GPTBot/1.4; +https://openai.com/gptbot)"
74.7.242.53 - - [16/Jun/2026:22:20:34 +0100] "GET /sitemap_index.xml?fileloc=//usr/bin/pcre-config&path=//usr/bin HTTP/1.1" 200 2976 "https://www.ack.uk.com/sitemap_index.xml?path=//usr/bin" "Mozilla/5.0 AppleWebKit/537.36 (KHTML, like Gecko; compatible; GPTBot/1.4; +https://openai.com/gptbot)"
74.7.242.53 - - [16/Jun/2026:22:20:34 +0100] "GET /sitemap_index.xml?fileloc=//usr/bin/dpkg-split&path=//usr/bin HTTP/1.1" 200 49647 "https://www.ack.uk.com/sitemap_index.xml?path=//usr/bin" "Mozilla/5.0 AppleWebKit/537.36 (KHTML, like Gecko; compatible; GPTBot/1.4; +https://openai.com/gptbot)"
216.73.161.134 - - [16/Jun/2026:22:20:35 +0100] "GET /wp-admin/edit.php HTTP/1.1" 200 6552 "https://www.ack.uk.com/wp-login.php" "Mozilla/5.0 (X11; Ubuntu; Linux x86_64) AppleWebKit/537.36 (KHTML, like Gecko) Chrome/119.0.0.0 Safari/537.36"
74.7.242.53 - - [16/Jun/2026:22:20:35 +0100] "GET /sitemap_index.xml?fileloc=//usr/bin/gcc-ranlib&path=//usr/bin HTTP/1.1" 200 12650 "https://www.ack.uk.com/sitemap_index.xml?path=//usr/bin" "Mozilla/5.0 AppleWebKit/537.36 (KHTML, like Gecko; compatible; GPTBot/1.4; +https://openai.com/gptbot)"
216.73.161.134 - - [16/Jun/2026:22:20:35 +0100] "GET /wp-admin/plugins.php HTTP/1.1" 200 6552 "https://www.ack.uk.com/wp-login.php" "Mozilla/5.0 (X11; Ubuntu; Linux x86_64) AppleWebKit/537.36 (KHTML, like Gecko) Chrome/119.0.0.0 Safari/537.36"
74.7.242.53 - - [16/Jun/2026:22:20:35 +0100] "GET /sitemap_index.xml?fileloc=//usr/bin/keytool&path=//usr/bin HTTP/1.1" 200 5198 "https://www.ack.uk.com/sitemap_index.xml?path=//usr/bin" "Mozilla/5.0 AppleWebKit/537.36 (KHTML, like Gecko; compatible; GPTBot/1.4; +https://openai.com/gptbot)"
74.7.242.53 - - [16/Jun/2026:22:20:36 +0100] "GET /sitemap_index.xml?fileloc=//usr/bin/berkeley_db47_svc&path=//usr/bin HTTP/1.1" 200 20013 "https://www.ack.uk.com/sitemap_index.xml?path=//usr/bin" "Mozilla/5.0 AppleWebKit/537.36 (KHTML, like Gecko; compatible; GPTBot/1.4; +https://openai.com/gptbot)"
74.7.242.53 - - [16/Jun/2026:22:20:36 +0100] "GET /sitemap_index.xml?fileloc=//usr/bin/db47_deadlock&path=//usr/bin HTTP/1.1" 200 6359 "https://www.ack.uk.com/sitemap_index.xml?path=//usr/bin" "Mozilla/5.0 AppleWebKit/537.36 (KHTML, like Gecko; compatible; GPTBot/1.4; +https://openai.com/gptbot)"
74.7.242.53 - - [16/Jun/2026:22:20:37 +0100] "GET /sitemap_index.xml?fileloc=//usr/bin/db47_hotbackup&path=//usr/bin HTTP/1.1" 200 9255 "https://www.ack.uk.com/sitemap_index.xml?path=//usr/bin" "Mozilla/5.0 AppleWebKit/537.36 (KHTML, like Gecko; compatible; GPTBot/1.4; +https://openai.com/gptbot)"
45.92.229.8 - - [16/Jun/2026:22:20:37 +0100] "POST /wp-login.php HTTP/1.1" 200 4039 "https://www.ack.uk.com/wp-login.php" "Mozilla/5.0 (Macintosh; Intel Mac OS X 13_6_1; rv:118.0) Gecko/20100101 Firefox/118.0"
45.92.229.8 - - [16/Jun/2026:22:20:37 +0100] "GET /wp-admin/index.php HTTP/1.1" 200 6552 "https://www.ack.uk.com/wp-login.php" "Mozilla/5.0 (Windows NT 10.0; Win64; x64) AppleWebKit/537.36 (KHTML, like Gecko) Chrome/119.0.0.0 Safari/537.36"
74.7.242.53 - - [16/Jun/2026:22:20:37 +0100] "GET /sitemap_index.xml?fileloc=//usr/bin/systemd-path&path=//usr/bin HTTP/1.1" 200 24453 "https://www.ack.uk.com/sitemap_index.xml?path=//usr/bin" "Mozilla/5.0 AppleWebKit/537.36 (KHTML, like Gecko; compatible; GPTBot/1.4; +https://openai.com/gptbot)"
111.235.68.106 - - [16/Jun/2026:22:20:38 +0100] "POST /xmlrpc.php HTTP/1.1" 200 58263 "-" "Jetpack/13.0; WordPress/6.2; http://site66162099.com"
45.92.229.8 - - [16/Jun/2026:22:20:38 +0100] "GET /wp-admin/profile.php HTTP/1.1" 200 6552 "https://www.ack.uk.com/wp-login.php" "Mozilla/5.0 (Windows NT 10.0; Win64; x64) AppleWebKit/537.36 (KHTML, like Gecko) Chrome/119.0.0.0 Safari/537.36"
74.7.242.53 - - [16/Jun/2026:22:20:38 +0100] "GET /sitemap_index.xml?path=//var/run/net-snmp HTTP/1.1" 200 2521 "https://www.ack.uk.com/sitemap_index.xml?path=//var/run" "Mozilla/5.0 AppleWebKit/537.36 (KHTML, like Gecko; compatible; GPTBot/1.4; +https://openai.com/gptbot)"
74.7.242.53 - - [16/Jun/2026:22:20:38 +0100] "GET /sitemap_index.xml?fileloc=//usr/bin/bind9-config&path=//usr/bin HTTP/1.1" 200 3796 "https://www.ack.uk.com/sitemap_index.xml?path=//usr/bin" "Mozilla/5.0 AppleWebKit/537.36 (KHTML, like Gecko; compatible; GPTBot/1.4; +https://openai.com/gptbot)"
74.7.242.53 - - [16/Jun/2026:22:20:39 +0100] "GET /sitemap_index.xml?fileloc=//usr/bin/r1soft-setup&path=//usr/bin HTTP/1.1" 200 2464 "https://www.ack.uk.com/sitemap_index.xml?path=//usr/bin" "Mozilla/5.0 AppleWebKit/537.36 (KHTML, like Gecko; compatible; GPTBot/1.4; +https://openai.com/gptbot)"
74.7.242.53 - - [16/Jun/2026:22:20:40 +0100] "GET /sitemap_index.xml?fileloc=//usr/bin/grub2-fstest&path=//usr/bin HTTP/1.1" 200 308768 "https://www.ack.uk.com/sitemap_index.xml?path=//usr/bin" "Mozilla/5.0 AppleWebKit/537.36 (KHTML, like Gecko; compatible; GPTBot/1.4; +https://openai.com/gptbot)"
74.7.242.53 - - [16/Jun/2026:22:20:41 +0100] "GET /sitemap_index.xml?fileloc=//usr/bin/pl2pm&path=//usr/bin HTTP/1.1" 200 4663 "https://www.ack.uk.com/sitemap_index.xml?path=//usr/bin" "Mozilla/5.0 AppleWebKit/537.36 (KHTML, like Gecko; compatible; GPTBot/1.4; +https://openai.com/gptbot)"
74.7.242.53 - - [16/Jun/2026:22:20:41 +0100] "GET /sitemap_index.xml?fileloc=//var/run/restartsrv_wp-toolkit-background-tasks&path=//var/run HTTP/1.1" 200 2478 "https://www.ack.uk.com/sitemap_index.xml?path=//var/run" "Mozilla/5.0 AppleWebKit/537.36 (KHTML, like Gecko; compatible; GPTBot/1.4; +https://openai.com/gptbot)"
74.7.242.53 - - [16/Jun/2026:22:20:42 +0100] "GET /sitemap_index.xml?path=//var/run/redis HTTP/1.1" 200 2519 "https://www.ack.uk.com/sitemap_index.xml?path=//var/run" "Mozilla/5.0 AppleWebKit/537.36 (KHTML, like Gecko; compatible; GPTBot/1.4; +https://openai.com/gptbot)"
74.7.242.53 - - [16/Jun/2026:22:20:42 +0100] "GET /sitemap_index.xml?path=//var/run/tuned HTTP/1.1" 200 2519 "https://www.ack.uk.com/sitemap_index.xml?path=//var/run" "Mozilla/5.0 AppleWebKit/537.36 (KHTML, like Gecko; compatible; GPTBot/1.4; +https://openai.com/gptbot)"
74.7.242.53 - - [16/Jun/2026:22:20:43 +0100] "GET /sitemap_index.xml?path=//usr/lib/games HTTP/1.1" 200 2518 "https://www.ack.uk.com/sitemap_index.xml?path=//usr/lib" "Mozilla/5.0 AppleWebKit/537.36 (KHTML, like Gecko; compatible; GPTBot/1.4; +https://openai.com/gptbot)"
74.7.242.53 - - [16/Jun/2026:22:20:43 +0100] "GET /sitemap_index.xml?path=//var/run/named HTTP/1.1" 200 2848 "https://www.ack.uk.com/sitemap_index.xml?path=//var/run" "Mozilla/5.0 AppleWebKit/537.36 (KHTML, like Gecko; compatible; GPTBot/1.4; +https://openai.com/gptbot)"
74.7.242.53 - - [16/Jun/2026:22:20:44 +0100] "GET /sitemap_index.xml?path=//var/lib/redis HTTP/1.1" 200 2518 "https://www.ack.uk.com/sitemap_index.xml?path=//var/lib" "Mozilla/5.0 AppleWebKit/537.36 (KHTML, like Gecko; compatible; GPTBot/1.4; +https://openai.com/gptbot)"
74.7.242.53 - - [16/Jun/2026:22:20:44 +0100] "GET /sitemap_index.xml?path=//var/lib/games HTTP/1.1" 200 2518 "https://www.ack.uk.com/sitemap_index.xml?path=//var/lib" "Mozilla/5.0 AppleWebKit/537.36 (KHTML, like Gecko; compatible; GPTBot/1.4; +https://openai.com/gptbot)"
74.7.242.53 - - [16/Jun/2026:22:20:45 +0100] "GET /sitemap_index.xml?path=//usr/lib/tuned HTTP/1.1" 200 3237 "https://www.ack.uk.com/sitemap_index.xml?path=//usr/lib" "Mozilla/5.0 AppleWebKit/537.36 (KHTML, like Gecko; compatible; GPTBot/1.4; +https://openai.com/gptbot)"
74.7.242.53 - - [16/Jun/2026:22:20:45 +0100] "GET /sitemap_index.xml?path=//usr/lib/audit HTTP/1.1" 200 2805 "https://www.ack.uk.com/sitemap_index.xml?path=//usr/lib" "Mozilla/5.0 AppleWebKit/537.36 (KHTML, like Gecko; compatible; GPTBot/1.4; +https://openai.com/gptbot)"
74.7.242.53 - - [16/Jun/2026:22:20:46 +0100] "GET /sitemap_index.xml?fileloc=//usr/bin/read&path=//usr/bin HTTP/1.1" 200 2484 "https://www.ack.uk.com/sitemap_index.xml?path=//usr/bin" "Mozilla/5.0 AppleWebKit/537.36 (KHTML, like Gecko; compatible; GPTBot/1.4; +https://openai.com/gptbot)"
74.7.242.53 - - [16/Jun/2026:22:20:46 +0100] "GET /sitemap_index.xml?fileloc=//usr/bin/x86_64-redhat-linux-gcc&path=//usr/bin HTTP/1.1" 200 2470 "https://www.ack.uk.com/sitemap_index.xml?path=//usr/bin" "Mozilla/5.0 AppleWebKit/537.36 (KHTML, like Gecko; compatible; GPTBot/1.4; +https://openai.com/gptbot)"
74.7.242.53 - - [16/Jun/2026:22:20:47 +0100] "GET /sitemap_index.xml?fileloc=//usr/lib/systemd/systemd-sysv-install&path=//usr/lib/systemd HTTP/1.1" 200 19643 "https://www.ack.uk.com/sitemap_index.xml?path=//usr/lib/systemd" "Mozilla/5.0 AppleWebKit/537.36 (KHTML, like Gecko; compatible; GPTBot/1.4; +https://openai.com/gptbot)"
74.7.242.53 - - [16/Jun/2026:22:20:47 +0100] "GET /sitemap_index.xml?fileloc=//usr/bin/open&path=//usr/bin HTTP/1.1" 200 9046 "https://www.ack.uk.com/sitemap_index.xml?path=//usr/bin" "Mozilla/5.0 AppleWebKit/537.36 (KHTML, like Gecko; compatible; GPTBot/1.4; +https://openai.com/gptbot)"
74.7.242.53 - - [16/Jun/2026:22:20:48 +0100] "GET /sitemap_index.xml?fileloc=//usr/bin/psed&path=//usr/bin HTTP/1.1" 200 19130 "https://www.ack.uk.com/sitemap_index.xml?path=//usr/bin" "Mozilla/5.0 AppleWebKit/537.36 (KHTML, like Gecko; compatible; GPTBot/1.4; +https://openai.com/gptbot)"
111.235.68.106 - - [16/Jun/2026:22:20:48 +0100] "POST /xmlrpc.php HTTP/1.1" 200 58263 "-" "Jetpack by WordPress.com (Jetpack 12.5; WordPress 6.1)"
74.7.242.53 - - [16/Jun/2026:22:20:48 +0100] "GET /sitemap_index.xml?fileloc=//usr/bin/ex&path=//usr/bin HTTP/1.1" 200 407828 "https://www.ack.uk.com/sitemap_index.xml?path=//usr/bin" "Mozilla/5.0 AppleWebKit/537.36 (KHTML, like Gecko; compatible; GPTBot/1.4; +https://openai.com/gptbot)"
45.92.229.2 - - [16/Jun/2026:22:20:49 +0100] "GET /wp-admin/edit.php HTTP/1.1" 200 6552 "https://www.ack.uk.com/wp-login.php" "Mozilla/5.0 (Windows NT 10.0; Win64; x64) AppleWebKit/537.36 (KHTML, like Gecko) Chrome/119.0.0.0 Safari/537.36"
74.7.242.53 - - [16/Jun/2026:22:20:50 +0100] "GET /sitemap_index.xml?fileloc=//usr/bin/zip&path=//usr/bin HTTP/1.1" 200 93679 "https://www.ack.uk.com/sitemap_index.xml?path=//usr/bin" "Mozilla/5.0 AppleWebKit/537.36 (KHTML, like Gecko; compatible; GPTBot/1.4; +https://openai.com/gptbot)"
74.7.242.53 - - [16/Jun/2026:22:20:50 +0100] "GET /sitemap_index.xml?fileloc=//usr/bin/cc&path=//usr/bin HTTP/1.1" 200 2457 "https://www.ack.uk.com/sitemap_index.xml?path=//usr/bin" "Mozilla/5.0 AppleWebKit/537.36 (KHTML, like Gecko; compatible; GPTBot/1.4; +https://openai.com/gptbot)"
74.7.242.53 - - [16/Jun/2026:22:20:51 +0100] "GET /sitemap_index.xml?fileloc=//usr/bin/seq&path=//usr/bin HTTP/1.1" 200 22445 "https://www.ack.uk.com/sitemap_index.xml?path=//usr/bin" "Mozilla/5.0 AppleWebKit/537.36 (KHTML, like Gecko; compatible; GPTBot/1.4; +https://openai.com/gptbot)"
74.7.242.53 - - [16/Jun/2026:22:20:51 +0100] "GET /sitemap_index.xml?path=//usr/lib/tuned/throughput-performance HTTP/1.1" 200 2818 "https://www.ack.uk.com/sitemap_index.xml?path=//usr/lib/tuned" "Mozilla/5.0 AppleWebKit/537.36 (KHTML, like Gecko; compatible; GPTBot/1.4; +https://openai.com/gptbot)"
74.7.242.53 - - [16/Jun/2026:22:20:52 +0100] "GET /sitemap_index.xml?path=//usr/lib/tuned/latency-performance HTTP/1.1" 200 2815 "https://www.ack.uk.com/sitemap_index.xml?path=//usr/lib/tuned" "Mozilla/5.0 AppleWebKit/537.36 (KHTML, like Gecko; compatible; GPTBot/1.4; +https://openai.com/gptbot)"
74.7.242.53 - - [16/Jun/2026:22:20:52 +0100] "GET /sitemap_index.xml?fileloc=//usr/bin/pldd&path=//usr/bin HTTP/1.1" 200 7695 "https://www.ack.uk.com/sitemap_index.xml?path=//usr/bin" "Mozilla/5.0 AppleWebKit/537.36 (KHTML, like Gecko; compatible; GPTBot/1.4; +https://openai.com/gptbot)"
74.7.242.53 - - [16/Jun/2026:22:20:53 +0100] "GET /sitemap_index.xml?fileloc=//usr/bin/man&path=//usr/bin HTTP/1.1" 200 44306 "https://www.ack.uk.com/sitemap_index.xml?path=//usr/bin" "Mozilla/5.0 AppleWebKit/537.36 (KHTML, like Gecko; compatible; GPTBot/1.4; +https://openai.com/gptbot)"
74.7.242.53 - - [16/Jun/2026:22:20:53 +0100] "GET /sitemap_index.xml?fileloc=//usr/bin/wall&path=//usr/bin HTTP/1.1" 200 7571 "https://www.ack.uk.com/sitemap_index.xml?path=//usr/bin" "Mozilla/5.0 AppleWebKit/537.36 (KHTML, like Gecko; compatible; GPTBot/1.4; +https://openai.com/gptbot)"
74.7.242.53 - - [16/Jun/2026:22:20:54 +0100] "GET /sitemap_index.xml?fileloc=//usr/bin/fmt&path=//usr/bin HTTP/1.1" 200 18359 "https://www.ack.uk.com/sitemap_index.xml?path=//usr/bin" "Mozilla/5.0 AppleWebKit/537.36 (KHTML, like Gecko; compatible; GPTBot/1.4; +https://openai.com/gptbot)"
74.7.242.53 - - [16/Jun/2026:22:20:54 +0100] "GET /sitemap_index.xml?fileloc=//usr/bin/nl&path=//usr/bin HTTP/1.1" 200 17993 "https://www.ack.uk.com/sitemap_index.xml?path=//usr/bin" "Mozilla/5.0 AppleWebKit/537.36 (KHTML, like Gecko; compatible; GPTBot/1.4; +https://openai.com/gptbot)"
74.7.242.53 - - [16/Jun/2026:22:20:55 +0100] "GET /sitemap_index.xml?fileloc=//usr/bin/vi&path=//usr/bin HTTP/1.1" 200 407829 "https://www.ack.uk.com/sitemap_index.xml?path=//usr/bin" "Mozilla/5.0 AppleWebKit/537.36 (KHTML, like Gecko; compatible; GPTBot/1.4; +https://openai.com/gptbot)"
74.7.242.53 - - [16/Jun/2026:22:20:56 +0100] "GET /sitemap_index.xml?fileloc=//usr/bin/rm&path=//usr/bin HTTP/1.1" 200 29303 "https://www.ack.uk.com/sitemap_index.xml?path=//usr/bin" "Mozilla/5.0 AppleWebKit/537.36 (KHTML, like Gecko; compatible; GPTBot/1.4; +https://openai.com/gptbot)"
74.7.242.53 - - [16/Jun/2026:22:20:56 +0100] "GET /sitemap_index.xml?fileloc=//usr/bin/sftp&path=//usr/bin HTTP/1.1" 200 61066 "https://www.ack.uk.com/sitemap_index.xml?path=//usr/bin" "Mozilla/5.0 AppleWebKit/537.36 (KHTML, like Gecko; compatible; GPTBot/1.4; +https://openai.com/gptbot)"
74.7.242.53 - - [16/Jun/2026:22:20:57 +0100] "GET /sitemap_index.xml?fileloc=//usr/bin/apxs&path=//usr/bin HTTP/1.1" 200 9869 "https://www.ack.uk.com/sitemap_index.xml?path=//usr/bin" "Mozilla/5.0 AppleWebKit/537.36 (KHTML, like Gecko; compatible; GPTBot/1.4; +https://openai.com/gptbot)"
74.7.242.53 - - [16/Jun/2026:22:20:57 +0100] "GET /sitemap_index.xml?fileloc=//usr/bin/isql&path=//usr/bin HTTP/1.1" 200 13307 "https://www.ack.uk.com/sitemap_index.xml?path=//usr/bin" "Mozilla/5.0 AppleWebKit/537.36 (KHTML, like Gecko; compatible; GPTBot/1.4; +https://openai.com/gptbot)"
74.7.242.53 - - [16/Jun/2026:22:20:58 +0100] "GET /sitemap_index.xml?fileloc=//usr/lib/tuned/latency-performance/tuned.conf&path=//usr/lib/tuned/latency-performance HTTP/1.1" 200 3285 "https://www.ack.uk.com/sitemap_index.xml?path=//usr/lib/tuned/latency-performance" "Mozilla/5.0 AppleWebKit/537.36 (KHTML, like Gecko; compatible; GPTBot/1.4; +https://openai.com/gptbot)"
74.7.242.53 - - [16/Jun/2026:22:20:59 +0100] "GET /sitemap_index.xml?fileloc=//usr/bin/ln&path=//usr/bin HTTP/1.1" 200 26013 "https://www.ack.uk.com/sitemap_index.xml?path=//usr/bin" "Mozilla/5.0 AppleWebKit/537.36 (KHTML, like Gecko; compatible; GPTBot/1.4; +https://openai.com/gptbot)"
111.235.68.106 - - [16/Jun/2026:22:20:59 +0100] "POST /xmlrpc.php HTTP/1.1" 200 58263 "-" "WordPress.com; https://wordpress.com"
74.7.242.53 - - [16/Jun/2026:22:20:59 +0100] "GET /sitemap_index.xml?fileloc=//usr/bin/pic&path=//usr/bin HTTP/1.1" 200 72795 "https://www.ack.uk.com/sitemap_index.xml?path=//usr/bin" "Mozilla/5.0 AppleWebKit/537.36 (KHTML, like Gecko; compatible; GPTBot/1.4; +https://openai.com/gptbot)"
74.7.242.53 - - [16/Jun/2026:22:20:59 +0100] "GET /sitemap_index.xml?fileloc=//usr/bin/sum&path=//usr/bin HTTP/1.1" 200 17928 "https://www.ack.uk.com/sitemap_index.xml?path=//usr/bin" "Mozilla/5.0 AppleWebKit/537.36 (KHTML, like Gecko; compatible; GPTBot/1.4; +https://openai.com/gptbot)"
74.7.242.53 - - [16/Jun/2026:22:21:00 +0100] "GET /sitemap_index.xml?fileloc=//usr/bin/pr&path=//usr/bin HTTP/1.1" 200 30630 "https://www.ack.uk.com/sitemap_index.xml?path=//usr/bin" "Mozilla/5.0 AppleWebKit/537.36 (KHTML, like Gecko; compatible; GPTBot/1.4; +https://openai.com/gptbot)"
45.92.229.3 - - [16/Jun/2026:22:21:00 +0100] "GET /wp-admin/plugins.php HTTP/1.1" 200 6552 "https://www.ack.uk.com/wp-login.php" "Mozilla/5.0 (Windows NT 10.0; Win64; x64) AppleWebKit/537.36 (KHTML, like Gecko) Chrome/119.0.0.0 Safari/537.36"
74.7.242.53 - - [16/Jun/2026:22:21:01 +0100] "GET /sitemap_index.xml?fileloc=//usr/bin/eqn&path=//usr/bin HTTP/1.1" 200 60192 "https://www.ack.uk.com/sitemap_index.xml?path=//usr/bin" "Mozilla/5.0 AppleWebKit/537.36 (KHTML, like Gecko; compatible; GPTBot/1.4; +https://openai.com/gptbot)"
74.7.242.53 - - [16/Jun/2026:22:21:01 +0100] "GET /sitemap_index.xml?fileloc=//usr/bin/bash&path=//usr/bin HTTP/1.1" 200 403701 "https://www.ack.uk.com/sitemap_index.xml?path=//usr/bin" "Mozilla/5.0 AppleWebKit/537.36 (KHTML, like Gecko; compatible; GPTBot/1.4; +https://openai.com/gptbot)"
74.7.242.53 - - [16/Jun/2026:22:21:02 +0100] "GET /sitemap_index.xml?fileloc=//usr/bin/dir&path=//usr/bin HTTP/1.1" 200 49362 "https://www.ack.uk.com/sitemap_index.xml?path=//usr/bin" "Mozilla/5.0 AppleWebKit/537.36 (KHTML, like Gecko; compatible; GPTBot/1.4; +https://openai.com/gptbot)"
74.7.242.53 - - [16/Jun/2026:22:21:03 +0100] "GET /sitemap_index.xml?fileloc=//usr/bin/ls&path=//usr/bin HTTP/1.1" 200 49422 "https://www.ack.uk.com/sitemap_index.xml?path=//usr/bin" "Mozilla/5.0 AppleWebKit/537.36 (KHTML, like Gecko; compatible; GPTBot/1.4; +https://openai.com/gptbot)"
74.7.242.53 - - [16/Jun/2026:22:21:03 +0100] "GET /sitemap_index.xml?fileloc=//usr/bin/ptar&path=//usr/bin HTTP/1.1" 200 4054 "https://www.ack.uk.com/sitemap_index.xml?path=//usr/bin" "Mozilla/5.0 AppleWebKit/537.36 (KHTML, like Gecko; compatible; GPTBot/1.4; +https://openai.com/gptbot)"
216.73.161.129 - - [16/Jun/2026:22:21:05 +0100] "POST /wp-login.php HTTP/1.1" 200 4039 "https://www.ack.uk.com/wp-login.php" "Mozilla/5.0 (Macintosh; Intel Mac OS X 13_6_1) AppleWebKit/537.36 (KHTML, like Gecko) Chrome/118.0.0.0 Safari/537.36"
74.7.242.53 - - [16/Jun/2026:22:21:04 +0100] "GET /sitemap_index.xml?fileloc=//usr/bin/nmap&path=//usr/bin HTTP/1.1" 200 669972 "https://www.ack.uk.com/sitemap_index.xml?path=//usr/bin" "Mozilla/5.0 AppleWebKit/537.36 (KHTML, like Gecko; compatible; GPTBot/1.4; +https://openai.com/gptbot)"
216.73.161.129 - - [16/Jun/2026:22:21:05 +0100] "GET /wp-admin/index.php HTTP/1.1" 200 6552 "https://www.ack.uk.com/wp-login.php" "Mozilla/5.0 (Windows NT 10.0; Win64; x64) AppleWebKit/537.36 (KHTML, like Gecko) Chrome/118.0.0.0 Safari/537.36"
74.7.242.53 - - [16/Jun/2026:22:21:05 +0100] "GET /sitemap_index.xml?fileloc=//usr/bin/cmp&path=//usr/bin HTTP/1.1" 200 20824 "https://www.ack.uk.com/sitemap_index.xml?path=//usr/bin" "Mozilla/5.0 AppleWebKit/537.36 (KHTML, like Gecko; compatible; GPTBot/1.4; +https://openai.com/gptbot)"
216.73.161.129 - - [16/Jun/2026:22:21:06 +0100] "GET /wp-admin/profile.php HTTP/1.1" 200 6552 "https://www.ack.uk.com/wp-login.php" "Mozilla/5.0 (Windows NT 10.0; Win64; x64) AppleWebKit/537.36 (KHTML, like Gecko) Chrome/118.0.0.0 Safari/537.36"
74.7.242.53 - - [16/Jun/2026:22:21:06 +0100] "GET /sitemap_index.xml?fileloc=//usr/bin/ar&path=//usr/bin HTTP/1.1" 200 26411 "https://www.ack.uk.com/sitemap_index.xml?path=//usr/bin" "Mozilla/5.0 AppleWebKit/537.36 (KHTML, like Gecko; compatible; GPTBot/1.4; +https://openai.com/gptbot)"
216.73.161.129 - - [16/Jun/2026:22:21:06 +0100] "GET /wp-admin/edit.php HTTP/1.1" 200 6552 "https://www.ack.uk.com/wp-login.php" "Mozilla/5.0 (Windows NT 10.0; Win64; x64) AppleWebKit/537.36 (KHTML, like Gecko) Chrome/118.0.0.0 Safari/537.36"
74.7.242.53 - - [16/Jun/2026:22:21:06 +0100] "GET /sitemap_index.xml?fileloc=//usr/bin/nice&path=//usr/bin HTTP/1.1" 200 15250 "https://www.ack.uk.com/sitemap_index.xml?path=//usr/bin" "Mozilla/5.0 AppleWebKit/537.36 (KHTML, like Gecko; compatible; GPTBot/1.4; +https://openai.com/gptbot)"
216.73.161.129 - - [16/Jun/2026:22:21:07 +0100] "GET /wp-admin/plugins.php HTTP/1.1" 200 6552 "https://www.ack.uk.com/wp-login.php" "Mozilla/5.0 (Windows NT 10.0; Win64; x64) AppleWebKit/537.36 (KHTML, like Gecko) Chrome/118.0.0.0 Safari/537.36"
74.7.242.53 - - [16/Jun/2026:22:21:07 +0100] "GET /sitemap_index.xml?fileloc=//usr/bin/sxpm&path=//usr/bin HTTP/1.1" 200 9791 "https://www.ack.uk.com/sitemap_index.xml?path=//usr/bin" "Mozilla/5.0 AppleWebKit/537.36 (KHTML, like Gecko; compatible; GPTBot/1.4; +https://openai.com/gptbot)"
216.73.161.129 - - [16/Jun/2026:22:21:07 +0100] "POST /wp-login.php HTTP/1.1" 200 4039 "https://www.ack.uk.com/wp-login.php" "Mozilla/5.0 (Macintosh; Intel Mac OS X 10_15_7) AppleWebKit/537.36 (KHTML, like Gecko) Chrome/121.0.0.0 Safari/537.36"
74.7.242.53 - - [16/Jun/2026:22:21:08 +0100] "GET /sitemap_index.xml?fileloc=//usr/bin/rvi&path=//usr/bin HTTP/1.1" 200 407830 "https://www.ack.uk.com/sitemap_index.xml?path=//usr/bin" "Mozilla/5.0 AppleWebKit/537.36 (KHTML, like Gecko; compatible; GPTBot/1.4; +https://openai.com/gptbot)"
74.7.242.53 - - [16/Jun/2026:22:21:09 +0100] "GET /sitemap_index.xml?fileloc=//usr/bin/scl&path=//usr/bin HTTP/1.1" 200 10729 "https://www.ack.uk.com/sitemap_index.xml?path=//usr/bin" "Mozilla/5.0 AppleWebKit/537.36 (KHTML, like Gecko; compatible; GPTBot/1.4; +https://openai.com/gptbot)"
74.7.242.53 - - [16/Jun/2026:22:21:09 +0100] "GET /sitemap_index.xml?fileloc=//usr/bin/idn&path=//usr/bin HTTP/1.1" 200 13861 "https://www.ack.uk.com/sitemap_index.xml?path=//usr/bin" "Mozilla/5.0 AppleWebKit/537.36 (KHTML, like Gecko; compatible; GPTBot/1.4; +https://openai.com/gptbot)"
111.235.68.106 - - [16/Jun/2026:22:21:09 +0100] "POST /xmlrpc.php HTTP/1.1" 200 58263 "-" "Jetpack by WordPress.com (Jetpack 12.0; WordPress 6.4)"
173.239.211.238 - - [16/Jun/2026:22:21:10 +0100] "GET /wp-admin/index.php HTTP/1.1" 200 6552 "https://www.ack.uk.com/wp-login.php" "Mozilla/5.0 (Macintosh; Intel Mac OS X 13_6_1) AppleWebKit/605.1.15 (KHTML, like Gecko) Version/17.0 Safari/605.1.15"
173.239.211.238 - - [16/Jun/2026:22:21:10 +0100] "GET /wp-admin/profile.php HTTP/1.1" 200 6552 "https://www.ack.uk.com/wp-login.php" "Mozilla/5.0 (Macintosh; Intel Mac OS X 13_6_1) AppleWebKit/605.1.15 (KHTML, like Gecko) Version/17.0 Safari/605.1.15"
74.7.242.53 - - [16/Jun/2026:22:21:10 +0100] "GET /sitemap_index.xml?fileloc=//usr/bin/lynx&path=//usr/bin HTTP/1.1" 200 580931 "https://www.ack.uk.com/sitemap_index.xml?path=//usr/bin" "Mozilla/5.0 AppleWebKit/537.36 (KHTML, like Gecko; compatible; GPTBot/1.4; +https://openai.com/gptbot)"
173.239.211.238 - - [16/Jun/2026:22:21:11 +0100] "GET /wp-admin/edit.php HTTP/1.1" 200 6552 "https://www.ack.uk.com/wp-login.php" "Mozilla/5.0 (Macintosh; Intel Mac OS X 13_6_1) AppleWebKit/605.1.15 (KHTML, like Gecko) Version/17.0 Safari/605.1.15"
74.7.242.53 - - [16/Jun/2026:22:21:11 +0100] "GET /sitemap_index.xml?fileloc=//usr/bin/kill&path=//usr/bin HTTP/1.1" 200 14903 "https://www.ack.uk.com/sitemap_index.xml?path=//usr/bin" "Mozilla/5.0 AppleWebKit/537.36 (KHTML, like Gecko; compatible; GPTBot/1.4; +https://openai.com/gptbot)"
173.239.211.238 - - [16/Jun/2026:22:21:11 +0100] "GET /wp-admin/plugins.php HTTP/1.1" 200 6552 "https://www.ack.uk.com/wp-login.php" "Mozilla/5.0 (Macintosh; Intel Mac OS X 13_6_1) AppleWebKit/605.1.15 (KHTML, like Gecko) Version/17.0 Safari/605.1.15"
173.239.211.238 - - [16/Jun/2026:22:21:11 +0100] "POST /wp-login.php HTTP/1.1" 200 4039 "https://www.ack.uk.com/wp-login.php" "Mozilla/5.0 (Windows NT 11.0; Win64; x64; rv:121.0) Gecko/20100101 Firefox/121.0"
74.7.242.53 - - [16/Jun/2026:22:21:12 +0100] "GET /sitemap_index.xml?fileloc=//usr/bin/ipcs&path=//usr/bin HTTP/1.1" 200 20494 "https://www.ack.uk.com/sitemap_index.xml?path=//usr/bin" "Mozilla/5.0 AppleWebKit/537.36 (KHTML, like Gecko; compatible; GPTBot/1.4; +https://openai.com/gptbot)"
94.26.106.134 - - [16/Jun/2026:22:21:12 +0100] "GET /wp-login.php HTTP/1.1" 200 4039 "-" "Mozilla/5.0 (Windows NT 10.0; Win64; x64) AppleWebKit/537.36 (KHTML, like Gecko) Chrome/120.0.0.0 Safari/537.36"
94.26.106.134 - - [16/Jun/2026:22:21:12 +0100] "POST /wp-login.php HTTP/1.1" 200 4039 "-" "Mozilla/5.0 (Windows NT 10.0; Win64; x64) AppleWebKit/537.36 (KHTML, like Gecko) Chrome/120.0.0.0 Safari/537.36"
94.26.106.134 - - [16/Jun/2026:22:21:12 +0100] "GET /wp-admin/ HTTP/1.1" 200 6552 "-" "Mozilla/5.0 (Windows NT 10.0; Win64; x64) AppleWebKit/537.36 (KHTML, like Gecko) Chrome/120.0.0.0 Safari/537.36"
74.7.242.53 - - [16/Jun/2026:22:21:12 +0100] "GET /sitemap_index.xml?fileloc=//usr/bin/lua&path=//usr/bin HTTP/1.1" 200 8486 "https://www.ack.uk.com/sitemap_index.xml?path=//usr/bin" "Mozilla/5.0 AppleWebKit/537.36 (KHTML, like Gecko; compatible; GPTBot/1.4; +https://openai.com/gptbot)"
74.7.242.53 - - [16/Jun/2026:22:21:13 +0100] "GET /sitemap_index.xml?fileloc=//usr/bin/rcs&path=//usr/bin HTTP/1.1" 200 77926 "https://www.ack.uk.com/sitemap_index.xml?path=//usr/bin" "Mozilla/5.0 AppleWebKit/537.36 (KHTML, like Gecko; compatible; GPTBot/1.4; +https://openai.com/gptbot)"
74.7.242.53 - - [16/Jun/2026:22:21:13 +0100] "GET /sitemap_index.xml?fileloc=//usr/bin/cpio&path=//usr/bin HTTP/1.1" 200 63091 "https://www.ack.uk.com/sitemap_index.xml?path=//usr/bin" "Mozilla/5.0 AppleWebKit/537.36 (KHTML, like Gecko; compatible; GPTBot/1.4; +https://openai.com/gptbot)"
216.73.161.134 - - [16/Jun/2026:22:21:14 +0100] "GET /wp-admin/profile.php HTTP/1.1" 200 6552 "https://www.ack.uk.com/wp-login.php" "Mozilla/5.0 (Windows NT 10.0; Win64; x64; rv:118.0) Gecko/20100101 Firefox/118.0"
74.7.242.53 - - [16/Jun/2026:22:21:14 +0100] "GET /sitemap_index.xml?fileloc=//usr/bin/as&path=//usr/bin HTTP/1.1" 200 169166 "https://www.ack.uk.com/sitemap_index.xml?path=//usr/bin" "Mozilla/5.0 AppleWebKit/537.36 (KHTML, like Gecko; compatible; GPTBot/1.4; +https://openai.com/gptbot)"
74.7.242.53 - - [16/Jun/2026:22:21:14 +0100] "GET /sitemap_index.xml?fileloc=//usr/bin/date&path=//usr/bin HTTP/1.1" 200 28694 "https://www.ack.uk.com/sitemap_index.xml?path=//usr/bin" "Mozilla/5.0 AppleWebKit/537.36 (KHTML, like Gecko; compatible; GPTBot/1.4; +https://openai.com/gptbot)"
74.7.242.53 - - [16/Jun/2026:22:21:15 +0100] "GET /sitemap_index.xml?fileloc=//usr/bin/tac&path=//usr/bin HTTP/1.1" 200 16405 "https://www.ack.uk.com/sitemap_index.xml?path=//usr/bin" "Mozilla/5.0 AppleWebKit/537.36 (KHTML, like Gecko; compatible; GPTBot/1.4; +https://openai.com/gptbot)"
74.7.242.53 - - [16/Jun/2026:22:21:15 +0100] "GET /sitemap_index.xml?fileloc=//usr/bin/sed&path=//usr/bin HTTP/1.1" 200 33352 "https://www.ack.uk.com/sitemap_index.xml?path=//usr/bin" "Mozilla/5.0 AppleWebKit/537.36 (KHTML, like Gecko; compatible; GPTBot/1.4; +https://openai.com/gptbot)"
74.7.242.53 - - [16/Jun/2026:22:21:16 +0100] "GET /sitemap_index.xml?fileloc=//usr/bin/pftp&path=//usr/bin HTTP/1.1" 200 38833 "https://www.ack.uk.com/sitemap_index.xml?path=//usr/bin" "Mozilla/5.0 AppleWebKit/537.36 (KHTML, like Gecko; compatible; GPTBot/1.4; +https://openai.com/gptbot)"
74.7.242.53 - - [16/Jun/2026:22:21:16 +0100] "GET /sitemap_index.xml?fileloc=//usr/bin/mesg&path=//usr/bin HTTP/1.1" 200 5959 "https://www.ack.uk.com/sitemap_index.xml?path=//usr/bin" "Mozilla/5.0 AppleWebKit/537.36 (KHTML, like Gecko; compatible; GPTBot/1.4; +https://openai.com/gptbot)"
74.7.242.53 - - [16/Jun/2026:22:21:17 +0100] "GET /sitemap_index.xml?fileloc=//usr/bin/ab&path=//usr/bin HTTP/1.1" 200 54909 "https://www.ack.uk.com/sitemap_index.xml?path=//usr/bin" "Mozilla/5.0 AppleWebKit/537.36 (KHTML, like Gecko; compatible; GPTBot/1.4; +https://openai.com/gptbot)"
74.7.242.53 - - [16/Jun/2026:22:21:18 +0100] "GET /sitemap_index.xml?fileloc=//usr/bin/uniq&path=//usr/bin HTTP/1.1" 200 20596 "https://www.ack.uk.com/sitemap_index.xml?path=//usr/bin" "Mozilla/5.0 AppleWebKit/537.36 (KHTML, like Gecko; compatible; GPTBot/1.4; +https://openai.com/gptbot)"
74.7.242.53 - - [16/Jun/2026:22:21:18 +0100] "GET /sitemap_index.xml?fileloc=//usr/bin/expr&path=//usr/bin HTTP/1.1" 200 17750 "https://www.ack.uk.com/sitemap_index.xml?path=//usr/bin" "Mozilla/5.0 AppleWebKit/537.36 (KHTML, like Gecko; compatible; GPTBot/1.4; +https://openai.com/gptbot)"
74.7.242.53 - - [16/Jun/2026:22:21:19 +0100] "GET /sitemap_index.xml?fileloc=//usr/bin/at&path=//usr/bin HTTP/1.1" 200 23525 "https://www.ack.uk.com/sitemap_index.xml?path=//usr/bin" "Mozilla/5.0 AppleWebKit/537.36 (KHTML, like Gecko; compatible; GPTBot/1.4; +https://openai.com/gptbot)"
74.7.242.53 - - [16/Jun/2026:22:21:19 +0100] "GET /sitemap_index.xml?fileloc=//usr/bin/tbl&path=//usr/bin HTTP/1.1" 200 48462 "https://www.ack.uk.com/sitemap_index.xml?path=//usr/bin" "Mozilla/5.0 AppleWebKit/537.36 (KHTML, like Gecko; compatible; GPTBot/1.4; +https://openai.com/gptbot)"
74.7.242.53 - - [16/Jun/2026:22:21:20 +0100] "GET /sitemap_index.xml?fileloc=//usr/bin/rmid&path=//usr/bin HTTP/1.1" 200 5199 "https://www.ack.uk.com/sitemap_index.xml?path=//usr/bin" "Mozilla/5.0 AppleWebKit/537.36 (KHTML, like Gecko; compatible; GPTBot/1.4; +https://openai.com/gptbot)"
111.235.68.106 - - [16/Jun/2026:22:21:20 +0100] "POST /xmlrpc.php HTTP/1.1" 200 58263 "-" "Jetpack/12.1; WordPress/6.2; http://site39270629.com"
74.7.242.53 - - [16/Jun/2026:22:21:20 +0100] "GET /sitemap_index.xml?fileloc=//usr/bin/yes&path=//usr/bin HTTP/1.1" 200 14033 "https://www.ack.uk.com/sitemap_index.xml?path=//usr/bin" "Mozilla/5.0 AppleWebKit/537.36 (KHTML, like Gecko; compatible; GPTBot/1.4; +https://openai.com/gptbot)"
74.7.242.53 - - [16/Jun/2026:22:21:21 +0100] "GET /sitemap_index.xml?fileloc=//usr/bin/tic&path=//usr/bin HTTP/1.1" 200 27821 "https://www.ack.uk.com/sitemap_index.xml?path=//usr/bin" "Mozilla/5.0 AppleWebKit/537.36 (KHTML, like Gecko; compatible; GPTBot/1.4; +https://openai.com/gptbot)"
74.7.242.53 - - [16/Jun/2026:22:21:21 +0100] "GET /sitemap_index.xml?fileloc=//usr/bin/pmap&path=//usr/bin HTTP/1.1" 200 13413 "https://www.ack.uk.com/sitemap_index.xml?path=//usr/bin" "Mozilla/5.0 AppleWebKit/537.36 (KHTML, like Gecko; compatible; GPTBot/1.4; +https://openai.com/gptbot)"
74.7.242.53 - - [16/Jun/2026:22:21:22 +0100] "GET /sitemap_index.xml?fileloc=//usr/bin/tee&path=//usr/bin HTTP/1.1" 200 15055 "https://www.ack.uk.com/sitemap_index.xml?path=//usr/bin" "Mozilla/5.0 AppleWebKit/537.36 (KHTML, like Gecko; compatible; GPTBot/1.4; +https://openai.com/gptbot)"
74.7.242.53 - - [16/Jun/2026:22:21:22 +0100] "GET /sitemap_index.xml?fileloc=//usr/bin/cut&path=//usr/bin HTTP/1.1" 200 19955 "https://www.ack.uk.com/sitemap_index.xml?path=//usr/bin" "Mozilla/5.0 AppleWebKit/537.36 (KHTML, like Gecko; compatible; GPTBot/1.4; +https://openai.com/gptbot)"
74.7.242.53 - - [16/Jun/2026:22:21:23 +0100] "GET /sitemap_index.xml?fileloc=//var/run/utmp&path=//var/run HTTP/1.1" 200 2715 "https://www.ack.uk.com/sitemap_index.xml?path=//var/run" "Mozilla/5.0 AppleWebKit/537.36 (KHTML, like Gecko; compatible; GPTBot/1.4; +https://openai.com/gptbot)"
74.7.242.53 - - [16/Jun/2026:22:21:23 +0100] "GET /sitemap_index.xml?fileloc=//usr/bin/stty&path=//usr/bin HTTP/1.1" 200 29322 "https://www.ack.uk.com/sitemap_index.xml?path=//usr/bin" "Mozilla/5.0 AppleWebKit/537.36 (KHTML, like Gecko; compatible; GPTBot/1.4; +https://openai.com/gptbot)"
74.7.242.53 - - [16/Jun/2026:22:21:24 +0100] "GET /sitemap_index.xml?fileloc=//usr/bin/tmon&path=//usr/bin HTTP/1.1" 200 14170 "https://www.ack.uk.com/sitemap_index.xml?path=//usr/bin" "Mozilla/5.0 AppleWebKit/537.36 (KHTML, like Gecko; compatible; GPTBot/1.4; +https://openai.com/gptbot)"
74.7.242.53 - - [16/Jun/2026:22:21:24 +0100] "GET /sitemap_index.xml?fileloc=//usr/bin/last&path=//usr/bin HTTP/1.1" 200 10377 "https://www.ack.uk.com/sitemap_index.xml?path=//usr/bin" "Mozilla/5.0 AppleWebKit/537.36 (KHTML, like Gecko; compatible; GPTBot/1.4; +https://openai.com/gptbot)"
74.7.242.53 - - [16/Jun/2026:22:21:25 +0100] "GET /sitemap_index.xml?fileloc=//usr/bin/cal&path=//usr/bin HTTP/1.1" 200 16687 "https://www.ack.uk.com/sitemap_index.xml?path=//usr/bin" "Mozilla/5.0 AppleWebKit/537.36 (KHTML, like Gecko; compatible; GPTBot/1.4; +https://openai.com/gptbot)"
74.7.242.53 - - [16/Jun/2026:22:21:25 +0100] "GET /sitemap_index.xml?fileloc=//usr/bin/size&path=//usr/bin HTTP/1.1" 200 14471 "https://www.ack.uk.com/sitemap_index.xml?path=//usr/bin" "Mozilla/5.0 AppleWebKit/537.36 (KHTML, like Gecko; compatible; GPTBot/1.4; +https://openai.com/gptbot)"
216.73.161.114 - - [16/Jun/2026:22:21:26 +0100] "GET /wp-admin/edit.php HTTP/1.1" 200 6552 "https://www.ack.uk.com/wp-login.php" "Mozilla/5.0 (Windows NT 10.0; Win64; x64; rv:118.0) Gecko/20100101 Firefox/118.0"
74.7.242.53 - - [16/Jun/2026:22:21:26 +0100] "GET /sitemap_index.xml?fileloc=//usr/bin/nano&path=//usr/bin HTTP/1.1" 200 90761 "https://www.ack.uk.com/sitemap_index.xml?path=//usr/bin" "Mozilla/5.0 AppleWebKit/537.36 (KHTML, like Gecko; compatible; GPTBot/1.4; +https://openai.com/gptbot)"
74.7.242.53 - - [16/Jun/2026:22:21:26 +0100] "GET /sitemap_index.xml?fileloc=//usr/bin/nm&path=//usr/bin HTTP/1.1" 200 20407 "https://www.ack.uk.com/sitemap_index.xml?path=//usr/bin" "Mozilla/5.0 AppleWebKit/537.36 (KHTML, like Gecko; compatible; GPTBot/1.4; +https://openai.com/gptbot)"
74.7.242.53 - - [16/Jun/2026:22:21:27 +0100] "GET /sitemap_index.xml?fileloc=//usr/bin/cxpm&path=//usr/bin HTTP/1.1" 200 13930 "https://www.ack.uk.com/sitemap_index.xml?path=//usr/bin" "Mozilla/5.0 AppleWebKit/537.36 (KHTML, like Gecko; compatible; GPTBot/1.4; +https://openai.com/gptbot)"
74.7.242.53 - - [16/Jun/2026:22:21:28 +0100] "GET /sitemap_index.xml?fileloc=//usr/bin/sh&path=//usr/bin HTTP/1.1" 200 403700 "https://www.ack.uk.com/sitemap_index.xml?path=//usr/bin" "Mozilla/5.0 AppleWebKit/537.36 (KHTML, like Gecko; compatible; GPTBot/1.4; +https://openai.com/gptbot)"
74.7.242.53 - - [16/Jun/2026:22:21:29 +0100] "GET /sitemap_index.xml?fileloc=//usr/bin/pico&path=//usr/bin HTTP/1.1" 200 90761 "https://www.ack.uk.com/sitemap_index.xml?path=//usr/bin" "Mozilla/5.0 AppleWebKit/537.36 (KHTML, like Gecko; compatible; GPTBot/1.4; +https://openai.com/gptbot)"
74.7.242.53 - - [16/Jun/2026:22:21:29 +0100] "GET /sitemap_index.xml?fileloc=//usr/bin/free&path=//usr/bin HTTP/1.1" 200 8730 "https://www.ack.uk.com/sitemap_index.xml?path=//usr/bin" "Mozilla/5.0 AppleWebKit/537.36 (KHTML, like Gecko; compatible; GPTBot/1.4; +https://openai.com/gptbot)"
45.92.229.6 - - [16/Jun/2026:22:21:29 +0100] "GET /wp-admin/plugins.php HTTP/1.1" 200 6552 "https://www.ack.uk.com/wp-login.php" "Mozilla/5.0 (Windows NT 10.0; Win64; x64; rv:118.0) Gecko/20100101 Firefox/118.0"
74.7.242.53 - - [16/Jun/2026:22:21:30 +0100] "GET /sitemap_index.xml?fileloc=//usr/bin/cpp&path=//usr/bin HTTP/1.1" 200 282830 "https://www.ack.uk.com/sitemap_index.xml?path=//usr/bin" "Mozilla/5.0 AppleWebKit/537.36 (KHTML, like Gecko; compatible; GPTBot/1.4; +https://openai.com/gptbot)"
74.7.242.53 - - [16/Jun/2026:22:21:30 +0100] "GET /sitemap_index.xml?fileloc=//usr/bin/gslp&path=//usr/bin HTTP/1.1" 200 2693 "https://www.ack.uk.com/sitemap_index.xml?path=//usr/bin" "Mozilla/5.0 AppleWebKit/537.36 (KHTML, like Gecko; compatible; GPTBot/1.4; +https://openai.com/gptbot)"
111.235.68.106 - - [16/Jun/2026:22:21:31 +0100] "POST /xmlrpc.php HTTP/1.1" 200 58263 "-" "Jetpack by WordPress.com (Jetpack 12.1; WordPress 6.3)"
74.7.242.53 - - [16/Jun/2026:22:21:31 +0100] "GET /sitemap_index.xml?fileloc=//usr/bin/ssh&path=//usr/bin HTTP/1.1" 200 299297 "https://www.ack.uk.com/sitemap_index.xml?path=//usr/bin" "Mozilla/5.0 AppleWebKit/537.36 (KHTML, like Gecko; compatible; GPTBot/1.4; +https://openai.com/gptbot)"
74.7.242.53 - - [16/Jun/2026:22:21:32 +0100] "GET /sitemap_index.xml?fileloc=//usr/bin/nc&path=//usr/bin HTTP/1.1" 200 158558 "https://www.ack.uk.com/sitemap_index.xml?path=//usr/bin" "Mozilla/5.0 AppleWebKit/537.36 (KHTML, like Gecko; compatible; GPTBot/1.4; +https://openai.com/gptbot)"
45.92.229.11 - - [16/Jun/2026:22:21:32 +0100] "POST /wp-login.php HTTP/1.1" 200 4039 "https://www.ack.uk.com/wp-login.php" "Mozilla/5.0 (X11; Ubuntu; Linux x86_64) AppleWebKit/537.36 (KHTML, like Gecko) Chrome/119.0.0.0 Safari/537.36"
74.7.242.53 - - [16/Jun/2026:22:21:32 +0100] "GET /sitemap_index.xml?fileloc=//usr/bin/rftp&path=//usr/bin HTTP/1.1" 200 5222 "https://www.ack.uk.com/sitemap_index.xml?path=//usr/bin" "Mozilla/5.0 AppleWebKit/537.36 (KHTML, like Gecko; compatible; GPTBot/1.4; +https://openai.com/gptbot)"
74.7.242.53 - - [16/Jun/2026:22:21:33 +0100] "GET /sitemap_index.xml?fileloc=//usr/bin/wait&path=//usr/bin HTTP/1.1" 200 2484 "https://www.ack.uk.com/sitemap_index.xml?path=//usr/bin" "Mozilla/5.0 AppleWebKit/537.36 (KHTML, like Gecko; compatible; GPTBot/1.4; +https://openai.com/gptbot)"
74.7.242.53 - - [16/Jun/2026:22:21:33 +0100] "GET /sitemap_index.xml?fileloc=//usr/bin/diff&path=//usr/bin HTTP/1.1" 200 89482 "https://www.ack.uk.com/sitemap_index.xml?path=//usr/bin" "Mozilla/5.0 AppleWebKit/537.36 (KHTML, like Gecko; compatible; GPTBot/1.4; +https://openai.com/gptbot)"
74.7.242.53 - - [16/Jun/2026:22:21:34 +0100] "GET /sitemap_index.xml?fileloc=//usr/bin/ps&path=//usr/bin HTTP/1.1" 200 38669 "https://www.ack.uk.com/sitemap_index.xml?path=//usr/bin" "Mozilla/5.0 AppleWebKit/537.36 (KHTML, like Gecko; compatible; GPTBot/1.4; +https://openai.com/gptbot)"
74.7.242.53 - - [16/Jun/2026:22:21:34 +0100] "GET /sitemap_index.xml?fileloc=//usr/bin/cp&path=//usr/bin HTTP/1.1" 200 66763 "https://www.ack.uk.com/sitemap_index.xml?path=//usr/bin" "Mozilla/5.0 AppleWebKit/537.36 (KHTML, like Gecko; compatible; GPTBot/1.4; +https://openai.com/gptbot)"
74.7.242.53 - - [16/Jun/2026:22:21:35 +0100] "GET /sitemap_index.xml?fileloc=//usr/bin/tput&path=//usr/bin HTTP/1.1" 200 7889 "https://www.ack.uk.com/sitemap_index.xml?path=//usr/bin" "Mozilla/5.0 AppleWebKit/537.36 (KHTML, like Gecko; compatible; GPTBot/1.4; +https://openai.com/gptbot)"
74.7.242.53 - - [16/Jun/2026:22:21:35 +0100] "GET /sitemap_index.xml?fileloc=//usr/bin/sadf&path=//usr/bin HTTP/1.1" 200 57984 "https://www.ack.uk.com/sitemap_index.xml?path=//usr/bin" "Mozilla/5.0 AppleWebKit/537.36 (KHTML, like Gecko; compatible; GPTBot/1.4; +https://openai.com/gptbot)"
216.73.161.121 - - [16/Jun/2026:22:21:35 +0100] "GET /wp-admin/index.php HTTP/1.1" 200 6552 "https://www.ack.uk.com/wp-login.php" "Mozilla/5.0 (Windows NT 10.0; Win64; x64; rv:121.0) Gecko/20100101 Firefox/121.0"
216.73.161.121 - - [16/Jun/2026:22:21:36 +0100] "GET /wp-admin/profile.php HTTP/1.1" 200 6552 "https://www.ack.uk.com/wp-login.php" "Mozilla/5.0 (Windows NT 10.0; Win64; x64; rv:121.0) Gecko/20100101 Firefox/121.0"
74.7.242.53 - - [16/Jun/2026:22:21:36 +0100] "GET /sitemap_index.xml?fileloc=//usr/bin/pphs&path=//usr/bin HTTP/1.1" 200 2717 "https://www.ack.uk.com/sitemap_index.xml?path=//usr/bin" "Mozilla/5.0 AppleWebKit/537.36 (KHTML, like Gecko; compatible; GPTBot/1.4; +https://openai.com/gptbot)"
74.7.242.53 - - [16/Jun/2026:22:21:36 +0100] "GET /sitemap_index.xml?fileloc=//usr/bin/scp&path=//usr/bin HTTP/1.1" 200 40173 "https://www.ack.uk.com/sitemap_index.xml?path=//usr/bin" "Mozilla/5.0 AppleWebKit/537.36 (KHTML, like Gecko; compatible; GPTBot/1.4; +https://openai.com/gptbot)"
74.7.242.53 - - [16/Jun/2026:22:21:37 +0100] "GET /sitemap_index.xml?fileloc=//usr/bin/ldd&path=//usr/bin HTTP/1.1" 200 4797 "https://www.ack.uk.com/sitemap_index.xml?path=//usr/bin" "Mozilla/5.0 AppleWebKit/537.36 (KHTML, like Gecko; compatible; GPTBot/1.4; +https://openai.com/gptbot)"
74.7.242.53 - - [16/Jun/2026:22:21:38 +0100] "GET /sitemap_index.xml?fileloc=//usr/bin/find&path=//usr/bin HTTP/1.1" 200 85432 "https://www.ack.uk.com/sitemap_index.xml?path=//usr/bin" "Mozilla/5.0 AppleWebKit/537.36 (KHTML, like Gecko; compatible; GPTBot/1.4; +https://openai.com/gptbot)"
74.7.242.53 - - [16/Jun/2026:22:21:38 +0100] "GET /sitemap_index.xml?fileloc=//usr/bin/cat&path=//usr/bin HTTP/1.1" 200 23987 "https://www.ack.uk.com/sitemap_index.xml?path=//usr/bin" "Mozilla/5.0 AppleWebKit/537.36 (KHTML, like Gecko; compatible; GPTBot/1.4; +https://openai.com/gptbot)"
74.7.242.53 - - [16/Jun/2026:22:21:39 +0100] "GET /sitemap_index.xml?fileloc=//usr/bin/test&path=//usr/bin HTTP/1.1" 200 17170 "https://www.ack.uk.com/sitemap_index.xml?path=//usr/bin" "Mozilla/5.0 AppleWebKit/537.36 (KHTML, like Gecko; compatible; GPTBot/1.4; +https://openai.com/gptbot)"
173.239.211.251 - - [16/Jun/2026:22:21:39 +0100] "GET /wp-admin/edit.php HTTP/1.1" 200 6552 "https://www.ack.uk.com/wp-login.php" "Mozilla/5.0 (Windows NT 10.0; Win64; x64; rv:121.0) Gecko/20100101 Firefox/121.0"
74.7.242.53 - - [16/Jun/2026:22:21:39 +0100] "GET /sitemap_index.xml?fileloc=//usr/bin/stat&path=//usr/bin HTTP/1.1" 200 34727 "https://www.ack.uk.com/sitemap_index.xml?path=//usr/bin" "Mozilla/5.0 AppleWebKit/537.36 (KHTML, like Gecko; compatible; GPTBot/1.4; +https://openai.com/gptbot)"
173.239.211.251 - - [16/Jun/2026:22:21:39 +0100] "GET /wp-admin/plugins.php HTTP/1.1" 200 6552 "https://www.ack.uk.com/wp-login.php" "Mozilla/5.0 (Windows NT 10.0; Win64; x64; rv:121.0) Gecko/20100101 Firefox/121.0"
74.7.242.53 - - [16/Jun/2026:22:21:40 +0100] "GET /sitemap_index.xml?fileloc=//usr/bin/xset&path=//usr/bin HTTP/1.1" 200 14440 "https://www.ack.uk.com/sitemap_index.xml?path=//usr/bin" "Mozilla/5.0 AppleWebKit/537.36 (KHTML, like Gecko; compatible; GPTBot/1.4; +https://openai.com/gptbot)"
74.7.242.53 - - [16/Jun/2026:22:21:40 +0100] "GET /sitemap_index.xml?fileloc=//usr/bin/mutt&path=//usr/bin HTTP/1.1" 200 368672 "https://www.ack.uk.com/sitemap_index.xml?path=//usr/bin" "Mozilla/5.0 AppleWebKit/537.36 (KHTML, like Gecko; compatible; GPTBot/1.4; +https://openai.com/gptbot)"
111.235.68.106 - - [16/Jun/2026:22:21:41 +0100] "POST /xmlrpc.php HTTP/1.1" 200 58263 "-" "Jetpack/12.5; WordPress/6.2; http://site19371112.com"
74.7.242.53 - - [16/Jun/2026:22:21:41 +0100] "GET /sitemap_index.xml?fileloc=//usr/bin/git&path=//usr/bin HTTP/1.1" 200 680547 "https://www.ack.uk.com/sitemap_index.xml?path=//usr/bin" "Mozilla/5.0 AppleWebKit/537.36 (KHTML, like Gecko; compatible; GPTBot/1.4; +https://openai.com/gptbot)"
74.7.242.53 - - [16/Jun/2026:22:21:42 +0100] "GET /sitemap_index.xml?fileloc=//usr/bin/ftp&path=//usr/bin HTTP/1.1" 200 38832 "https://www.ack.uk.com/sitemap_index.xml?path=//usr/bin" "Mozilla/5.0 AppleWebKit/537.36 (KHTML, like Gecko; compatible; GPTBot/1.4; +https://openai.com/gptbot)"
74.7.242.53 - - [16/Jun/2026:22:21:43 +0100] "GET /sitemap_index.xml?fileloc=//usr/bin/su&path=//usr/bin HTTP/1.1" 200 2457 "https://www.ack.uk.com/sitemap_index.xml?path=//usr/bin" "Mozilla/5.0 AppleWebKit/537.36 (KHTML, like Gecko; compatible; GPTBot/1.4; +https://openai.com/gptbot)"
45.92.229.9 - - [16/Jun/2026:22:21:43 +0100] "POST /wp-login.php HTTP/1.1" 200 4039 "https://www.ack.uk.com/wp-login.php" "Mozilla/5.0 (Macintosh; Intel Mac OS X 10_15_7; rv:120.0) Gecko/20100101 Firefox/120.0"
74.7.242.53 - - [16/Jun/2026:22:21:44 +0100] "GET /sitemap_index.xml?fileloc=//usr/bin/top&path=//usr/bin HTTP/1.1" 200 44943 "https://www.ack.uk.com/sitemap_index.xml?path=//usr/bin" "Mozilla/5.0 AppleWebKit/537.36 (KHTML, like Gecko; compatible; GPTBot/1.4; +https://openai.com/gptbot)"
45.92.229.9 - - [16/Jun/2026:22:21:44 +0100] "GET /wp-admin/index.php HTTP/1.1" 200 6552 "https://www.ack.uk.com/wp-login.php" "Mozilla/5.0 (Macintosh; Intel Mac OS X 10_15_7) AppleWebKit/537.36 (KHTML, like Gecko) Chrome/118.0.0.0 Safari/537.36"
74.7.242.53 - - [16/Jun/2026:22:21:44 +0100] "GET /sitemap_index.xml?fileloc=//usr/bin/uapi&path=//usr/bin HTTP/1.1" 200 505400 "https://www.ack.uk.com/sitemap_index.xml?path=//usr/bin" "Mozilla/5.0 AppleWebKit/537.36 (KHTML, like Gecko; compatible; GPTBot/1.4; +https://openai.com/gptbot)"
74.7.242.53 - - [16/Jun/2026:22:21:45 +0100] "GET /sitemap_index.xml?fileloc=//usr/bin/dd&path=//usr/bin HTTP/1.1" 200 33683 "https://www.ack.uk.com/sitemap_index.xml?path=//usr/bin" "Mozilla/5.0 AppleWebKit/537.36 (KHTML, like Gecko; compatible; GPTBot/1.4; +https://openai.com/gptbot)"
74.7.242.53 - - [16/Jun/2026:22:21:45 +0100] "GET /sitemap_index.xml?fileloc=//usr/bin/lex&path=//usr/bin HTTP/1.1" 200 116041 "https://www.ack.uk.com/sitemap_index.xml?path=//usr/bin" "Mozilla/5.0 AppleWebKit/537.36 (KHTML, like Gecko; compatible; GPTBot/1.4; +https://openai.com/gptbot)"
