74.7.242.53 - - [16/Jun/2026:22:30:23 +0100] "GET /sitemap_index.xml?path=//proc/56/net HTTP/1.1" 200 4465 "https://www.ack.uk.com/sitemap_index.xml?path=//proc/56" "Mozilla/5.0 AppleWebKit/537.36 (KHTML, like Gecko; compatible; GPTBot/1.4; +https://openai.com/gptbot)"
74.7.242.53 - - [16/Jun/2026:22:30:23 +0100] "GET /sitemap_index.xml?path=//proc/39/net HTTP/1.1" 200 4465 "https://www.ack.uk.com/sitemap_index.xml?path=//proc/39" "Mozilla/5.0 AppleWebKit/537.36 (KHTML, like Gecko; compatible; GPTBot/1.4; +https://openai.com/gptbot)"
74.7.242.53 - - [16/Jun/2026:22:30:24 +0100] "GET /sitemap_index.xml?path=//proc/43/net HTTP/1.1" 200 4464 "https://www.ack.uk.com/sitemap_index.xml?path=//proc/43" "Mozilla/5.0 AppleWebKit/537.36 (KHTML, like Gecko; compatible; GPTBot/1.4; +https://openai.com/gptbot)"
74.7.242.53 - - [16/Jun/2026:22:30:24 +0100] "GET /sitemap_index.xml?path=//proc/36/net HTTP/1.1" 200 4464 "https://www.ack.uk.com/sitemap_index.xml?path=//proc/36" "Mozilla/5.0 AppleWebKit/537.36 (KHTML, like Gecko; compatible; GPTBot/1.4; +https://openai.com/gptbot)"
66.249.79.224 - - [16/Jun/2026:22:30:25 +0100] "GET /m69600088815?fileloc=/home/calderca/public_html/wp-config.php&path=/home/calderca/public_html HTTP/1.1" 200 4289 "-" "Mozilla/5.0 (Linux; Android 6.0.1; Nexus 5X Build/MMB29P) AppleWebKit/537.36 (KHTML, like Gecko) Chrome/148.0.7778.96 Mobile Safari/537.36 (compatible; Googlebot/2.1; +http://www.google.com/bot.html)"
74.7.242.53 - - [16/Jun/2026:22:30:25 +0100] "GET /sitemap_index.xml?path=//proc/34/net HTTP/1.1" 200 4464 "https://www.ack.uk.com/sitemap_index.xml?path=//proc/34" "Mozilla/5.0 AppleWebKit/537.36 (KHTML, like Gecko; compatible; GPTBot/1.4; +https://openai.com/gptbot)"
74.7.242.53 - - [16/Jun/2026:22:30:25 +0100] "GET /sitemap_index.xml?path=//proc/48/net HTTP/1.1" 200 4465 "https://www.ack.uk.com/sitemap_index.xml?path=//proc/48" "Mozilla/5.0 AppleWebKit/537.36 (KHTML, like Gecko; compatible; GPTBot/1.4; +https://openai.com/gptbot)"
74.7.242.53 - - [16/Jun/2026:22:30:26 +0100] "GET /sitemap_index.xml?fileloc=//proc/72/net/udp&path=//proc/72/net HTTP/1.1" 200 2801 "https://www.ack.uk.com/sitemap_index.xml?path=//proc/72/net" "Mozilla/5.0 AppleWebKit/537.36 (KHTML, like Gecko; compatible; GPTBot/1.4; +https://openai.com/gptbot)"
74.7.242.53 - - [16/Jun/2026:22:30:26 +0100] "GET /sitemap_index.xml?fileloc=//proc/41/net/ip6_mr_cache&path=//proc/41/net HTTP/1.1" 200 2512 "https://www.ack.uk.com/sitemap_index.xml?path=//proc/41/net" "Mozilla/5.0 AppleWebKit/537.36 (KHTML, like Gecko; compatible; GPTBot/1.4; +https://openai.com/gptbot)"
74.7.242.53 - - [16/Jun/2026:22:30:27 +0100] "GET /sitemap_index.xml?fileloc=//proc/16/net/ip6_mr_cache&path=//proc/16/net HTTP/1.1" 200 2512 "https://www.ack.uk.com/sitemap_index.xml?path=//proc/16/net" "Mozilla/5.0 AppleWebKit/537.36 (KHTML, like Gecko; compatible; GPTBot/1.4; +https://openai.com/gptbot)"
66.249.79.238 - - [16/Jun/2026:22:30:27 +0100] "GET /m84504415913?fileloc=/home/calderca/public_html/wp-blog-header.php&path=/home/calderca/public_html HTTP/1.1" 200 2670 "-" "Mozilla/5.0 (Linux; Android 6.0.1; Nexus 5X Build/MMB29P) AppleWebKit/537.36 (KHTML, like Gecko) Chrome/148.0.7778.96 Mobile Safari/537.36 (compatible; Googlebot/2.1; +http://www.google.com/bot.html)"
74.7.242.53 - - [16/Jun/2026:22:30:27 +0100] "GET /sitemap_index.xml?fileloc=//proc/57/net/ip6_mr_cache&path=//proc/57/net HTTP/1.1" 200 2513 "https://www.ack.uk.com/sitemap_index.xml?path=//proc/57/net" "Mozilla/5.0 AppleWebKit/537.36 (KHTML, like Gecko; compatible; GPTBot/1.4; +https://openai.com/gptbot)"
94.26.106.188 - - [16/Jun/2026:22:30:28 +0100] "POST /XYZEAZ_emcnz3du.php?action=add_link HTTP/1.1" 200 1725 "https://www.ack.uk.com/" "Mozilla/5.0 (Windows NT 10.0; Win64; x64) AppleWebKit/537.36 (KHTML, like Gecko) Chrome/120.0.0.0 Safari/537.36"
94.26.106.188 - - [16/Jun/2026:22:30:28 +0100] "POST /XYZEAZ_emcnz3du.php?action=add_link HTTP/1.1" 200 1725 "https://www.ack.uk.com/" "Mozilla/5.0 (Windows NT 10.0; Win64; x64) AppleWebKit/537.36 (KHTML, like Gecko) Chrome/120.0.0.0 Safari/537.36"
94.26.106.188 - - [16/Jun/2026:22:30:28 +0100] "POST /XYZEAZ_emcnz3du.php?action=add_link HTTP/1.1" 200 1725 "https://www.ack.uk.com/" "Mozilla/5.0 (Windows NT 10.0; Win64; x64) AppleWebKit/537.36 (KHTML, like Gecko) Chrome/120.0.0.0 Safari/537.36"
74.7.242.53 - - [16/Jun/2026:22:30:28 +0100] "GET /sitemap_index.xml?fileloc=//proc/13/net/ip6_mr_cache&path=//proc/13/net HTTP/1.1" 200 2512 "https://www.ack.uk.com/sitemap_index.xml?path=//proc/13/net" "Mozilla/5.0 AppleWebKit/537.36 (KHTML, like Gecko; compatible; GPTBot/1.4; +https://openai.com/gptbot)"
74.7.242.53 - - [16/Jun/2026:22:30:28 +0100] "GET /sitemap_index.xml?fileloc=//proc/56/net/ip6_mr_cache&path=//proc/56/net HTTP/1.1" 200 2512 "https://www.ack.uk.com/sitemap_index.xml?path=//proc/56/net" "Mozilla/5.0 AppleWebKit/537.36 (KHTML, like Gecko; compatible; GPTBot/1.4; +https://openai.com/gptbot)"
74.7.242.53 - - [16/Jun/2026:22:30:29 +0100] "GET /sitemap_index.xml?fileloc=//proc/56/net/ip6_tables_names&path=//proc/56/net HTTP/1.1" 200 2475 "https://www.ack.uk.com/sitemap_index.xml?path=//proc/56/net" "Mozilla/5.0 AppleWebKit/537.36 (KHTML, like Gecko; compatible; GPTBot/1.4; +https://openai.com/gptbot)"
74.7.242.53 - - [16/Jun/2026:22:30:29 +0100] "GET /sitemap_index.xml?fileloc=//proc/43/net/ip6_mr_cache&path=//proc/43/net HTTP/1.1" 200 2512 "https://www.ack.uk.com/sitemap_index.xml?path=//proc/43/net" "Mozilla/5.0 AppleWebKit/537.36 (KHTML, like Gecko; compatible; GPTBot/1.4; +https://openai.com/gptbot)"
74.7.242.53 - - [16/Jun/2026:22:30:30 +0100] "GET /sitemap_index.xml?fileloc=//proc/36/net/ip6_mr_cache&path=//proc/36/net HTTP/1.1" 200 2512 "https://www.ack.uk.com/sitemap_index.xml?path=//proc/36/net" "Mozilla/5.0 AppleWebKit/537.36 (KHTML, like Gecko; compatible; GPTBot/1.4; +https://openai.com/gptbot)"
74.7.242.53 - - [16/Jun/2026:22:30:31 +0100] "GET /sitemap_index.xml?fileloc=//proc/34/net/ip6_mr_cache&path=//proc/34/net HTTP/1.1" 200 2512 "https://www.ack.uk.com/sitemap_index.xml?path=//proc/34/net" "Mozilla/5.0 AppleWebKit/537.36 (KHTML, like Gecko; compatible; GPTBot/1.4; +https://openai.com/gptbot)"
74.7.242.53 - - [16/Jun/2026:22:30:31 +0100] "GET /sitemap_index.xml?fileloc=//proc/48/net/ip6_mr_cache&path=//proc/48/net HTTP/1.1" 200 2512 "https://www.ack.uk.com/sitemap_index.xml?path=//proc/48/net" "Mozilla/5.0 AppleWebKit/537.36 (KHTML, like Gecko; compatible; GPTBot/1.4; +https://openai.com/gptbot)"
74.7.242.53 - - [16/Jun/2026:22:30:32 +0100] "GET /sitemap_index.xml?fileloc=//proc/36/net/ip6_tables_names&path=//proc/36/net HTTP/1.1" 200 2474 "https://www.ack.uk.com/sitemap_index.xml?path=//proc/36/net" "Mozilla/5.0 AppleWebKit/537.36 (KHTML, like Gecko; compatible; GPTBot/1.4; +https://openai.com/gptbot)"
111.235.68.106 - - [16/Jun/2026:22:30:32 +0100] "POST /xmlrpc.php HTTP/1.1" 200 58263 "-" "Jetpack/12.1; WordPress/6.3; http://site77150223.com"
74.7.242.53 - - [16/Jun/2026:22:30:32 +0100] "GET /sitemap_index.xml?fileloc=//proc/36/net/raw&path=//proc/36/net HTTP/1.1" 200 2538 "https://www.ack.uk.com/sitemap_index.xml?path=//proc/36/net" "Mozilla/5.0 AppleWebKit/537.36 (KHTML, like Gecko; compatible; GPTBot/1.4; +https://openai.com/gptbot)"
74.7.242.53 - - [16/Jun/2026:22:30:33 +0100] "GET /sitemap_index.xml?fileloc=//proc/39/net/raw&path=//proc/39/net HTTP/1.1" 200 2539 "https://www.ack.uk.com/sitemap_index.xml?path=//proc/39/net" "Mozilla/5.0 AppleWebKit/537.36 (KHTML, like Gecko; compatible; GPTBot/1.4; +https://openai.com/gptbot)"
74.7.242.53 - - [16/Jun/2026:22:30:33 +0100] "GET /sitemap_index.xml?fileloc=//proc/57/net/raw&path=//proc/57/net HTTP/1.1" 200 2539 "https://www.ack.uk.com/sitemap_index.xml?path=//proc/57/net" "Mozilla/5.0 AppleWebKit/537.36 (KHTML, like Gecko; compatible; GPTBot/1.4; +https://openai.com/gptbot)"
74.7.242.53 - - [16/Jun/2026:22:30:34 +0100] "GET /sitemap_index.xml?fileloc=//proc/48/net/udp&path=//proc/48/net HTTP/1.1" 200 2801 "https://www.ack.uk.com/sitemap_index.xml?path=//proc/48/net" "Mozilla/5.0 AppleWebKit/537.36 (KHTML, like Gecko; compatible; GPTBot/1.4; +https://openai.com/gptbot)"
74.7.242.53 - - [16/Jun/2026:22:30:34 +0100] "GET /sitemap_index.xml?fileloc=//proc/48/net/raw&path=//proc/48/net HTTP/1.1" 200 2538 "https://www.ack.uk.com/sitemap_index.xml?path=//proc/48/net" "Mozilla/5.0 AppleWebKit/537.36 (KHTML, like Gecko; compatible; GPTBot/1.4; +https://openai.com/gptbot)"
74.7.242.53 - - [16/Jun/2026:22:30:35 +0100] "GET /sitemap_index.xml?fileloc=//proc/39/net/udp&path=//proc/39/net HTTP/1.1" 200 2801 "https://www.ack.uk.com/sitemap_index.xml?path=//proc/39/net" "Mozilla/5.0 AppleWebKit/537.36 (KHTML, like Gecko; compatible; GPTBot/1.4; +https://openai.com/gptbot)"
74.7.242.53 - - [16/Jun/2026:22:30:35 +0100] "GET /sitemap_index.xml?fileloc=//proc/16/net/raw&path=//proc/16/net HTTP/1.1" 200 2538 "https://www.ack.uk.com/sitemap_index.xml?path=//proc/16/net" "Mozilla/5.0 AppleWebKit/537.36 (KHTML, like Gecko; compatible; GPTBot/1.4; +https://openai.com/gptbot)"
74.7.242.53 - - [16/Jun/2026:22:30:36 +0100] "GET /sitemap_index.xml?fileloc=//proc/72/net/raw&path=//proc/72/net HTTP/1.1" 200 2539 "https://www.ack.uk.com/sitemap_index.xml?path=//proc/72/net" "Mozilla/5.0 AppleWebKit/537.36 (KHTML, like Gecko; compatible; GPTBot/1.4; +https://openai.com/gptbot)"
74.7.242.53 - - [16/Jun/2026:22:30:36 +0100] "GET /sitemap_index.xml?fileloc=//proc/43/net/raw&path=//proc/43/net HTTP/1.1" 200 2538 "https://www.ack.uk.com/sitemap_index.xml?path=//proc/43/net" "Mozilla/5.0 AppleWebKit/537.36 (KHTML, like Gecko; compatible; GPTBot/1.4; +https://openai.com/gptbot)"
74.7.242.53 - - [16/Jun/2026:22:30:37 +0100] "GET /sitemap_index.xml?fileloc=//proc/36/net/udp&path=//proc/36/net HTTP/1.1" 200 2801 "https://www.ack.uk.com/sitemap_index.xml?path=//proc/36/net" "Mozilla/5.0 AppleWebKit/537.36 (KHTML, like Gecko; compatible; GPTBot/1.4; +https://openai.com/gptbot)"
74.7.242.53 - - [16/Jun/2026:22:30:37 +0100] "GET /sitemap_index.xml?fileloc=//proc/56/net/raw&path=//proc/56/net HTTP/1.1" 200 2538 "https://www.ack.uk.com/sitemap_index.xml?path=//proc/56/net" "Mozilla/5.0 AppleWebKit/537.36 (KHTML, like Gecko; compatible; GPTBot/1.4; +https://openai.com/gptbot)"
74.7.242.53 - - [16/Jun/2026:22:30:38 +0100] "GET /sitemap_index.xml?fileloc=//proc/16/net/ip6_tables_names&path=//proc/16/net HTTP/1.1" 200 2474 "https://www.ack.uk.com/sitemap_index.xml?path=//proc/16/net" "Mozilla/5.0 AppleWebKit/537.36 (KHTML, like Gecko; compatible; GPTBot/1.4; +https://openai.com/gptbot)"
74.7.242.53 - - [16/Jun/2026:22:30:38 +0100] "GET /sitemap_index.xml?fileloc=//proc/56/net/dev_mcast&path=//proc/56/net HTTP/1.1" 200 2508 "https://www.ack.uk.com/sitemap_index.xml?path=//proc/56/net" "Mozilla/5.0 AppleWebKit/537.36 (KHTML, like Gecko; compatible; GPTBot/1.4; +https://openai.com/gptbot)"
74.7.242.53 - - [16/Jun/2026:22:30:39 +0100] "GET /sitemap_index.xml?fileloc=//proc/41/net/dev_mcast&path=//proc/41/net HTTP/1.1" 200 2508 "https://www.ack.uk.com/sitemap_index.xml?path=//proc/41/net" "Mozilla/5.0 AppleWebKit/537.36 (KHTML, like Gecko; compatible; GPTBot/1.4; +https://openai.com/gptbot)"
74.7.242.53 - - [16/Jun/2026:22:30:40 +0100] "GET /sitemap_index.xml?fileloc=//proc/36/net/dev_mcast&path=//proc/36/net HTTP/1.1" 200 2509 "https://www.ack.uk.com/sitemap_index.xml?path=//proc/36/net" "Mozilla/5.0 AppleWebKit/537.36 (KHTML, like Gecko; compatible; GPTBot/1.4; +https://openai.com/gptbot)"
74.7.242.53 - - [16/Jun/2026:22:30:40 +0100] "GET /sitemap_index.xml?fileloc=//proc/39/net/dev_mcast&path=//proc/39/net HTTP/1.1" 200 2509 "https://www.ack.uk.com/sitemap_index.xml?path=//proc/39/net" "Mozilla/5.0 AppleWebKit/537.36 (KHTML, like Gecko; compatible; GPTBot/1.4; +https://openai.com/gptbot)"
66.249.79.238 - - [16/Jun/2026:22:30:40 +0100] "GET /shop/goods/diagnosis185025558.html HTTP/1.1" 200 4038 "-" "Mozilla/5.0 (Linux; Android 6.0.1; Nexus 5X Build/MMB29P) AppleWebKit/537.36 (KHTML, like Gecko) Chrome/148.0.7778.96 Mobile Safari/537.36 (compatible; Googlebot/2.1; +http://www.google.com/bot.html)"
74.7.242.53 - - [16/Jun/2026:22:30:41 +0100] "GET /sitemap_index.xml?fileloc=//proc/72/net/dev_mcast&path=//proc/72/net HTTP/1.1" 200 2509 "https://www.ack.uk.com/sitemap_index.xml?path=//proc/72/net" "Mozilla/5.0 AppleWebKit/537.36 (KHTML, like Gecko; compatible; GPTBot/1.4; +https://openai.com/gptbot)"
74.7.242.53 - - [16/Jun/2026:22:30:41 +0100] "GET /sitemap_index.xml?fileloc=//proc/34/net/dev_mcast&path=//proc/34/net HTTP/1.1" 200 2508 "https://www.ack.uk.com/sitemap_index.xml?path=//proc/34/net" "Mozilla/5.0 AppleWebKit/537.36 (KHTML, like Gecko; compatible; GPTBot/1.4; +https://openai.com/gptbot)"
74.7.242.53 - - [16/Jun/2026:22:30:42 +0100] "GET /sitemap_index.xml?fileloc=//proc/13/net/dev_mcast&path=//proc/13/net HTTP/1.1" 200 2508 "https://www.ack.uk.com/sitemap_index.xml?path=//proc/13/net" "Mozilla/5.0 AppleWebKit/537.36 (KHTML, like Gecko; compatible; GPTBot/1.4; +https://openai.com/gptbot)"
74.7.242.53 - - [16/Jun/2026:22:30:42 +0100] "GET /sitemap_index.xml?fileloc=//proc/16/net/dev_mcast&path=//proc/16/net HTTP/1.1" 200 2508 "https://www.ack.uk.com/sitemap_index.xml?path=//proc/16/net" "Mozilla/5.0 AppleWebKit/537.36 (KHTML, like Gecko; compatible; GPTBot/1.4; +https://openai.com/gptbot)"
74.7.242.53 - - [16/Jun/2026:22:30:43 +0100] "GET /sitemap_index.xml?fileloc=//proc/57/net/dev_mcast&path=//proc/57/net HTTP/1.1" 200 2509 "https://www.ack.uk.com/sitemap_index.xml?path=//proc/57/net" "Mozilla/5.0 AppleWebKit/537.36 (KHTML, like Gecko; compatible; GPTBot/1.4; +https://openai.com/gptbot)"
74.7.242.53 - - [16/Jun/2026:22:30:43 +0100] "GET /sitemap_index.xml?fileloc=//proc/43/net/dev_mcast&path=//proc/43/net HTTP/1.1" 200 2508 "https://www.ack.uk.com/sitemap_index.xml?path=//proc/43/net" "Mozilla/5.0 AppleWebKit/537.36 (KHTML, like Gecko; compatible; GPTBot/1.4; +https://openai.com/gptbot)"
74.7.242.53 - - [16/Jun/2026:22:30:44 +0100] "GET /sitemap_index.xml?fileloc=//proc/48/net/dev_mcast&path=//proc/48/net HTTP/1.1" 200 2508 "https://www.ack.uk.com/sitemap_index.xml?path=//proc/48/net" "Mozilla/5.0 AppleWebKit/537.36 (KHTML, like Gecko; compatible; GPTBot/1.4; +https://openai.com/gptbot)"
74.7.242.53 - - [16/Jun/2026:22:30:44 +0100] "GET /sitemap_index.xml?fileloc=//proc/48/net/ipv6_route&path=//proc/48/net HTTP/1.1" 200 2677 "https://www.ack.uk.com/sitemap_index.xml?path=//proc/48/net" "Mozilla/5.0 AppleWebKit/537.36 (KHTML, like Gecko; compatible; GPTBot/1.4; +https://openai.com/gptbot)"
74.7.242.53 - - [16/Jun/2026:22:30:45 +0100] "GET /sitemap_index.xml?fileloc=//proc/43/net/ipv6_route&path=//proc/43/net HTTP/1.1" 200 2677 "https://www.ack.uk.com/sitemap_index.xml?path=//proc/43/net" "Mozilla/5.0 AppleWebKit/537.36 (KHTML, like Gecko; compatible; GPTBot/1.4; +https://openai.com/gptbot)"
74.7.242.53 - - [16/Jun/2026:22:30:45 +0100] "GET /sitemap_index.xml?fileloc=//proc/57/net/ipv6_route&path=//proc/57/net HTTP/1.1" 200 2678 "https://www.ack.uk.com/sitemap_index.xml?path=//proc/57/net" "Mozilla/5.0 AppleWebKit/537.36 (KHTML, like Gecko; compatible; GPTBot/1.4; +https://openai.com/gptbot)"
66.249.79.238 - - [16/Jun/2026:22:30:46 +0100] "GET /shop/goods/coalition177033142.html HTTP/1.1" 200 4038 "-" "Mozilla/5.0 (Linux; Android 6.0.1; Nexus 5X Build/MMB29P) AppleWebKit/537.36 (KHTML, like Gecko) Chrome/148.0.7778.96 Mobile Safari/537.36 (compatible; Googlebot/2.1; +http://www.google.com/bot.html)"
74.7.242.53 - - [16/Jun/2026:22:30:46 +0100] "GET /sitemap_index.xml?fileloc=//proc/72/net/ipv6_route&path=//proc/72/net HTTP/1.1" 200 2677 "https://www.ack.uk.com/sitemap_index.xml?path=//proc/72/net" "Mozilla/5.0 AppleWebKit/537.36 (KHTML, like Gecko; compatible; GPTBot/1.4; +https://openai.com/gptbot)"
74.7.242.53 - - [16/Jun/2026:22:30:46 +0100] "GET /sitemap_index.xml?fileloc=//proc/34/net/ipv6_route&path=//proc/34/net HTTP/1.1" 200 2678 "https://www.ack.uk.com/sitemap_index.xml?path=//proc/34/net" "Mozilla/5.0 AppleWebKit/537.36 (KHTML, like Gecko; compatible; GPTBot/1.4; +https://openai.com/gptbot)"
74.7.242.53 - - [16/Jun/2026:22:30:47 +0100] "GET /sitemap_index.xml?fileloc=//proc/41/net/ipv6_route&path=//proc/41/net HTTP/1.1" 200 2677 "https://www.ack.uk.com/sitemap_index.xml?path=//proc/41/net" "Mozilla/5.0 AppleWebKit/537.36 (KHTML, like Gecko; compatible; GPTBot/1.4; +https://openai.com/gptbot)"
74.7.242.53 - - [16/Jun/2026:22:30:48 +0100] "GET /sitemap_index.xml?fileloc=//proc/39/net/ipv6_route&path=//proc/39/net HTTP/1.1" 200 2676 "https://www.ack.uk.com/sitemap_index.xml?path=//proc/39/net" "Mozilla/5.0 AppleWebKit/537.36 (KHTML, like Gecko; compatible; GPTBot/1.4; +https://openai.com/gptbot)"
74.7.242.53 - - [16/Jun/2026:22:30:48 +0100] "GET /sitemap_index.xml?fileloc=//proc/13/net/ipv6_route&path=//proc/13/net HTTP/1.1" 200 2676 "https://www.ack.uk.com/sitemap_index.xml?path=//proc/13/net" "Mozilla/5.0 AppleWebKit/537.36 (KHTML, like Gecko; compatible; GPTBot/1.4; +https://openai.com/gptbot)"
74.7.242.53 - - [16/Jun/2026:22:30:48 +0100] "GET /sitemap_index.xml?fileloc=//proc/72/net/ip_tables_matches&path=//proc/72/net HTTP/1.1" 200 2476 "https://www.ack.uk.com/sitemap_index.xml?path=//proc/72/net" "Mozilla/5.0 AppleWebKit/537.36 (KHTML, like Gecko; compatible; GPTBot/1.4; +https://openai.com/gptbot)"
74.7.242.53 - - [16/Jun/2026:22:30:49 +0100] "GET /sitemap_index.xml?fileloc=//proc/36/net/ip_tables_matches&path=//proc/36/net HTTP/1.1" 200 2475 "https://www.ack.uk.com/sitemap_index.xml?path=//proc/36/net" "Mozilla/5.0 AppleWebKit/537.36 (KHTML, like Gecko; compatible; GPTBot/1.4; +https://openai.com/gptbot)"
74.7.242.53 - - [16/Jun/2026:22:30:49 +0100] "GET /sitemap_index.xml?fileloc=//proc/16/net/ip_tables_matches&path=//proc/16/net HTTP/1.1" 200 2474 "https://www.ack.uk.com/sitemap_index.xml?path=//proc/16/net" "Mozilla/5.0 AppleWebKit/537.36 (KHTML, like Gecko; compatible; GPTBot/1.4; +https://openai.com/gptbot)"
74.7.242.53 - - [16/Jun/2026:22:30:50 +0100] "GET /sitemap_index.xml?fileloc=//proc/34/net/ip_tables_matches&path=//proc/34/net HTTP/1.1" 200 2475 "https://www.ack.uk.com/sitemap_index.xml?path=//proc/34/net" "Mozilla/5.0 AppleWebKit/537.36 (KHTML, like Gecko; compatible; GPTBot/1.4; +https://openai.com/gptbot)"
74.7.242.53 - - [16/Jun/2026:22:30:51 +0100] "GET /sitemap_index.xml?fileloc=//proc/13/net/ip_tables_matches&path=//proc/13/net HTTP/1.1" 200 2474 "https://www.ack.uk.com/sitemap_index.xml?path=//proc/13/net" "Mozilla/5.0 AppleWebKit/537.36 (KHTML, like Gecko; compatible; GPTBot/1.4; +https://openai.com/gptbot)"
74.7.242.53 - - [16/Jun/2026:22:30:51 +0100] "GET /sitemap_index.xml?fileloc=//proc/56/net/ip_tables_matches&path=//proc/56/net HTTP/1.1" 200 2475 "https://www.ack.uk.com/sitemap_index.xml?path=//proc/56/net" "Mozilla/5.0 AppleWebKit/537.36 (KHTML, like Gecko; compatible; GPTBot/1.4; +https://openai.com/gptbot)"
74.7.242.53 - - [16/Jun/2026:22:30:52 +0100] "GET /sitemap_index.xml?fileloc=//proc/57/net/ip_tables_matches&path=//proc/57/net HTTP/1.1" 200 2476 "https://www.ack.uk.com/sitemap_index.xml?path=//proc/57/net" "Mozilla/5.0 AppleWebKit/537.36 (KHTML, like Gecko; compatible; GPTBot/1.4; +https://openai.com/gptbot)"
74.7.242.53 - - [16/Jun/2026:22:30:52 +0100] "GET /sitemap_index.xml?fileloc=//proc/43/net/ip_tables_matches&path=//proc/43/net HTTP/1.1" 200 2475 "https://www.ack.uk.com/sitemap_index.xml?path=//proc/43/net" "Mozilla/5.0 AppleWebKit/537.36 (KHTML, like Gecko; compatible; GPTBot/1.4; +https://openai.com/gptbot)"
74.7.242.53 - - [16/Jun/2026:22:30:53 +0100] "GET /sitemap_index.xml?fileloc=//proc/41/net/ip_tables_matches&path=//proc/41/net HTTP/1.1" 200 2474 "https://www.ack.uk.com/sitemap_index.xml?path=//proc/41/net" "Mozilla/5.0 AppleWebKit/537.36 (KHTML, like Gecko; compatible; GPTBot/1.4; +https://openai.com/gptbot)"
74.7.242.53 - - [16/Jun/2026:22:30:53 +0100] "GET /sitemap_index.xml?fileloc=//proc/39/net/ip_tables_matches&path=//proc/39/net HTTP/1.1" 200 2475 "https://www.ack.uk.com/sitemap_index.xml?path=//proc/39/net" "Mozilla/5.0 AppleWebKit/537.36 (KHTML, like Gecko; compatible; GPTBot/1.4; +https://openai.com/gptbot)"
74.7.242.53 - - [16/Jun/2026:22:30:54 +0100] "GET /sitemap_index.xml?fileloc=//proc/48/net/ip_tables_matches&path=//proc/48/net HTTP/1.1" 200 2475 "https://www.ack.uk.com/sitemap_index.xml?path=//proc/48/net" "Mozilla/5.0 AppleWebKit/537.36 (KHTML, like Gecko; compatible; GPTBot/1.4; +https://openai.com/gptbot)"
74.7.242.53 - - [16/Jun/2026:22:30:54 +0100] "GET /sitemap_index.xml?fileloc=//proc/56/net/netstat&path=//proc/56/net HTTP/1.1" 200 3778 "https://www.ack.uk.com/sitemap_index.xml?path=//proc/56/net" "Mozilla/5.0 AppleWebKit/537.36 (KHTML, like Gecko; compatible; GPTBot/1.4; +https://openai.com/gptbot)"
74.7.242.53 - - [16/Jun/2026:22:30:55 +0100] "GET /sitemap_index.xml?fileloc=//proc/56/net/rt_cache&path=//proc/56/net HTTP/1.1" 200 2560 "https://www.ack.uk.com/sitemap_index.xml?path=//proc/56/net" "Mozilla/5.0 AppleWebKit/537.36 (KHTML, like Gecko; compatible; GPTBot/1.4; +https://openai.com/gptbot)"
74.7.242.53 - - [16/Jun/2026:22:30:55 +0100] "GET /sitemap_index.xml?fileloc=//proc/34/net/rt_cache&path=//proc/34/net HTTP/1.1" 200 2560 "https://www.ack.uk.com/sitemap_index.xml?path=//proc/34/net" "Mozilla/5.0 AppleWebKit/537.36 (KHTML, like Gecko; compatible; GPTBot/1.4; +https://openai.com/gptbot)"
74.7.242.53 - - [16/Jun/2026:22:30:56 +0100] "GET /sitemap_index.xml?fileloc=//proc/13/net/rt_cache&path=//proc/13/net HTTP/1.1" 200 2560 "https://www.ack.uk.com/sitemap_index.xml?path=//proc/13/net" "Mozilla/5.0 AppleWebKit/537.36 (KHTML, like Gecko; compatible; GPTBot/1.4; +https://openai.com/gptbot)"
66.249.79.238 - - [16/Jun/2026:22:30:56 +0100] "GET /m84650800540?fileloc=//.autorelabel&path=/ HTTP/1.1" 200 2440 "-" "Mozilla/5.0 (Linux; Android 6.0.1; Nexus 5X Build/MMB29P) AppleWebKit/537.36 (KHTML, like Gecko) Chrome/148.0.7778.96 Mobile Safari/537.36 (compatible; GoogleOther)"
66.249.79.7 - - [16/Jun/2026:22:30:56 +0100] "GET /m36696660873?fileloc=/home/calderca/public_html/.htaccess&path=/home/calderca/public_html HTTP/1.1" 200 2941 "-" "Mozilla/5.0 (Linux; Android 6.0.1; Nexus 5X Build/MMB29P) AppleWebKit/537.36 (KHTML, like Gecko) Chrome/148.0.7778.96 Mobile Safari/537.36 (compatible; Googlebot/2.1; +http://www.google.com/bot.html)"
74.7.242.53 - - [16/Jun/2026:22:30:56 +0100] "GET /sitemap_index.xml?fileloc=//proc/48/net/rt_cache&path=//proc/48/net HTTP/1.1" 200 2560 "https://www.ack.uk.com/sitemap_index.xml?path=//proc/48/net" "Mozilla/5.0 AppleWebKit/537.36 (KHTML, like Gecko; compatible; GPTBot/1.4; +https://openai.com/gptbot)"
74.7.242.53 - - [16/Jun/2026:22:30:57 +0100] "GET /sitemap_index.xml?fileloc=//proc/36/net/rt_cache&path=//proc/36/net HTTP/1.1" 200 2560 "https://www.ack.uk.com/sitemap_index.xml?path=//proc/36/net" "Mozilla/5.0 AppleWebKit/537.36 (KHTML, like Gecko; compatible; GPTBot/1.4; +https://openai.com/gptbot)"
74.7.242.53 - - [16/Jun/2026:22:30:57 +0100] "GET /sitemap_index.xml?fileloc=//proc/34/net/fib_trie&path=//proc/34/net HTTP/1.1" 200 2653 "https://www.ack.uk.com/sitemap_index.xml?path=//proc/34/net" "Mozilla/5.0 AppleWebKit/537.36 (KHTML, like Gecko; compatible; GPTBot/1.4; +https://openai.com/gptbot)"
74.7.242.53 - - [16/Jun/2026:22:30:58 +0100] "GET /sitemap_index.xml?fileloc=//proc/72/net/fib_trie&path=//proc/72/net HTTP/1.1" 200 2653 "https://www.ack.uk.com/sitemap_index.xml?path=//proc/72/net" "Mozilla/5.0 AppleWebKit/537.36 (KHTML, like Gecko; compatible; GPTBot/1.4; +https://openai.com/gptbot)"
66.249.79.238 - - [16/Jun/2026:22:30:58 +0100] "GET /m98762584893?fileloc=/home/calderca/public_html/wp-cron.php&path=/home/calderca/public_html HTTP/1.1" 200 4574 "-" "Mozilla/5.0 (Linux; Android 6.0.1; Nexus 5X Build/MMB29P) AppleWebKit/537.36 (KHTML, like Gecko) Chrome/148.0.7778.96 Mobile Safari/537.36 (compatible; GoogleOther)"
74.7.242.53 - - [16/Jun/2026:22:30:59 +0100] "GET /sitemap_index.xml?fileloc=//proc/57/net/fib_trie&path=//proc/57/net HTTP/1.1" 200 2653 "https://www.ack.uk.com/sitemap_index.xml?path=//proc/57/net" "Mozilla/5.0 AppleWebKit/537.36 (KHTML, like Gecko; compatible; GPTBot/1.4; +https://openai.com/gptbot)"
74.7.242.53 - - [16/Jun/2026:22:30:59 +0100] "GET /sitemap_index.xml?fileloc=//proc/72/net/rt_cache&path=//proc/72/net HTTP/1.1" 200 2560 "https://www.ack.uk.com/sitemap_index.xml?path=//proc/72/net" "Mozilla/5.0 AppleWebKit/537.36 (KHTML, like Gecko; compatible; GPTBot/1.4; +https://openai.com/gptbot)"
74.7.242.53 - - [16/Jun/2026:22:31:00 +0100] "GET /sitemap_index.xml?fileloc=//proc/16/net/fib_trie&path=//proc/16/net HTTP/1.1" 200 2653 "https://www.ack.uk.com/sitemap_index.xml?path=//proc/16/net" "Mozilla/5.0 AppleWebKit/537.36 (KHTML, like Gecko; compatible; GPTBot/1.4; +https://openai.com/gptbot)"
74.7.242.53 - - [16/Jun/2026:22:31:00 +0100] "GET /sitemap_index.xml?fileloc=//proc/36/net/fib_trie&path=//proc/36/net HTTP/1.1" 200 2653 "https://www.ack.uk.com/sitemap_index.xml?path=//proc/36/net" "Mozilla/5.0 AppleWebKit/537.36 (KHTML, like Gecko; compatible; GPTBot/1.4; +https://openai.com/gptbot)"
74.7.242.53 - - [16/Jun/2026:22:31:01 +0100] "GET /sitemap_index.xml?fileloc=//proc/56/net/fib_trie&path=//proc/56/net HTTP/1.1" 200 2653 "https://www.ack.uk.com/sitemap_index.xml?path=//proc/56/net" "Mozilla/5.0 AppleWebKit/537.36 (KHTML, like Gecko; compatible; GPTBot/1.4; +https://openai.com/gptbot)"
74.7.242.53 - - [16/Jun/2026:22:31:01 +0100] "GET /sitemap_index.xml?fileloc=//proc/41/net/fib_trie&path=//proc/41/net HTTP/1.1" 200 2653 "https://www.ack.uk.com/sitemap_index.xml?path=//proc/41/net" "Mozilla/5.0 AppleWebKit/537.36 (KHTML, like Gecko; compatible; GPTBot/1.4; +https://openai.com/gptbot)"
74.7.242.53 - - [16/Jun/2026:22:31:02 +0100] "GET /sitemap_index.xml?fileloc=//proc/16/net/rt_cache&path=//proc/16/net HTTP/1.1" 200 2560 "https://www.ack.uk.com/sitemap_index.xml?path=//proc/16/net" "Mozilla/5.0 AppleWebKit/537.36 (KHTML, like Gecko; compatible; GPTBot/1.4; +https://openai.com/gptbot)"
74.7.242.53 - - [16/Jun/2026:22:31:02 +0100] "GET /sitemap_index.xml?fileloc=//proc/57/net/rt_cache&path=//proc/57/net HTTP/1.1" 200 2560 "https://www.ack.uk.com/sitemap_index.xml?path=//proc/57/net" "Mozilla/5.0 AppleWebKit/537.36 (KHTML, like Gecko; compatible; GPTBot/1.4; +https://openai.com/gptbot)"
74.7.242.53 - - [16/Jun/2026:22:31:03 +0100] "GET /sitemap_index.xml?fileloc=//proc/43/net/fib_trie&path=//proc/43/net HTTP/1.1" 200 2653 "https://www.ack.uk.com/sitemap_index.xml?path=//proc/43/net" "Mozilla/5.0 AppleWebKit/537.36 (KHTML, like Gecko; compatible; GPTBot/1.4; +https://openai.com/gptbot)"
74.7.242.53 - - [16/Jun/2026:22:31:03 +0100] "GET /sitemap_index.xml?fileloc=//proc/48/net/fib_trie&path=//proc/48/net HTTP/1.1" 200 2653 "https://www.ack.uk.com/sitemap_index.xml?path=//proc/48/net" "Mozilla/5.0 AppleWebKit/537.36 (KHTML, like Gecko; compatible; GPTBot/1.4; +https://openai.com/gptbot)"
74.7.242.53 - - [16/Jun/2026:22:31:04 +0100] "GET /sitemap_index.xml?fileloc=//proc/39/net/rt_cache&path=//proc/39/net HTTP/1.1" 200 2560 "https://www.ack.uk.com/sitemap_index.xml?path=//proc/39/net" "Mozilla/5.0 AppleWebKit/537.36 (KHTML, like Gecko; compatible; GPTBot/1.4; +https://openai.com/gptbot)"
74.7.242.53 - - [16/Jun/2026:22:31:04 +0100] "GET /sitemap_index.xml?fileloc=//proc/13/net/fib_trie&path=//proc/13/net HTTP/1.1" 200 2653 "https://www.ack.uk.com/sitemap_index.xml?path=//proc/13/net" "Mozilla/5.0 AppleWebKit/537.36 (KHTML, like Gecko; compatible; GPTBot/1.4; +https://openai.com/gptbot)"
66.249.79.225 - - [16/Jun/2026:22:31:04 +0100] "GET /shop/goods/myself098001917.html HTTP/1.1" 200 4038 "-" "Mozilla/5.0 (Linux; Android 6.0.1; Nexus 5X Build/MMB29P) AppleWebKit/537.36 (KHTML, like Gecko) Chrome/148.0.7778.96 Mobile Safari/537.36 (compatible; Googlebot/2.1; +http://www.google.com/bot.html)"
74.7.242.53 - - [16/Jun/2026:22:31:05 +0100] "GET /sitemap_index.xml?fileloc=//proc/39/net/fib_trie&path=//proc/39/net HTTP/1.1" 200 2653 "https://www.ack.uk.com/sitemap_index.xml?path=//proc/39/net" "Mozilla/5.0 AppleWebKit/537.36 (KHTML, like Gecko; compatible; GPTBot/1.4; +https://openai.com/gptbot)"
74.7.242.53 - - [16/Jun/2026:22:31:05 +0100] "GET /sitemap_index.xml?fileloc=//proc/41/net/rt_cache&path=//proc/41/net HTTP/1.1" 200 2560 "https://www.ack.uk.com/sitemap_index.xml?path=//proc/41/net" "Mozilla/5.0 AppleWebKit/537.36 (KHTML, like Gecko; compatible; GPTBot/1.4; +https://openai.com/gptbot)"
74.7.242.53 - - [16/Jun/2026:22:31:06 +0100] "GET /sitemap_index.xml?fileloc=//proc/43/net/rt_cache&path=//proc/43/net HTTP/1.1" 200 2560 "https://www.ack.uk.com/sitemap_index.xml?path=//proc/43/net" "Mozilla/5.0 AppleWebKit/537.36 (KHTML, like Gecko; compatible; GPTBot/1.4; +https://openai.com/gptbot)"
74.7.242.53 - - [16/Jun/2026:22:31:07 +0100] "GET /sitemap_index.xml?fileloc=//proc/56/net/tcp6&path=//proc/56/net HTTP/1.1" 200 2831 "https://www.ack.uk.com/sitemap_index.xml?path=//proc/56/net" "Mozilla/5.0 AppleWebKit/537.36 (KHTML, like Gecko; compatible; GPTBot/1.4; +https://openai.com/gptbot)"
74.7.242.53 - - [16/Jun/2026:22:31:07 +0100] "GET /sitemap_index.xml?fileloc=//proc/36/net/tcp6&path=//proc/36/net HTTP/1.1" 200 2829 "https://www.ack.uk.com/sitemap_index.xml?path=//proc/36/net" "Mozilla/5.0 AppleWebKit/537.36 (KHTML, like Gecko; compatible; GPTBot/1.4; +https://openai.com/gptbot)"
74.7.242.53 - - [16/Jun/2026:22:31:08 +0100] "GET /sitemap_index.xml?fileloc=//proc/16/net/tcp6&path=//proc/16/net HTTP/1.1" 200 2831 "https://www.ack.uk.com/sitemap_index.xml?path=//proc/16/net" "Mozilla/5.0 AppleWebKit/537.36 (KHTML, like Gecko; compatible; GPTBot/1.4; +https://openai.com/gptbot)"
74.7.242.53 - - [16/Jun/2026:22:31:08 +0100] "GET /sitemap_index.xml?path=//proc/68/net HTTP/1.1" 200 4464 "https://www.ack.uk.com/sitemap_index.xml?path=//proc/68" "Mozilla/5.0 AppleWebKit/537.36 (KHTML, like Gecko; compatible; GPTBot/1.4; +https://openai.com/gptbot)"
74.7.242.53 - - [16/Jun/2026:22:31:09 +0100] "GET /sitemap_index.xml?path=//proc/12/net HTTP/1.1" 200 4464 "https://www.ack.uk.com/sitemap_index.xml?path=//proc/12" "Mozilla/5.0 AppleWebKit/537.36 (KHTML, like Gecko; compatible; GPTBot/1.4; +https://openai.com/gptbot)"
74.7.242.53 - - [16/Jun/2026:22:31:09 +0100] "GET /sitemap_index.xml?path=//proc/38/net HTTP/1.1" 200 4464 "https://www.ack.uk.com/sitemap_index.xml?path=//proc/38" "Mozilla/5.0 AppleWebKit/537.36 (KHTML, like Gecko; compatible; GPTBot/1.4; +https://openai.com/gptbot)"
74.7.242.53 - - [16/Jun/2026:22:31:10 +0100] "GET /sitemap_index.xml?path=//proc/24/net HTTP/1.1" 200 4465 "https://www.ack.uk.com/sitemap_index.xml?path=//proc/24" "Mozilla/5.0 AppleWebKit/537.36 (KHTML, like Gecko; compatible; GPTBot/1.4; +https://openai.com/gptbot)"
74.7.242.53 - - [16/Jun/2026:22:31:10 +0100] "GET /sitemap_index.xml?path=//proc/69/net HTTP/1.1" 200 4465 "https://www.ack.uk.com/sitemap_index.xml?path=//proc/69" "Mozilla/5.0 AppleWebKit/537.36 (KHTML, like Gecko; compatible; GPTBot/1.4; +https://openai.com/gptbot)"
74.7.242.53 - - [16/Jun/2026:22:31:11 +0100] "GET /sitemap_index.xml?path=//proc/29/net HTTP/1.1" 200 4465 "https://www.ack.uk.com/sitemap_index.xml?path=//proc/29" "Mozilla/5.0 AppleWebKit/537.36 (KHTML, like Gecko; compatible; GPTBot/1.4; +https://openai.com/gptbot)"
74.7.242.53 - - [16/Jun/2026:22:31:11 +0100] "GET /sitemap_index.xml?path=//proc/27/net HTTP/1.1" 200 4465 "https://www.ack.uk.com/sitemap_index.xml?path=//proc/27" "Mozilla/5.0 AppleWebKit/537.36 (KHTML, like Gecko; compatible; GPTBot/1.4; +https://openai.com/gptbot)"
74.7.242.53 - - [16/Jun/2026:22:31:12 +0100] "GET /sitemap_index.xml?path=//proc/49/net HTTP/1.1" 200 4465 "https://www.ack.uk.com/sitemap_index.xml?path=//proc/49" "Mozilla/5.0 AppleWebKit/537.36 (KHTML, like Gecko; compatible; GPTBot/1.4; +https://openai.com/gptbot)"
74.7.242.53 - - [16/Jun/2026:22:31:12 +0100] "GET /sitemap_index.xml?path=//proc/42/net HTTP/1.1" 200 4465 "https://www.ack.uk.com/sitemap_index.xml?path=//proc/42" "Mozilla/5.0 AppleWebKit/537.36 (KHTML, like Gecko; compatible; GPTBot/1.4; +https://openai.com/gptbot)"
66.249.79.238 - - [16/Jun/2026:22:31:12 +0100] "GET /?_k=226002630 HTTP/1.1" 200 4038 "-" "Mozilla/5.0 (Linux; Android 6.0.1; Nexus 5X Build/MMB29P) AppleWebKit/537.36 (KHTML, like Gecko) Chrome/148.0.7778.96 Mobile Safari/537.36 (compatible; Googlebot/2.1; +http://www.google.com/bot.html)"
74.7.242.53 - - [16/Jun/2026:22:31:13 +0100] "GET /sitemap_index.xml?path=//proc/47/net HTTP/1.1" 200 4465 "https://www.ack.uk.com/sitemap_index.xml?path=//proc/47" "Mozilla/5.0 AppleWebKit/537.36 (KHTML, like Gecko; compatible; GPTBot/1.4; +https://openai.com/gptbot)"
74.7.242.53 - - [16/Jun/2026:22:31:14 +0100] "GET /sitemap_index.xml?path=//proc/18/net HTTP/1.1" 200 4464 "https://www.ack.uk.com/sitemap_index.xml?path=//proc/18" "Mozilla/5.0 AppleWebKit/537.36 (KHTML, like Gecko; compatible; GPTBot/1.4; +https://openai.com/gptbot)"
74.7.242.53 - - [16/Jun/2026:22:31:14 +0100] "GET /sitemap_index.xml?fileloc=//proc/68/net/ip6_mr_cache&path=//proc/68/net HTTP/1.1" 200 2512 "https://www.ack.uk.com/sitemap_index.xml?path=//proc/68/net" "Mozilla/5.0 AppleWebKit/537.36 (KHTML, like Gecko; compatible; GPTBot/1.4; +https://openai.com/gptbot)"
74.7.242.53 - - [16/Jun/2026:22:31:15 +0100] "GET /sitemap_index.xml?fileloc=//proc/12/net/ip6_mr_cache&path=//proc/12/net HTTP/1.1" 200 2512 "https://www.ack.uk.com/sitemap_index.xml?path=//proc/12/net" "Mozilla/5.0 AppleWebKit/537.36 (KHTML, like Gecko; compatible; GPTBot/1.4; +https://openai.com/gptbot)"
74.7.242.53 - - [16/Jun/2026:22:31:15 +0100] "GET /sitemap_index.xml?fileloc=//proc/38/net/ip6_mr_cache&path=//proc/38/net HTTP/1.1" 200 2512 "https://www.ack.uk.com/sitemap_index.xml?path=//proc/38/net" "Mozilla/5.0 AppleWebKit/537.36 (KHTML, like Gecko; compatible; GPTBot/1.4; +https://openai.com/gptbot)"
74.7.242.53 - - [16/Jun/2026:22:31:16 +0100] "GET /sitemap_index.xml?fileloc=//proc/24/net/ip6_mr_cache&path=//proc/24/net HTTP/1.1" 200 2512 "https://www.ack.uk.com/sitemap_index.xml?path=//proc/24/net" "Mozilla/5.0 AppleWebKit/537.36 (KHTML, like Gecko; compatible; GPTBot/1.4; +https://openai.com/gptbot)"
74.7.242.53 - - [16/Jun/2026:22:31:16 +0100] "GET /sitemap_index.xml?fileloc=//proc/69/net/ip6_mr_cache&path=//proc/69/net HTTP/1.1" 200 2512 "https://www.ack.uk.com/sitemap_index.xml?path=//proc/69/net" "Mozilla/5.0 AppleWebKit/537.36 (KHTML, like Gecko; compatible; GPTBot/1.4; +https://openai.com/gptbot)"
74.7.242.53 - - [16/Jun/2026:22:31:17 +0100] "GET /sitemap_index.xml?fileloc=//proc/69/net/ip6_tables_names&path=//proc/69/net HTTP/1.1" 200 2475 "https://www.ack.uk.com/sitemap_index.xml?path=//proc/69/net" "Mozilla/5.0 AppleWebKit/537.36 (KHTML, like Gecko; compatible; GPTBot/1.4; +https://openai.com/gptbot)"
74.7.242.53 - - [16/Jun/2026:22:31:17 +0100] "GET /sitemap_index.xml?fileloc=//proc/27/net/ip6_mr_cache&path=//proc/27/net HTTP/1.1" 200 2513 "https://www.ack.uk.com/sitemap_index.xml?path=//proc/27/net" "Mozilla/5.0 AppleWebKit/537.36 (KHTML, like Gecko; compatible; GPTBot/1.4; +https://openai.com/gptbot)"
74.7.242.53 - - [16/Jun/2026:22:31:18 +0100] "GET /sitemap_index.xml?fileloc=//proc/49/net/ip6_mr_cache&path=//proc/49/net HTTP/1.1" 200 2512 "https://www.ack.uk.com/sitemap_index.xml?path=//proc/49/net" "Mozilla/5.0 AppleWebKit/537.36 (KHTML, like Gecko; compatible; GPTBot/1.4; +https://openai.com/gptbot)"
74.7.242.53 - - [16/Jun/2026:22:31:18 +0100] "GET /sitemap_index.xml?fileloc=//proc/42/net/ip6_mr_cache&path=//proc/42/net HTTP/1.1" 200 2512 "https://www.ack.uk.com/sitemap_index.xml?path=//proc/42/net" "Mozilla/5.0 AppleWebKit/537.36 (KHTML, like Gecko; compatible; GPTBot/1.4; +https://openai.com/gptbot)"
74.7.242.53 - - [16/Jun/2026:22:31:19 +0100] "GET /sitemap_index.xml?fileloc=//proc/47/net/ip6_mr_cache&path=//proc/47/net HTTP/1.1" 200 2513 "https://www.ack.uk.com/sitemap_index.xml?path=//proc/47/net" "Mozilla/5.0 AppleWebKit/537.36 (KHTML, like Gecko; compatible; GPTBot/1.4; +https://openai.com/gptbot)"
74.7.242.53 - - [16/Jun/2026:22:31:19 +0100] "GET /sitemap_index.xml?fileloc=//proc/18/net/ip6_mr_cache&path=//proc/18/net HTTP/1.1" 200 2512 "https://www.ack.uk.com/sitemap_index.xml?path=//proc/18/net" "Mozilla/5.0 AppleWebKit/537.36 (KHTML, like Gecko; compatible; GPTBot/1.4; +https://openai.com/gptbot)"
74.7.242.53 - - [16/Jun/2026:22:31:20 +0100] "GET /sitemap_index.xml?fileloc=//proc/68/net/ip6_tables_names&path=//proc/68/net HTTP/1.1" 200 2475 "https://www.ack.uk.com/sitemap_index.xml?path=//proc/68/net" "Mozilla/5.0 AppleWebKit/537.36 (KHTML, like Gecko; compatible; GPTBot/1.4; +https://openai.com/gptbot)"
74.7.242.53 - - [16/Jun/2026:22:31:20 +0100] "GET /sitemap_index.xml?fileloc=//proc/27/net/raw&path=//proc/27/net HTTP/1.1" 200 2539 "https://www.ack.uk.com/sitemap_index.xml?path=//proc/27/net" "Mozilla/5.0 AppleWebKit/537.36 (KHTML, like Gecko; compatible; GPTBot/1.4; +https://openai.com/gptbot)"
66.249.79.6 - - [16/Jun/2026:22:31:21 +0100] "GET /wp-content/plugins/kadence-blocks/dist/style-blocks-form.css?ver=3.5.16 HTTP/1.1" 200 1880 "https://www.ack.uk.com/?jp%2F178042921_html" "Mozilla/5.0 (Linux; Android 6.0.1; Nexus 5X Build/MMB29P) AppleWebKit/537.36 (KHTML, like Gecko) Chrome/148.0.7778.96 Mobile Safari/537.36 (compatible; Googlebot/2.1; +http://www.google.com/bot.html)"
74.7.242.53 - - [16/Jun/2026:22:31:21 +0100] "GET /sitemap_index.xml?fileloc=//proc/38/net/raw&path=//proc/38/net HTTP/1.1" 200 2538 "https://www.ack.uk.com/sitemap_index.xml?path=//proc/38/net" "Mozilla/5.0 AppleWebKit/537.36 (KHTML, like Gecko; compatible; GPTBot/1.4; +https://openai.com/gptbot)"
74.7.242.53 - - [16/Jun/2026:22:31:21 +0100] "GET /sitemap_index.xml?fileloc=//proc/18/net/raw&path=//proc/18/net HTTP/1.1" 200 2538 "https://www.ack.uk.com/sitemap_index.xml?path=//proc/18/net" "Mozilla/5.0 AppleWebKit/537.36 (KHTML, like Gecko; compatible; GPTBot/1.4; +https://openai.com/gptbot)"
74.7.242.53 - - [16/Jun/2026:22:31:22 +0100] "GET /sitemap_index.xml?fileloc=//proc/49/net/udp&path=//proc/49/net HTTP/1.1" 200 2801 "https://www.ack.uk.com/sitemap_index.xml?path=//proc/49/net" "Mozilla/5.0 AppleWebKit/537.36 (KHTML, like Gecko; compatible; GPTBot/1.4; +https://openai.com/gptbot)"
74.7.242.53 - - [16/Jun/2026:22:31:23 +0100] "GET /sitemap_index.xml?fileloc=//proc/47/net/udp&path=//proc/47/net HTTP/1.1" 200 2802 "https://www.ack.uk.com/sitemap_index.xml?path=//proc/47/net" "Mozilla/5.0 AppleWebKit/537.36 (KHTML, like Gecko; compatible; GPTBot/1.4; +https://openai.com/gptbot)"
74.7.242.53 - - [16/Jun/2026:22:31:23 +0100] "GET /sitemap_index.xml?fileloc=//proc/29/net/udp&path=//proc/29/net HTTP/1.1" 200 2801 "https://www.ack.uk.com/sitemap_index.xml?path=//proc/29/net" "Mozilla/5.0 AppleWebKit/537.36 (KHTML, like Gecko; compatible; GPTBot/1.4; +https://openai.com/gptbot)"
74.7.242.53 - - [16/Jun/2026:22:31:24 +0100] "GET /sitemap_index.xml?fileloc=//proc/24/net/raw&path=//proc/24/net HTTP/1.1" 200 2538 "https://www.ack.uk.com/sitemap_index.xml?path=//proc/24/net" "Mozilla/5.0 AppleWebKit/537.36 (KHTML, like Gecko; compatible; GPTBot/1.4; +https://openai.com/gptbot)"
74.7.242.53 - - [16/Jun/2026:22:31:24 +0100] "GET /sitemap_index.xml?fileloc=//proc/69/net/raw&path=//proc/69/net HTTP/1.1" 200 2539 "https://www.ack.uk.com/sitemap_index.xml?path=//proc/69/net" "Mozilla/5.0 AppleWebKit/537.36 (KHTML, like Gecko; compatible; GPTBot/1.4; +https://openai.com/gptbot)"
74.7.242.53 - - [16/Jun/2026:22:31:25 +0100] "GET /sitemap_index.xml?fileloc=//proc/68/net/raw&path=//proc/68/net HTTP/1.1" 200 2538 "https://www.ack.uk.com/sitemap_index.xml?path=//proc/68/net" "Mozilla/5.0 AppleWebKit/537.36 (KHTML, like Gecko; compatible; GPTBot/1.4; +https://openai.com/gptbot)"
74.7.242.53 - - [16/Jun/2026:22:31:25 +0100] "GET /sitemap_index.xml?fileloc=//proc/49/net/raw&path=//proc/49/net HTTP/1.1" 200 2539 "https://www.ack.uk.com/sitemap_index.xml?path=//proc/49/net" "Mozilla/5.0 AppleWebKit/537.36 (KHTML, like Gecko; compatible; GPTBot/1.4; +https://openai.com/gptbot)"
74.7.242.53 - - [16/Jun/2026:22:31:26 +0100] "GET /sitemap_index.xml?fileloc=//proc/38/net/udp&path=//proc/38/net HTTP/1.1" 200 2801 "https://www.ack.uk.com/sitemap_index.xml?path=//proc/38/net" "Mozilla/5.0 AppleWebKit/537.36 (KHTML, like Gecko; compatible; GPTBot/1.4; +https://openai.com/gptbot)"
74.7.242.53 - - [16/Jun/2026:22:31:26 +0100] "GET /sitemap_index.xml?fileloc=//proc/42/net/raw&path=//proc/42/net HTTP/1.1" 200 2538 "https://www.ack.uk.com/sitemap_index.xml?path=//proc/42/net" "Mozilla/5.0 AppleWebKit/537.36 (KHTML, like Gecko; compatible; GPTBot/1.4; +https://openai.com/gptbot)"
74.7.242.53 - - [16/Jun/2026:22:31:27 +0100] "GET /sitemap_index.xml?fileloc=//proc/69/net/udp&path=//proc/69/net HTTP/1.1" 200 2801 "https://www.ack.uk.com/sitemap_index.xml?path=//proc/69/net" "Mozilla/5.0 AppleWebKit/537.36 (KHTML, like Gecko; compatible; GPTBot/1.4; +https://openai.com/gptbot)"
74.7.242.53 - - [16/Jun/2026:22:31:27 +0100] "GET /sitemap_index.xml?fileloc=//proc/29/net/raw&path=//proc/29/net HTTP/1.1" 200 2539 "https://www.ack.uk.com/sitemap_index.xml?path=//proc/29/net" "Mozilla/5.0 AppleWebKit/537.36 (KHTML, like Gecko; compatible; GPTBot/1.4; +https://openai.com/gptbot)"
74.7.242.53 - - [16/Jun/2026:22:31:28 +0100] "GET /sitemap_index.xml?fileloc=//proc/27/net/udp&path=//proc/27/net HTTP/1.1" 200 2801 "https://www.ack.uk.com/sitemap_index.xml?path=//proc/27/net" "Mozilla/5.0 AppleWebKit/537.36 (KHTML, like Gecko; compatible; GPTBot/1.4; +https://openai.com/gptbot)"
74.7.242.53 - - [16/Jun/2026:22:31:28 +0100] "GET /sitemap_index.xml?fileloc=//proc/47/net/raw&path=//proc/47/net HTTP/1.1" 200 2539 "https://www.ack.uk.com/sitemap_index.xml?path=//proc/47/net" "Mozilla/5.0 AppleWebKit/537.36 (KHTML, like Gecko; compatible; GPTBot/1.4; +https://openai.com/gptbot)"
66.249.79.238 - - [16/Jun/2026:22:31:29 +0100] "GET /products/10816936 HTTP/1.1" 200 4038 "-" "Mozilla/5.0 (Linux; Android 6.0.1; Nexus 5X Build/MMB29P) AppleWebKit/537.36 (KHTML, like Gecko) Chrome/148.0.7778.96 Mobile Safari/537.36 (compatible; Googlebot/2.1; +http://www.google.com/bot.html)"
74.7.242.53 - - [16/Jun/2026:22:31:29 +0100] "GET /sitemap_index.xml?fileloc=//proc/49/net/dev_mcast&path=//proc/49/net HTTP/1.1" 200 2509 "https://www.ack.uk.com/sitemap_index.xml?path=//proc/49/net" "Mozilla/5.0 AppleWebKit/537.36 (KHTML, like Gecko; compatible; GPTBot/1.4; +https://openai.com/gptbot)"
74.7.242.53 - - [16/Jun/2026:22:31:29 +0100] "GET /sitemap_index.xml?fileloc=//proc/18/net/dev_mcast&path=//proc/18/net HTTP/1.1" 200 2508 "https://www.ack.uk.com/sitemap_index.xml?path=//proc/18/net" "Mozilla/5.0 AppleWebKit/537.36 (KHTML, like Gecko; compatible; GPTBot/1.4; +https://openai.com/gptbot)"
74.7.242.53 - - [16/Jun/2026:22:31:30 +0100] "GET /sitemap_index.xml?fileloc=//proc/68/net/dev_mcast&path=//proc/68/net HTTP/1.1" 200 2508 "https://www.ack.uk.com/sitemap_index.xml?path=//proc/68/net" "Mozilla/5.0 AppleWebKit/537.36 (KHTML, like Gecko; compatible; GPTBot/1.4; +https://openai.com/gptbot)"
74.7.242.53 - - [16/Jun/2026:22:31:30 +0100] "GET /sitemap_index.xml?fileloc=//proc/47/net/dev_mcast&path=//proc/47/net HTTP/1.1" 200 2509 "https://www.ack.uk.com/sitemap_index.xml?path=//proc/47/net" "Mozilla/5.0 AppleWebKit/537.36 (KHTML, like Gecko; compatible; GPTBot/1.4; +https://openai.com/gptbot)"
74.7.242.53 - - [16/Jun/2026:22:31:31 +0100] "GET /sitemap_index.xml?fileloc=//proc/38/net/dev_mcast&path=//proc/38/net HTTP/1.1" 200 2509 "https://www.ack.uk.com/sitemap_index.xml?path=//proc/38/net" "Mozilla/5.0 AppleWebKit/537.36 (KHTML, like Gecko; compatible; GPTBot/1.4; +https://openai.com/gptbot)"
74.7.242.53 - - [16/Jun/2026:22:31:31 +0100] "GET /sitemap_index.xml?fileloc=//proc/27/net/dev_mcast&path=//proc/27/net HTTP/1.1" 200 2509 "https://www.ack.uk.com/sitemap_index.xml?path=//proc/27/net" "Mozilla/5.0 AppleWebKit/537.36 (KHTML, like Gecko; compatible; GPTBot/1.4; +https://openai.com/gptbot)"
74.7.242.53 - - [16/Jun/2026:22:31:32 +0100] "GET /sitemap_index.xml?fileloc=//proc/69/net/dev_mcast&path=//proc/69/net HTTP/1.1" 200 2509 "https://www.ack.uk.com/sitemap_index.xml?path=//proc/69/net" "Mozilla/5.0 AppleWebKit/537.36 (KHTML, like Gecko; compatible; GPTBot/1.4; +https://openai.com/gptbot)"
74.7.242.53 - - [16/Jun/2026:22:31:32 +0100] "GET /sitemap_index.xml?fileloc=//proc/29/net/dev_mcast&path=//proc/29/net HTTP/1.1" 200 2509 "https://www.ack.uk.com/sitemap_index.xml?path=//proc/29/net" "Mozilla/5.0 AppleWebKit/537.36 (KHTML, like Gecko; compatible; GPTBot/1.4; +https://openai.com/gptbot)"
74.7.242.53 - - [16/Jun/2026:22:31:33 +0100] "GET /sitemap_index.xml?fileloc=//proc/12/net/dev_mcast&path=//proc/12/net HTTP/1.1" 200 2508 "https://www.ack.uk.com/sitemap_index.xml?path=//proc/12/net" "Mozilla/5.0 AppleWebKit/537.36 (KHTML, like Gecko; compatible; GPTBot/1.4; +https://openai.com/gptbot)"
74.7.242.53 - - [16/Jun/2026:22:31:33 +0100] "GET /sitemap_index.xml?fileloc=//proc/24/net/dev_mcast&path=//proc/24/net HTTP/1.1" 200 2508 "https://www.ack.uk.com/sitemap_index.xml?path=//proc/24/net" "Mozilla/5.0 AppleWebKit/537.36 (KHTML, like Gecko; compatible; GPTBot/1.4; +https://openai.com/gptbot)"
74.7.242.53 - - [16/Jun/2026:22:31:34 +0100] "GET /sitemap_index.xml?fileloc=//proc/42/net/dev_mcast&path=//proc/42/net HTTP/1.1" 200 2508 "https://www.ack.uk.com/sitemap_index.xml?path=//proc/42/net" "Mozilla/5.0 AppleWebKit/537.36 (KHTML, like Gecko; compatible; GPTBot/1.4; +https://openai.com/gptbot)"
74.7.242.53 - - [16/Jun/2026:22:31:35 +0100] "GET /sitemap_index.xml?fileloc=//proc/12/net/ipv6_route&path=//proc/12/net HTTP/1.1" 200 2678 "https://www.ack.uk.com/sitemap_index.xml?path=//proc/12/net" "Mozilla/5.0 AppleWebKit/537.36 (KHTML, like Gecko; compatible; GPTBot/1.4; +https://openai.com/gptbot)"
74.7.242.53 - - [16/Jun/2026:22:31:35 +0100] "GET /sitemap_index.xml?fileloc=//proc/27/net/ipv6_route&path=//proc/27/net HTTP/1.1" 200 2678 "https://www.ack.uk.com/sitemap_index.xml?path=//proc/27/net" "Mozilla/5.0 AppleWebKit/537.36 (KHTML, like Gecko; compatible; GPTBot/1.4; +https://openai.com/gptbot)"
74.7.242.53 - - [16/Jun/2026:22:31:36 +0100] "GET /sitemap_index.xml?fileloc=//proc/49/net/ipv6_route&path=//proc/49/net HTTP/1.1" 200 2679 "https://www.ack.uk.com/sitemap_index.xml?path=//proc/49/net" "Mozilla/5.0 AppleWebKit/537.36 (KHTML, like Gecko; compatible; GPTBot/1.4; +https://openai.com/gptbot)"
74.7.242.53 - - [16/Jun/2026:22:31:36 +0100] "GET /sitemap_index.xml?fileloc=//proc/24/net/ipv6_route&path=//proc/24/net HTTP/1.1" 200 2678 "https://www.ack.uk.com/sitemap_index.xml?path=//proc/24/net" "Mozilla/5.0 AppleWebKit/537.36 (KHTML, like Gecko; compatible; GPTBot/1.4; +https://openai.com/gptbot)"
74.7.242.53 - - [16/Jun/2026:22:31:37 +0100] "GET /sitemap_index.xml?fileloc=//proc/29/net/ipv6_route&path=//proc/29/net HTTP/1.1" 200 2677 "https://www.ack.uk.com/sitemap_index.xml?path=//proc/29/net" "Mozilla/5.0 AppleWebKit/537.36 (KHTML, like Gecko; compatible; GPTBot/1.4; +https://openai.com/gptbot)"
66.249.79.238 - - [16/Jun/2026:22:31:37 +0100] "GET /m11641409473?fileloc=/home/calderca/public_html/wp-config.php&path=/home/calderca/public_html HTTP/1.1" 200 4289 "-" "Mozilla/5.0 (Linux; Android 6.0.1; Nexus 5X Build/MMB29P) AppleWebKit/537.36 (KHTML, like Gecko) Chrome/148.0.7778.96 Mobile Safari/537.36 (compatible; Googlebot/2.1; +http://www.google.com/bot.html)"
74.7.242.53 - - [16/Jun/2026:22:31:37 +0100] "GET /sitemap_index.xml?fileloc=//proc/38/net/ipv6_route&path=//proc/38/net HTTP/1.1" 200 2677 "https://www.ack.uk.com/sitemap_index.xml?path=//proc/38/net" "Mozilla/5.0 AppleWebKit/537.36 (KHTML, like Gecko; compatible; GPTBot/1.4; +https://openai.com/gptbot)"
74.7.242.53 - - [16/Jun/2026:22:31:38 +0100] "GET /sitemap_index.xml?fileloc=//proc/42/net/ipv6_route&path=//proc/42/net HTTP/1.1" 200 2678 "https://www.ack.uk.com/sitemap_index.xml?path=//proc/42/net" "Mozilla/5.0 AppleWebKit/537.36 (KHTML, like Gecko; compatible; GPTBot/1.4; +https://openai.com/gptbot)"
74.7.242.53 - - [16/Jun/2026:22:31:38 +0100] "GET /sitemap_index.xml?fileloc=//proc/47/net/ipv6_route&path=//proc/47/net HTTP/1.1" 200 2679 "https://www.ack.uk.com/sitemap_index.xml?path=//proc/47/net" "Mozilla/5.0 AppleWebKit/537.36 (KHTML, like Gecko; compatible; GPTBot/1.4; +https://openai.com/gptbot)"
74.7.242.53 - - [16/Jun/2026:22:31:39 +0100] "GET /sitemap_index.xml?fileloc=//proc/18/net/ipv6_route&path=//proc/18/net HTTP/1.1" 200 2678 "https://www.ack.uk.com/sitemap_index.xml?path=//proc/18/net" "Mozilla/5.0 AppleWebKit/537.36 (KHTML, like Gecko; compatible; GPTBot/1.4; +https://openai.com/gptbot)"
74.7.242.53 - - [16/Jun/2026:22:31:39 +0100] "GET /sitemap_index.xml?fileloc=//proc/27/net/ip_tables_matches&path=//proc/27/net HTTP/1.1" 200 2476 "https://www.ack.uk.com/sitemap_index.xml?path=//proc/27/net" "Mozilla/5.0 AppleWebKit/537.36 (KHTML, like Gecko; compatible; GPTBot/1.4; +https://openai.com/gptbot)"
74.7.242.53 - - [16/Jun/2026:22:31:40 +0100] "GET /sitemap_index.xml?fileloc=//proc/38/net/ip_tables_matches&path=//proc/38/net HTTP/1.1" 200 2475 "https://www.ack.uk.com/sitemap_index.xml?path=//proc/38/net" "Mozilla/5.0 AppleWebKit/537.36 (KHTML, like Gecko; compatible; GPTBot/1.4; +https://openai.com/gptbot)"
74.7.242.53 - - [16/Jun/2026:22:31:40 +0100] "GET /sitemap_index.xml?fileloc=//proc/47/net/ip_tables_matches&path=//proc/47/net HTTP/1.1" 200 2475 "https://www.ack.uk.com/sitemap_index.xml?path=//proc/47/net" "Mozilla/5.0 AppleWebKit/537.36 (KHTML, like Gecko; compatible; GPTBot/1.4; +https://openai.com/gptbot)"
74.7.242.53 - - [16/Jun/2026:22:31:41 +0100] "GET /sitemap_index.xml?fileloc=//proc/24/net/ip_tables_matches&path=//proc/24/net HTTP/1.1" 200 2475 "https://www.ack.uk.com/sitemap_index.xml?path=//proc/24/net" "Mozilla/5.0 AppleWebKit/537.36 (KHTML, like Gecko; compatible; GPTBot/1.4; +https://openai.com/gptbot)"
