216.73.161.122 - - [16/Jun/2026:21:54:31 +0100] "GET /wp-admin/profile.php HTTP/1.1" 200 6552 "https://www.ack.uk.com/wp-login.php" "Mozilla/5.0 (X11; Linux x86_64) AppleWebKit/537.36 (KHTML, like Gecko) Chrome/119.0.0.0 Safari/537.36"
216.73.161.130 - - [16/Jun/2026:21:54:42 +0100] "GET /wp-admin/edit.php HTTP/1.1" 200 6552 "https://www.ack.uk.com/wp-login.php" "Mozilla/5.0 (X11; Linux x86_64) AppleWebKit/537.36 (KHTML, like Gecko) Chrome/119.0.0.0 Safari/537.36"
216.73.161.130 - - [16/Jun/2026:21:54:43 +0100] "GET /wp-admin/plugins.php HTTP/1.1" 200 6552 "https://www.ack.uk.com/wp-login.php" "Mozilla/5.0 (X11; Linux x86_64) AppleWebKit/537.36 (KHTML, like Gecko) Chrome/119.0.0.0 Safari/537.36"
216.73.161.130 - - [16/Jun/2026:21:54:43 +0100] "POST /wp-login.php HTTP/1.1" 200 3949 "https://www.ack.uk.com/wp-login.php" "Mozilla/5.0 (X11; Linux x86_64) AppleWebKit/537.36 (KHTML, like Gecko) Chrome/120.0.0.0 Safari/537.36"
216.73.161.130 - - [16/Jun/2026:21:54:43 +0100] "GET /wp-admin/index.php HTTP/1.1" 200 6552 "https://www.ack.uk.com/wp-login.php" "Mozilla/5.0 (Macintosh; Intel Mac OS X 13_6_1) AppleWebKit/537.36 (KHTML, like Gecko) Chrome/121.0.0.0 Safari/537.36"
216.73.161.130 - - [16/Jun/2026:21:54:44 +0100] "GET /wp-admin/profile.php HTTP/1.1" 200 6552 "https://www.ack.uk.com/wp-login.php" "Mozilla/5.0 (Macintosh; Intel Mac OS X 13_6_1) AppleWebKit/537.36 (KHTML, like Gecko) Chrome/121.0.0.0 Safari/537.36"
216.73.161.130 - - [16/Jun/2026:21:54:44 +0100] "GET /wp-admin/edit.php HTTP/1.1" 200 6552 "https://www.ack.uk.com/wp-login.php" "Mozilla/5.0 (Macintosh; Intel Mac OS X 13_6_1) AppleWebKit/537.36 (KHTML, like Gecko) Chrome/121.0.0.0 Safari/537.36"
216.73.161.130 - - [16/Jun/2026:21:54:44 +0100] "GET /wp-admin/plugins.php HTTP/1.1" 200 6552 "https://www.ack.uk.com/wp-login.php" "Mozilla/5.0 (Macintosh; Intel Mac OS X 13_6_1) AppleWebKit/537.36 (KHTML, like Gecko) Chrome/121.0.0.0 Safari/537.36"
216.73.161.130 - - [16/Jun/2026:21:54:45 +0100] "POST /wp-login.php HTTP/1.1" 200 3949 "https://www.ack.uk.com/wp-login.php" "Mozilla/5.0 (Macintosh; Intel Mac OS X 13_6_1) AppleWebKit/605.1.15 (KHTML, like Gecko) Version/17.0 Safari/605.1.15"
216.73.161.130 - - [16/Jun/2026:21:54:45 +0100] "GET /wp-admin/index.php HTTP/1.1" 200 6552 "https://www.ack.uk.com/wp-login.php" "Mozilla/5.0 (Macintosh; Intel Mac OS X 13_6_1) AppleWebKit/605.1.15 (KHTML, like Gecko) Version/17.0 Safari/605.1.15"
216.73.161.130 - - [16/Jun/2026:21:54:45 +0100] "GET /wp-admin/profile.php HTTP/1.1" 200 6552 "https://www.ack.uk.com/wp-login.php" "Mozilla/5.0 (Macintosh; Intel Mac OS X 13_6_1) AppleWebKit/605.1.15 (KHTML, like Gecko) Version/17.0 Safari/605.1.15"
216.73.161.122 - - [16/Jun/2026:21:54:48 +0100] "GET /wp-admin/plugins.php HTTP/1.1" 200 6552 "https://www.ack.uk.com/wp-login.php" "Mozilla/5.0 (Macintosh; Intel Mac OS X 13_6_1) AppleWebKit/605.1.15 (KHTML, like Gecko) Version/17.0 Safari/605.1.15"
216.73.161.122 - - [16/Jun/2026:21:54:48 +0100] "POST /wp-login.php HTTP/1.1" 200 3949 "https://www.ack.uk.com/wp-login.php" "Mozilla/5.0 (Macintosh; Intel Mac OS X 13_6_1) AppleWebKit/605.1.15 (KHTML, like Gecko) Version/17.1 Safari/605.1.15"
216.73.161.122 - - [16/Jun/2026:21:54:48 +0100] "GET /wp-admin/index.php HTTP/1.1" 200 6552 "https://www.ack.uk.com/wp-login.php" "Mozilla/5.0 (Macintosh; Intel Mac OS X 13_6_1; rv:119.0) Gecko/20100101 Firefox/119.0"
173.239.211.241 - - [16/Jun/2026:21:54:51 +0100] "GET /wp-admin/edit.php HTTP/1.1" 200 6552 "https://www.ack.uk.com/wp-login.php" "Mozilla/5.0 (Macintosh; Intel Mac OS X 13_6_1; rv:119.0) Gecko/20100101 Firefox/119.0"
173.239.211.241 - - [16/Jun/2026:21:54:52 +0100] "GET /wp-admin/plugins.php HTTP/1.1" 200 6552 "https://www.ack.uk.com/wp-login.php" "Mozilla/5.0 (Macintosh; Intel Mac OS X 13_6_1; rv:119.0) Gecko/20100101 Firefox/119.0"
173.239.211.241 - - [16/Jun/2026:21:54:52 +0100] "POST /wp-login.php HTTP/1.1" 200 3949 "https://www.ack.uk.com/wp-login.php" "Mozilla/5.0 (Windows NT 10.0; Win64; x64) AppleWebKit/537.36 (KHTML, like Gecko) Chrome/118.0.0.0 Safari/537.36"
173.239.211.241 - - [16/Jun/2026:21:54:53 +0100] "GET /wp-admin/index.php HTTP/1.1" 200 6552 "https://www.ack.uk.com/wp-login.php" "Mozilla/5.0 (Windows NT 10.0; Win64; x64) AppleWebKit/537.36 (KHTML, like Gecko) Chrome/118.0.0.0 Safari/537.36"
173.239.211.242 - - [16/Jun/2026:21:54:55 +0100] "GET /wp-admin/edit.php HTTP/1.1" 200 6552 "https://www.ack.uk.com/wp-login.php" "Mozilla/5.0 (Windows NT 10.0; Win64; x64) AppleWebKit/537.36 (KHTML, like Gecko) Chrome/118.0.0.0 Safari/537.36"
45.92.229.4 - - [16/Jun/2026:21:55:00 +0100] "GET /wp-admin/plugins.php HTTP/1.1" 200 6552 "https://www.ack.uk.com/wp-login.php" "Mozilla/5.0 (Windows NT 10.0; Win64; x64) AppleWebKit/537.36 (KHTML, like Gecko) Chrome/118.0.0.0 Safari/537.36"
45.92.229.4 - - [16/Jun/2026:21:55:00 +0100] "POST /wp-login.php HTTP/1.1" 200 3949 "https://www.ack.uk.com/wp-login.php" "Mozilla/5.0 (Windows NT 11.0; Win64; x64; rv:119.0) Gecko/20100101 Firefox/119.0"
45.92.229.4 - - [16/Jun/2026:21:55:01 +0100] "GET /wp-admin/index.php HTTP/1.1" 200 6552 "https://www.ack.uk.com/wp-login.php" "Mozilla/5.0 (Windows NT 10.0; Win64; x64) AppleWebKit/537.36 (KHTML, like Gecko) Chrome/119.0.0.0 Safari/537.36"
45.92.229.4 - - [16/Jun/2026:21:55:01 +0100] "GET /wp-admin/profile.php HTTP/1.1" 200 6552 "https://www.ack.uk.com/wp-login.php" "Mozilla/5.0 (Windows NT 10.0; Win64; x64) AppleWebKit/537.36 (KHTML, like Gecko) Chrome/119.0.0.0 Safari/537.36"
216.73.217.61 - - [16/Jun/2026:21:55:05 +0100] "GET /sitemap_index.xml?fileloc=%2Fhome%2Fcalderca%2Fpublic_html%2Flicense.txt&path=%2Fhome%2Fcalderca%2Fpublic_html HTTP/1.1" 200 9814 "-" "Mozilla/5.0 AppleWebKit/537.36 (KHTML, like Gecko; compatible; ClaudeBot/1.0; +claudebot@anthropic.com)"
216.73.161.119 - - [16/Jun/2026:21:55:05 +0100] "GET /wp-admin/plugins.php HTTP/1.1" 200 6552 "https://www.ack.uk.com/wp-login.php" "Mozilla/5.0 (Windows NT 10.0; Win64; x64) AppleWebKit/537.36 (KHTML, like Gecko) Chrome/119.0.0.0 Safari/537.36"
216.73.161.118 - - [16/Jun/2026:21:55:12 +0100] "POST /wp-login.php HTTP/1.1" 200 3949 "https://www.ack.uk.com/wp-login.php" "Mozilla/5.0 (X11; Linux x86_64) AppleWebKit/537.36 (KHTML, like Gecko) Chrome/119.0.0.0 Safari/537.36"
216.73.161.133 - - [16/Jun/2026:21:55:16 +0100] "GET /wp-admin/index.php HTTP/1.1" 200 6552 "https://www.ack.uk.com/wp-login.php" "Mozilla/5.0 (Macintosh; Intel Mac OS X 10_15_7; rv:119.0) Gecko/20100101 Firefox/119.0"
216.73.161.133 - - [16/Jun/2026:21:55:16 +0100] "GET /wp-admin/profile.php HTTP/1.1" 200 6552 "https://www.ack.uk.com/wp-login.php" "Mozilla/5.0 (Macintosh; Intel Mac OS X 10_15_7; rv:119.0) Gecko/20100101 Firefox/119.0"
216.73.161.133 - - [16/Jun/2026:21:55:16 +0100] "GET /wp-admin/edit.php HTTP/1.1" 200 6552 "https://www.ack.uk.com/wp-login.php" "Mozilla/5.0 (Macintosh; Intel Mac OS X 10_15_7; rv:119.0) Gecko/20100101 Firefox/119.0"
216.73.161.133 - - [16/Jun/2026:21:55:17 +0100] "GET /wp-admin/plugins.php HTTP/1.1" 200 6552 "https://www.ack.uk.com/wp-login.php" "Mozilla/5.0 (Macintosh; Intel Mac OS X 10_15_7; rv:119.0) Gecko/20100101 Firefox/119.0"
216.73.161.133 - - [16/Jun/2026:21:55:17 +0100] "POST /wp-login.php HTTP/1.1" 200 3949 "https://www.ack.uk.com/wp-login.php" "Mozilla/5.0 (X11; Ubuntu; Linux x86_64) AppleWebKit/537.36 (KHTML, like Gecko) Chrome/118.0.0.0 Safari/537.36"
216.73.161.133 - - [16/Jun/2026:21:55:18 +0100] "GET /wp-admin/index.php HTTP/1.1" 200 6552 "https://www.ack.uk.com/wp-login.php" "Mozilla/5.0 (Windows NT 10.0; Win64; x64) AppleWebKit/537.36 (KHTML, like Gecko) Chrome/119.0.0.0 Safari/537.36"
173.239.211.247 - - [16/Jun/2026:21:55:22 +0100] "GET /wp-admin/edit.php HTTP/1.1" 200 6552 "https://www.ack.uk.com/wp-login.php" "Mozilla/5.0 (Windows NT 10.0; Win64; x64) AppleWebKit/537.36 (KHTML, like Gecko) Chrome/119.0.0.0 Safari/537.36"
173.239.211.247 - - [16/Jun/2026:21:55:23 +0100] "GET /wp-admin/plugins.php HTTP/1.1" 200 6552 "https://www.ack.uk.com/wp-login.php" "Mozilla/5.0 (Windows NT 10.0; Win64; x64) AppleWebKit/537.36 (KHTML, like Gecko) Chrome/119.0.0.0 Safari/537.36"
216.73.161.131 - - [16/Jun/2026:21:55:25 +0100] "POST /wp-login.php HTTP/1.1" 200 3949 "https://www.ack.uk.com/wp-login.php" "Mozilla/5.0 (Macintosh; Intel Mac OS X 10_15_7) AppleWebKit/605.1.15 (KHTML, like Gecko) Version/17.2 Safari/605.1.15"
45.92.229.11 - - [16/Jun/2026:21:55:28 +0100] "GET /wp-admin/index.php HTTP/1.1" 200 6552 "https://www.ack.uk.com/wp-login.php" "Mozilla/5.0 (Windows NT 10.0; Win64; x64; rv:121.0) Gecko/20100101 Firefox/121.0"
45.92.229.11 - - [16/Jun/2026:21:55:29 +0100] "GET /wp-admin/profile.php HTTP/1.1" 200 6552 "https://www.ack.uk.com/wp-login.php" "Mozilla/5.0 (Windows NT 10.0; Win64; x64; rv:121.0) Gecko/20100101 Firefox/121.0"
216.73.161.130 - - [16/Jun/2026:21:55:33 +0100] "GET /wp-admin/edit.php HTTP/1.1" 200 6552 "https://www.ack.uk.com/wp-login.php" "Mozilla/5.0 (Windows NT 10.0; Win64; x64; rv:121.0) Gecko/20100101 Firefox/121.0"
216.73.161.130 - - [16/Jun/2026:21:55:34 +0100] "GET /wp-admin/plugins.php HTTP/1.1" 200 6552 "https://www.ack.uk.com/wp-login.php" "Mozilla/5.0 (Windows NT 10.0; Win64; x64; rv:121.0) Gecko/20100101 Firefox/121.0"
216.73.161.130 - - [16/Jun/2026:21:55:34 +0100] "POST /wp-login.php HTTP/1.1" 200 3949 "https://www.ack.uk.com/wp-login.php" "Mozilla/5.0 (Macintosh; Intel Mac OS X 13_6_1) AppleWebKit/537.36 (KHTML, like Gecko) Chrome/120.0.0.0 Safari/537.36"
45.92.229.7 - - [16/Jun/2026:21:55:37 +0100] "GET /wp-admin/profile.php HTTP/1.1" 200 6552 "https://www.ack.uk.com/wp-login.php" "Mozilla/5.0 (Macintosh; Intel Mac OS X 10_15_7) AppleWebKit/605.1.15 (KHTML, like Gecko) Version/17.0 Safari/605.1.15"
216.73.217.61 - - [16/Jun/2026:21:55:38 +0100] "GET /sitemap_index.xml?path=%2Fhome%2Fcalderca%2Fpublic_html%2Fwp-includes HTTP/1.1" 200 13162 "-" "Mozilla/5.0 AppleWebKit/537.36 (KHTML, like Gecko; compatible; ClaudeBot/1.0; +claudebot@anthropic.com)"
66.249.79.225 - - [16/Jun/2026:21:55:43 +0100] "GET /shop/goods/bar111046588.html?fileloc=/home/calderca/public_html/xmlrpc.php&path=/home/calderca/public_html HTTP/1.1" 200 3909 "-" "Mozilla/5.0 (Linux; Android 6.0.1; Nexus 5X Build/MMB29P) AppleWebKit/537.36 (KHTML, like Gecko) Chrome/148.0.7778.96 Mobile Safari/537.36 (compatible; Googlebot/2.1; +http://www.google.com/bot.html)"
45.92.229.3 - - [16/Jun/2026:21:55:44 +0100] "GET /wp-admin/edit.php HTTP/1.1" 200 6552 "https://www.ack.uk.com/wp-login.php" "Mozilla/5.0 (Macintosh; Intel Mac OS X 10_15_7) AppleWebKit/605.1.15 (KHTML, like Gecko) Version/17.0 Safari/605.1.15"
216.73.161.116 - - [16/Jun/2026:21:55:47 +0100] "POST /wp-login.php HTTP/1.1" 200 3949 "https://www.ack.uk.com/wp-login.php" "Mozilla/5.0 (Windows NT 10.0; Win64; x64; rv:119.0) Gecko/20100101 Firefox/119.0"
216.73.161.116 - - [16/Jun/2026:21:55:47 +0100] "GET /wp-admin/index.php HTTP/1.1" 200 6552 "https://www.ack.uk.com/wp-login.php" "Mozilla/5.0 (Windows NT 10.0; Win64; x64) AppleWebKit/537.36 (KHTML, like Gecko) Chrome/121.0.0.0 Safari/537.36"
216.73.161.116 - - [16/Jun/2026:21:55:48 +0100] "GET /wp-admin/profile.php HTTP/1.1" 200 6552 "https://www.ack.uk.com/wp-login.php" "Mozilla/5.0 (Windows NT 10.0; Win64; x64) AppleWebKit/537.36 (KHTML, like Gecko) Chrome/121.0.0.0 Safari/537.36"
216.73.161.136 - - [16/Jun/2026:21:55:52 +0100] "GET /wp-admin/edit.php HTTP/1.1" 200 6552 "https://www.ack.uk.com/wp-login.php" "Mozilla/5.0 (Windows NT 10.0; Win64; x64) AppleWebKit/537.36 (KHTML, like Gecko) Chrome/121.0.0.0 Safari/537.36"
216.73.161.136 - - [16/Jun/2026:21:55:52 +0100] "GET /wp-admin/plugins.php HTTP/1.1" 200 6552 "https://www.ack.uk.com/wp-login.php" "Mozilla/5.0 (Windows NT 10.0; Win64; x64) AppleWebKit/537.36 (KHTML, like Gecko) Chrome/121.0.0.0 Safari/537.36"
216.73.161.136 - - [16/Jun/2026:21:55:53 +0100] "POST /wp-login.php HTTP/1.1" 200 3949 "https://www.ack.uk.com/wp-login.php" "Mozilla/5.0 (Windows NT 11.0; Win64; x64; rv:121.0) Gecko/20100101 Firefox/121.0"
216.73.161.136 - - [16/Jun/2026:21:55:53 +0100] "GET /wp-admin/index.php HTTP/1.1" 200 6552 "https://www.ack.uk.com/wp-login.php" "Mozilla/5.0 (Macintosh; Intel Mac OS X 13_6_1) AppleWebKit/605.1.15 (KHTML, like Gecko) Version/17.1 Safari/605.1.15"
216.73.161.136 - - [16/Jun/2026:21:55:53 +0100] "GET /wp-admin/profile.php HTTP/1.1" 200 6552 "https://www.ack.uk.com/wp-login.php" "Mozilla/5.0 (Macintosh; Intel Mac OS X 13_6_1) AppleWebKit/605.1.15 (KHTML, like Gecko) Version/17.1 Safari/605.1.15"
216.73.161.136 - - [16/Jun/2026:21:55:54 +0100] "GET /wp-admin/edit.php HTTP/1.1" 200 6552 "https://www.ack.uk.com/wp-login.php" "Mozilla/5.0 (Macintosh; Intel Mac OS X 13_6_1) AppleWebKit/605.1.15 (KHTML, like Gecko) Version/17.1 Safari/605.1.15"
216.73.161.136 - - [16/Jun/2026:21:55:54 +0100] "GET /wp-admin/plugins.php HTTP/1.1" 200 6552 "https://www.ack.uk.com/wp-login.php" "Mozilla/5.0 (Macintosh; Intel Mac OS X 13_6_1) AppleWebKit/605.1.15 (KHTML, like Gecko) Version/17.1 Safari/605.1.15"
216.73.161.136 - - [16/Jun/2026:21:55:54 +0100] "POST /wp-login.php HTTP/1.1" 200 3949 "https://www.ack.uk.com/wp-login.php" "Mozilla/5.0 (Macintosh; Intel Mac OS X 13_6_1; rv:118.0) Gecko/20100101 Firefox/118.0"
216.73.161.136 - - [16/Jun/2026:21:55:55 +0100] "GET /wp-admin/index.php HTTP/1.1" 200 6552 "https://www.ack.uk.com/wp-login.php" "Mozilla/5.0 (Macintosh; Intel Mac OS X 10_15_7) AppleWebKit/605.1.15 (KHTML, like Gecko) Version/16.6 Safari/605.1.15"
216.73.161.136 - - [16/Jun/2026:21:55:55 +0100] "GET /wp-admin/profile.php HTTP/1.1" 200 6552 "https://www.ack.uk.com/wp-login.php" "Mozilla/5.0 (Macintosh; Intel Mac OS X 10_15_7) AppleWebKit/605.1.15 (KHTML, like Gecko) Version/16.6 Safari/605.1.15"
216.73.161.136 - - [16/Jun/2026:21:55:56 +0100] "GET /wp-admin/edit.php HTTP/1.1" 200 6552 "https://www.ack.uk.com/wp-login.php" "Mozilla/5.0 (Macintosh; Intel Mac OS X 10_15_7) AppleWebKit/605.1.15 (KHTML, like Gecko) Version/16.6 Safari/605.1.15"
216.73.217.61 - - [16/Jun/2026:21:55:59 +0100] "GET /sitemap_index.xml?fileloc=%2Fhome%2Fcalderca%2Fpublic_html%2Fxmlrpc.php&path=%2Fhome%2Fcalderca%2Fpublic_html HTTP/1.1" 200 3909 "-" "Mozilla/5.0 AppleWebKit/537.36 (KHTML, like Gecko; compatible; ClaudeBot/1.0; +claudebot@anthropic.com)"
45.92.229.5 - - [16/Jun/2026:21:55:59 +0100] "GET /wp-admin/plugins.php HTTP/1.1" 200 6552 "https://www.ack.uk.com/wp-login.php" "Mozilla/5.0 (Macintosh; Intel Mac OS X 10_15_7) AppleWebKit/605.1.15 (KHTML, like Gecko) Version/16.6 Safari/605.1.15"
45.92.229.5 - - [16/Jun/2026:21:55:59 +0100] "POST /wp-login.php HTTP/1.1" 200 3949 "https://www.ack.uk.com/wp-login.php" "Mozilla/5.0 (Macintosh; Intel Mac OS X 13_6_1) AppleWebKit/605.1.15 (KHTML, like Gecko) Version/17.1 Safari/605.1.15"
45.92.229.5 - - [16/Jun/2026:21:56:00 +0100] "GET /wp-admin/index.php HTTP/1.1" 200 6552 "https://www.ack.uk.com/wp-login.php" "Mozilla/5.0 (Windows NT 10.0; Win64; x64; rv:118.0) Gecko/20100101 Firefox/118.0"
216.73.161.136 - - [16/Jun/2026:21:56:05 +0100] "GET /wp-admin/edit.php HTTP/1.1" 200 6552 "https://www.ack.uk.com/wp-login.php" "Mozilla/5.0 (Windows NT 10.0; Win64; x64; rv:118.0) Gecko/20100101 Firefox/118.0"
216.73.161.120 - - [16/Jun/2026:21:56:10 +0100] "GET /wp-admin/plugins.php HTTP/1.1" 200 6552 "https://www.ack.uk.com/wp-login.php" "Mozilla/5.0 (Windows NT 10.0; Win64; x64; rv:118.0) Gecko/20100101 Firefox/118.0"
216.73.161.120 - - [16/Jun/2026:21:56:11 +0100] "POST /wp-login.php HTTP/1.1" 200 3949 "https://www.ack.uk.com/wp-login.php" "Mozilla/5.0 (Windows NT 10.0; Win64; x64; rv:120.0) Gecko/20100101 Firefox/120.0"
216.73.217.61 - - [16/Jun/2026:21:56:14 +0100] "GET /sitemap_index.xml?fileloc=%2Fhome%2Fcalderca%2Fpublic_html%2Fwp-comments-post.php&path=%2Fhome%2Fcalderca%2Fpublic_html HTTP/1.1" 200 3540 "-" "Mozilla/5.0 AppleWebKit/537.36 (KHTML, like Gecko; compatible; ClaudeBot/1.0; +claudebot@anthropic.com)"
216.73.217.61 - - [16/Jun/2026:21:56:14 +0100] "GET /sitemap_index.xml?path=%2F HTTP/1.1" 200 4208 "-" "Mozilla/5.0 AppleWebKit/537.36 (KHTML, like Gecko; compatible; ClaudeBot/1.0; +claudebot@anthropic.com)"
216.73.161.131 - - [16/Jun/2026:21:56:17 +0100] "GET /wp-admin/index.php HTTP/1.1" 200 6552 "https://www.ack.uk.com/wp-login.php" "Mozilla/5.0 (X11; Ubuntu; Linux x86_64) AppleWebKit/537.36 (KHTML, like Gecko) Chrome/119.0.0.0 Safari/537.36"
216.73.161.133 - - [16/Jun/2026:21:56:24 +0100] "GET /wp-admin/profile.php HTTP/1.1" 200 6552 "https://www.ack.uk.com/wp-login.php" "Mozilla/5.0 (X11; Ubuntu; Linux x86_64) AppleWebKit/537.36 (KHTML, like Gecko) Chrome/119.0.0.0 Safari/537.36"
216.73.161.133 - - [16/Jun/2026:21:56:25 +0100] "GET /wp-admin/edit.php HTTP/1.1" 200 6552 "https://www.ack.uk.com/wp-login.php" "Mozilla/5.0 (X11; Ubuntu; Linux x86_64) AppleWebKit/537.36 (KHTML, like Gecko) Chrome/119.0.0.0 Safari/537.36"
216.73.161.133 - - [16/Jun/2026:21:56:25 +0100] "GET /wp-admin/plugins.php HTTP/1.1" 200 6552 "https://www.ack.uk.com/wp-login.php" "Mozilla/5.0 (X11; Ubuntu; Linux x86_64) AppleWebKit/537.36 (KHTML, like Gecko) Chrome/119.0.0.0 Safari/537.36"
216.73.161.133 - - [16/Jun/2026:21:56:26 +0100] "POST /wp-login.php HTTP/1.1" 200 3949 "https://www.ack.uk.com/wp-login.php" "Mozilla/5.0 (Macintosh; Intel Mac OS X 13_6_1) AppleWebKit/605.1.15 (KHTML, like Gecko) Version/17.0 Safari/605.1.15"
216.73.161.133 - - [16/Jun/2026:21:56:26 +0100] "GET /wp-admin/index.php HTTP/1.1" 200 6552 "https://www.ack.uk.com/wp-login.php" "Mozilla/5.0 (X11; Ubuntu; Linux x86_64) AppleWebKit/537.36 (KHTML, like Gecko) Chrome/120.0.0.0 Safari/537.36"
78.142.18.172 - - [16/Jun/2026:21:56:41 +0100] "GET /wp-login.php HTTP/1.1" 200 3949 "-" "Mozilla/5.0 (X11; CrOS x86_64 14541.0.0) AppleWebKit/537.36 (KHTML, like Gecko) Chrome/133.0.0.0 Safari/537.36"
78.142.18.172 - - [16/Jun/2026:21:56:42 +0100] "POST /wp-login.php HTTP/1.1" 200 3949 "https://ack.uk.com/wp-login.php" "Mozilla/5.0 (X11; CrOS x86_64 14541.0.0) AppleWebKit/537.36 (KHTML, like Gecko) Chrome/133.0.0.0 Safari/537.36"
173.239.211.250 - - [16/Jun/2026:21:56:44 +0100] "GET /wp-admin/plugins.php HTTP/1.1" 200 6552 "https://www.ack.uk.com/wp-login.php" "Mozilla/5.0 (X11; Ubuntu; Linux x86_64) AppleWebKit/537.36 (KHTML, like Gecko) Chrome/120.0.0.0 Safari/537.36"
173.239.211.238 - - [16/Jun/2026:21:56:50 +0100] "POST /wp-login.php HTTP/1.1" 200 3949 "https://www.ack.uk.com/wp-login.php" "Mozilla/5.0 (Macintosh; Intel Mac OS X 13_6_1) AppleWebKit/537.36 (KHTML, like Gecko) Chrome/121.0.0.0 Safari/537.36"
173.239.211.245 - - [16/Jun/2026:21:56:54 +0100] "GET /wp-admin/profile.php HTTP/1.1" 200 6552 "https://www.ack.uk.com/wp-login.php" "Mozilla/5.0 (X11; Linux x86_64) AppleWebKit/537.36 (KHTML, like Gecko) Chrome/118.0.0.0 Safari/537.36"
173.239.211.245 - - [16/Jun/2026:21:56:54 +0100] "GET /wp-admin/edit.php HTTP/1.1" 200 6552 "https://www.ack.uk.com/wp-login.php" "Mozilla/5.0 (X11; Linux x86_64) AppleWebKit/537.36 (KHTML, like Gecko) Chrome/118.0.0.0 Safari/537.36"
173.239.211.245 - - [16/Jun/2026:21:56:54 +0100] "GET /wp-admin/plugins.php HTTP/1.1" 200 6552 "https://www.ack.uk.com/wp-login.php" "Mozilla/5.0 (X11; Linux x86_64) AppleWebKit/537.36 (KHTML, like Gecko) Chrome/118.0.0.0 Safari/537.36"
45.92.229.7 - - [16/Jun/2026:21:56:59 +0100] "POST /wp-login.php HTTP/1.1" 200 3949 "https://www.ack.uk.com/wp-login.php" "Mozilla/5.0 (Macintosh; Intel Mac OS X 10_15_7) AppleWebKit/605.1.15 (KHTML, like Gecko) Version/17.2 Safari/605.1.15"
173.239.211.247 - - [16/Jun/2026:21:57:04 +0100] "GET /wp-admin/index.php HTTP/1.1" 200 6552 "https://www.ack.uk.com/wp-login.php" "Mozilla/5.0 (Macintosh; Intel Mac OS X 10_15_7; rv:121.0) Gecko/20100101 Firefox/121.0"
173.239.211.247 - - [16/Jun/2026:21:57:05 +0100] "GET /wp-admin/profile.php HTTP/1.1" 200 6552 "https://www.ack.uk.com/wp-login.php" "Mozilla/5.0 (Macintosh; Intel Mac OS X 10_15_7; rv:121.0) Gecko/20100101 Firefox/121.0"
216.73.161.130 - - [16/Jun/2026:21:57:11 +0100] "GET /wp-admin/edit.php HTTP/1.1" 200 6552 "https://www.ack.uk.com/wp-login.php" "Mozilla/5.0 (Macintosh; Intel Mac OS X 10_15_7; rv:121.0) Gecko/20100101 Firefox/121.0"
66.249.79.225 - - [16/Jun/2026:21:57:12 +0100] "GET /m58034183383?fileloc=/home/calderca/public_html/wp-config-sample.php&path=/home/calderca/public_html HTTP/1.1" 200 3785 "-" "Mozilla/5.0 (Linux; Android 6.0.1; Nexus 5X Build/MMB29P) AppleWebKit/537.36 (KHTML, like Gecko) Chrome/148.0.7778.96 Mobile Safari/537.36 (compatible; Googlebot/2.1; +http://www.google.com/bot.html)"
216.73.217.61 - - [16/Jun/2026:21:57:13 +0100] "GET /sitemap_index.xml?fileloc=%2Fhome%2Fcalderca%2Fpublic_html%2Fwp-config.php&path=%2Fhome%2Fcalderca%2Fpublic_html HTTP/1.1" 200 4289 "-" "Mozilla/5.0 AppleWebKit/537.36 (KHTML, like Gecko; compatible; ClaudeBot/1.0; +claudebot@anthropic.com)"
216.73.217.61 - - [16/Jun/2026:21:57:13 +0100] "GET /sitemap_index.xml?fileloc=%2Fhome%2Fcalderca%2Fpublic_html%2Fwp-cron.php&path=%2Fhome%2Fcalderca%2Fpublic_html HTTP/1.1" 200 4574 "-" "Mozilla/5.0 AppleWebKit/537.36 (KHTML, like Gecko; compatible; ClaudeBot/1.0; +claudebot@anthropic.com)"
216.73.217.61 - - [16/Jun/2026:21:57:13 +0100] "GET /sitemap_index.xml?fileloc=%2Fhome%2Fcalderca%2Fpublic_html%2Fwp-load.php&path=%2Fhome%2Fcalderca%2Fpublic_html HTTP/1.1" 200 4134 "-" "Mozilla/5.0 AppleWebKit/537.36 (KHTML, like Gecko; compatible; ClaudeBot/1.0; +claudebot@anthropic.com)"
216.73.161.119 - - [16/Jun/2026:21:57:14 +0100] "GET /wp-admin/plugins.php HTTP/1.1" 200 6552 "https://www.ack.uk.com/wp-login.php" "Mozilla/5.0 (Macintosh; Intel Mac OS X 10_15_7; rv:121.0) Gecko/20100101 Firefox/121.0"
216.73.161.119 - - [16/Jun/2026:21:57:15 +0100] "POST /wp-login.php HTTP/1.1" 200 3949 "https://www.ack.uk.com/wp-login.php" "Mozilla/5.0 (Windows NT 11.0; Win64; x64) AppleWebKit/537.36 (KHTML, like Gecko) Chrome/121.0.0.0 Safari/537.36"
216.73.161.119 - - [16/Jun/2026:21:57:15 +0100] "GET /wp-admin/index.php HTTP/1.1" 200 6552 "https://www.ack.uk.com/wp-login.php" "Mozilla/5.0 (Macintosh; Intel Mac OS X 10_15_7) AppleWebKit/605.1.15 (KHTML, like Gecko) Version/16.6 Safari/605.1.15"
216.73.161.119 - - [16/Jun/2026:21:57:16 +0100] "GET /wp-admin/profile.php HTTP/1.1" 200 6552 "https://www.ack.uk.com/wp-login.php" "Mozilla/5.0 (Macintosh; Intel Mac OS X 10_15_7) AppleWebKit/605.1.15 (KHTML, like Gecko) Version/16.6 Safari/605.1.15"
216.73.161.119 - - [16/Jun/2026:21:57:17 +0100] "GET /wp-admin/edit.php HTTP/1.1" 200 6552 "https://www.ack.uk.com/wp-login.php" "Mozilla/5.0 (Macintosh; Intel Mac OS X 10_15_7) AppleWebKit/605.1.15 (KHTML, like Gecko) Version/16.6 Safari/605.1.15"
216.73.161.119 - - [16/Jun/2026:21:57:17 +0100] "GET /wp-admin/plugins.php HTTP/1.1" 200 6552 "https://www.ack.uk.com/wp-login.php" "Mozilla/5.0 (Macintosh; Intel Mac OS X 10_15_7) AppleWebKit/605.1.15 (KHTML, like Gecko) Version/16.6 Safari/605.1.15"
216.73.161.119 - - [16/Jun/2026:21:57:17 +0100] "POST /wp-login.php HTTP/1.1" 200 3949 "https://www.ack.uk.com/wp-login.php" "Mozilla/5.0 (Macintosh; Intel Mac OS X 13_6_1) AppleWebKit/537.36 (KHTML, like Gecko) Chrome/121.0.0.0 Safari/537.36"
216.73.161.119 - - [16/Jun/2026:21:57:17 +0100] "GET /wp-admin/index.php HTTP/1.1" 200 6552 "https://www.ack.uk.com/wp-login.php" "Mozilla/5.0 (Macintosh; Intel Mac OS X 13_6_1; rv:120.0) Gecko/20100101 Firefox/120.0"
173.239.211.236 - - [16/Jun/2026:21:57:20 +0100] "GET /wp-admin/edit.php HTTP/1.1" 200 6552 "https://www.ack.uk.com/wp-login.php" "Mozilla/5.0 (Macintosh; Intel Mac OS X 13_6_1; rv:120.0) Gecko/20100101 Firefox/120.0"
173.239.211.236 - - [16/Jun/2026:21:57:21 +0100] "GET /wp-admin/plugins.php HTTP/1.1" 200 6552 "https://www.ack.uk.com/wp-login.php" "Mozilla/5.0 (Macintosh; Intel Mac OS X 13_6_1; rv:120.0) Gecko/20100101 Firefox/120.0"
173.239.211.236 - - [16/Jun/2026:21:57:21 +0100] "POST /wp-login.php HTTP/1.1" 200 3949 "https://www.ack.uk.com/wp-login.php" "Mozilla/5.0 (Windows NT 10.0; Win64; x64; rv:121.0) Gecko/20100101 Firefox/121.0"
173.239.211.236 - - [16/Jun/2026:21:57:21 +0100] "GET /wp-admin/index.php HTTP/1.1" 200 6552 "https://www.ack.uk.com/wp-login.php" "Mozilla/5.0 (Macintosh; Intel Mac OS X 13_6_1; rv:120.0) Gecko/20100101 Firefox/120.0"
173.239.211.236 - - [16/Jun/2026:21:57:22 +0100] "GET /wp-admin/profile.php HTTP/1.1" 200 6552 "https://www.ack.uk.com/wp-login.php" "Mozilla/5.0 (Macintosh; Intel Mac OS X 13_6_1; rv:120.0) Gecko/20100101 Firefox/120.0"
173.239.211.236 - - [16/Jun/2026:21:57:22 +0100] "GET /wp-admin/edit.php HTTP/1.1" 200 6552 "https://www.ack.uk.com/wp-login.php" "Mozilla/5.0 (Macintosh; Intel Mac OS X 13_6_1; rv:120.0) Gecko/20100101 Firefox/120.0"
173.239.211.236 - - [16/Jun/2026:21:57:23 +0100] "GET /wp-admin/plugins.php HTTP/1.1" 200 6552 "https://www.ack.uk.com/wp-login.php" "Mozilla/5.0 (Macintosh; Intel Mac OS X 13_6_1; rv:120.0) Gecko/20100101 Firefox/120.0"
173.239.211.236 - - [16/Jun/2026:21:57:23 +0100] "POST /wp-login.php HTTP/1.1" 200 3949 "https://www.ack.uk.com/wp-login.php" "Mozilla/5.0 (X11; Linux x86_64) AppleWebKit/537.36 (KHTML, like Gecko) Chrome/121.0.0.0 Safari/537.36"
216.73.161.136 - - [16/Jun/2026:21:57:27 +0100] "GET /wp-admin/index.php HTTP/1.1" 200 6552 "https://www.ack.uk.com/wp-login.php" "Mozilla/5.0 (Macintosh; Intel Mac OS X 10_15_7) AppleWebKit/537.36 (KHTML, like Gecko) Chrome/118.0.0.0 Safari/537.36"
45.92.229.1 - - [16/Jun/2026:21:57:30 +0100] "GET /wp-admin/edit.php HTTP/1.1" 200 6552 "https://www.ack.uk.com/wp-login.php" "Mozilla/5.0 (Macintosh; Intel Mac OS X 10_15_7) AppleWebKit/537.36 (KHTML, like Gecko) Chrome/118.0.0.0 Safari/537.36"
216.73.161.117 - - [16/Jun/2026:21:57:39 +0100] "GET /wp-admin/plugins.php HTTP/1.1" 200 6552 "https://www.ack.uk.com/wp-login.php" "Mozilla/5.0 (Macintosh; Intel Mac OS X 10_15_7) AppleWebKit/537.36 (KHTML, like Gecko) Chrome/118.0.0.0 Safari/537.36"
66.249.79.224 - - [16/Jun/2026:21:57:42 +0100] "GET /shop/goods/instinct201011376.html HTTP/1.1" 200 3949 "-" "Mozilla/5.0 (Linux; Android 6.0.1; Nexus 5X Build/MMB29P) AppleWebKit/537.36 (KHTML, like Gecko) Chrome/148.0.7778.96 Mobile Safari/537.36 (compatible; Googlebot/2.1; +http://www.google.com/bot.html)"
216.73.217.61 - - [16/Jun/2026:21:57:46 +0100] "GET /sitemap_index.xml?path=%2Fhome%2Fcalderca%2Fpublic_html HTTP/1.1" 200 3949 "-" "Mozilla/5.0 AppleWebKit/537.36 (KHTML, like Gecko; compatible; ClaudeBot/1.0; +claudebot@anthropic.com)"
173.239.211.245 - - [16/Jun/2026:21:57:49 +0100] "POST /wp-login.php HTTP/1.1" 200 3949 "https://www.ack.uk.com/wp-login.php" "Mozilla/5.0 (Windows NT 10.0; Win64; x64; rv:119.0) Gecko/20100101 Firefox/119.0"
45.92.229.11 - - [16/Jun/2026:21:57:51 +0100] "GET /wp-admin/index.php HTTP/1.1" 200 6552 "https://www.ack.uk.com/wp-login.php" "Mozilla/5.0 (Macintosh; Intel Mac OS X 13_6_1) AppleWebKit/605.1.15 (KHTML, like Gecko) Version/17.1 Safari/605.1.15"
66.249.79.238 - - [16/Jun/2026:21:57:51 +0100] "GET /m98762584893?fileloc=/home/calderca/public_html/llms.txt&path=/home/calderca/public_html HTTP/1.1" 200 3238 "-" "Mozilla/5.0 (Linux; Android 6.0.1; Nexus 5X Build/MMB29P) AppleWebKit/537.36 (KHTML, like Gecko) Chrome/148.0.7778.96 Mobile Safari/537.36 (compatible; GoogleOther)"
45.92.229.11 - - [16/Jun/2026:21:57:52 +0100] "GET /wp-admin/profile.php HTTP/1.1" 200 6552 "https://www.ack.uk.com/wp-login.php" "Mozilla/5.0 (Macintosh; Intel Mac OS X 13_6_1) AppleWebKit/605.1.15 (KHTML, like Gecko) Version/17.1 Safari/605.1.15"
45.92.229.11 - - [16/Jun/2026:21:57:52 +0100] "GET /wp-admin/edit.php HTTP/1.1" 200 6552 "https://www.ack.uk.com/wp-login.php" "Mozilla/5.0 (Macintosh; Intel Mac OS X 13_6_1) AppleWebKit/605.1.15 (KHTML, like Gecko) Version/17.1 Safari/605.1.15"
45.92.229.11 - - [16/Jun/2026:21:57:52 +0100] "GET /wp-admin/plugins.php HTTP/1.1" 200 6552 "https://www.ack.uk.com/wp-login.php" "Mozilla/5.0 (Macintosh; Intel Mac OS X 13_6_1) AppleWebKit/605.1.15 (KHTML, like Gecko) Version/17.1 Safari/605.1.15"
45.92.229.11 - - [16/Jun/2026:21:57:53 +0100] "POST /wp-login.php HTTP/1.1" 200 3949 "https://www.ack.uk.com/wp-login.php" "Mozilla/5.0 (Macintosh; Intel Mac OS X 10_15_7; rv:121.0) Gecko/20100101 Firefox/121.0"
45.92.229.11 - - [16/Jun/2026:21:57:53 +0100] "GET /wp-admin/index.php HTTP/1.1" 200 6552 "https://www.ack.uk.com/wp-login.php" "Mozilla/5.0 (X11; Linux x86_64) AppleWebKit/537.36 (KHTML, like Gecko) Chrome/121.0.0.0 Safari/537.36"
45.92.229.11 - - [16/Jun/2026:21:57:54 +0100] "GET /wp-admin/profile.php HTTP/1.1" 200 6552 "https://www.ack.uk.com/wp-login.php" "Mozilla/5.0 (X11; Linux x86_64) AppleWebKit/537.36 (KHTML, like Gecko) Chrome/121.0.0.0 Safari/537.36"
45.92.229.11 - - [16/Jun/2026:21:57:54 +0100] "GET /wp-admin/edit.php HTTP/1.1" 200 6552 "https://www.ack.uk.com/wp-login.php" "Mozilla/5.0 (X11; Linux x86_64) AppleWebKit/537.36 (KHTML, like Gecko) Chrome/121.0.0.0 Safari/537.36"
45.92.229.11 - - [16/Jun/2026:21:57:54 +0100] "GET /wp-admin/plugins.php HTTP/1.1" 200 6552 "https://www.ack.uk.com/wp-login.php" "Mozilla/5.0 (X11; Linux x86_64) AppleWebKit/537.36 (KHTML, like Gecko) Chrome/121.0.0.0 Safari/537.36"
45.92.229.11 - - [16/Jun/2026:21:57:55 +0100] "POST /wp-login.php HTTP/1.1" 200 3949 "https://www.ack.uk.com/wp-login.php" "Mozilla/5.0 (Windows NT 11.0; Win64; x64; rv:119.0) Gecko/20100101 Firefox/119.0"
45.92.229.11 - - [16/Jun/2026:21:57:56 +0100] "GET /wp-admin/index.php HTTP/1.1" 200 6552 "https://www.ack.uk.com/wp-login.php" "Mozilla/5.0 (X11; Linux x86_64) AppleWebKit/537.36 (KHTML, like Gecko) Chrome/119.0.0.0 Safari/537.36"
45.92.229.11 - - [16/Jun/2026:21:57:57 +0100] "GET /wp-admin/profile.php HTTP/1.1" 200 6552 "https://www.ack.uk.com/wp-login.php" "Mozilla/5.0 (X11; Linux x86_64) AppleWebKit/537.36 (KHTML, like Gecko) Chrome/119.0.0.0 Safari/537.36"
45.92.229.11 - - [16/Jun/2026:21:57:57 +0100] "GET /wp-admin/edit.php HTTP/1.1" 200 6552 "https://www.ack.uk.com/wp-login.php" "Mozilla/5.0 (X11; Linux x86_64) AppleWebKit/537.36 (KHTML, like Gecko) Chrome/119.0.0.0 Safari/537.36"
45.92.229.11 - - [16/Jun/2026:21:57:58 +0100] "GET /wp-admin/plugins.php HTTP/1.1" 200 6552 "https://www.ack.uk.com/wp-login.php" "Mozilla/5.0 (X11; Linux x86_64) AppleWebKit/537.36 (KHTML, like Gecko) Chrome/119.0.0.0 Safari/537.36"
45.92.229.4 - - [16/Jun/2026:21:58:02 +0100] "POST /wp-login.php HTTP/1.1" 200 3949 "https://www.ack.uk.com/wp-login.php" "Mozilla/5.0 (Windows NT 10.0; Win64; x64; rv:119.0) Gecko/20100101 Firefox/119.0"
45.92.229.4 - - [16/Jun/2026:21:58:03 +0100] "GET /wp-admin/index.php HTTP/1.1" 200 6552 "https://www.ack.uk.com/wp-login.php" "Mozilla/5.0 (Macintosh; Intel Mac OS X 10_15_7) AppleWebKit/605.1.15 (KHTML, like Gecko) Version/17.1 Safari/605.1.15"
45.92.229.4 - - [16/Jun/2026:21:58:03 +0100] "GET /wp-admin/profile.php HTTP/1.1" 200 6552 "https://www.ack.uk.com/wp-login.php" "Mozilla/5.0 (Macintosh; Intel Mac OS X 10_15_7) AppleWebKit/605.1.15 (KHTML, like Gecko) Version/17.1 Safari/605.1.15"
45.92.229.4 - - [16/Jun/2026:21:58:04 +0100] "GET /wp-admin/edit.php HTTP/1.1" 200 6552 "https://www.ack.uk.com/wp-login.php" "Mozilla/5.0 (Macintosh; Intel Mac OS X 10_15_7) AppleWebKit/605.1.15 (KHTML, like Gecko) Version/17.1 Safari/605.1.15"
66.249.79.238 - - [16/Jun/2026:21:58:05 +0100] "GET /?goods/208013962 HTTP/1.1" 200 3949 "-" "Mozilla/5.0 (Linux; Android 6.0.1; Nexus 5X Build/MMB29P) AppleWebKit/537.36 (KHTML, like Gecko) Chrome/148.0.7778.96 Mobile Safari/537.36 (compatible; Googlebot/2.1; +http://www.google.com/bot.html)"
94.26.106.188 - - [16/Jun/2026:21:58:05 +0100] "GET /XYZEAZ_emcnz3du.php?action=fast_ping HTTP/1.1" 404 54 "https://www.ack.uk.com/" "Mozilla/5.0 (compatible; RootSEO-Import/1.1)"
94.26.106.188 - - [16/Jun/2026:21:58:05 +0100] "GET /XYZEAZ_emcnz3du.php?action=health HTTP/1.1" 404 54 "https://www.ack.uk.com/" "Mozilla/5.0 (compatible; RootSEO-Import/1.1)"
94.26.106.188 - - [16/Jun/2026:21:58:05 +0100] "GET /XYZEAZ_emcnz3du.php?action=ultra_ping HTTP/1.1" 404 54 "https://www.ack.uk.com/" "Mozilla/5.0 (compatible; RootSEO-Import/1.1)"
94.26.106.188 - - [16/Jun/2026:21:58:05 +0100] "GET /XYZEAZ_emcnz3du.php?action=ping HTTP/1.1" 200 765 "https://www.ack.uk.com/" "Mozilla/5.0 (compatible; RootSEO-Import/1.1)"
94.26.106.188 - - [16/Jun/2026:21:58:06 +0100] "GET /XYZEAZ_emcnz3du.php?action=capabilities HTTP/1.1" 200 679 "https://www.ack.uk.com/" "Mozilla/5.0 (compatible; RootSEO-Import/1.1)"
216.73.217.61 - - [16/Jun/2026:21:58:07 +0100] "GET /sitemap_index.xml?fileloc=%2Fhome%2Fcalderca%2Fpublic_html%2Fwp-settings.php&path=%2Fhome%2Fcalderca%2Fpublic_html HTTP/1.1" 200 8823 "-" "Mozilla/5.0 AppleWebKit/537.36 (KHTML, like Gecko; compatible; ClaudeBot/1.0; +claudebot@anthropic.com)"
216.73.161.135 - - [16/Jun/2026:21:58:11 +0100] "POST /wp-login.php HTTP/1.1" 200 3949 "https://www.ack.uk.com/wp-login.php" "Mozilla/5.0 (Macintosh; Intel Mac OS X 10_15_7) AppleWebKit/537.36 (KHTML, like Gecko) Chrome/121.0.0.0 Safari/537.36"
216.73.161.135 - - [16/Jun/2026:21:58:11 +0100] "GET /wp-admin/index.php HTTP/1.1" 200 6552 "https://www.ack.uk.com/wp-login.php" "Mozilla/5.0 (Macintosh; Intel Mac OS X 13_6_1) AppleWebKit/605.1.15 (KHTML, like Gecko) Version/17.1 Safari/605.1.15"
216.73.161.131 - - [16/Jun/2026:21:58:18 +0100] "GET /wp-admin/profile.php HTTP/1.1" 200 6552 "https://www.ack.uk.com/wp-login.php" "Mozilla/5.0 (Macintosh; Intel Mac OS X 13_6_1) AppleWebKit/605.1.15 (KHTML, like Gecko) Version/17.1 Safari/605.1.15"
216.73.161.131 - - [16/Jun/2026:21:58:18 +0100] "GET /wp-admin/edit.php HTTP/1.1" 200 6552 "https://www.ack.uk.com/wp-login.php" "Mozilla/5.0 (Macintosh; Intel Mac OS X 13_6_1) AppleWebKit/605.1.15 (KHTML, like Gecko) Version/17.1 Safari/605.1.15"
216.73.161.131 - - [16/Jun/2026:21:58:19 +0100] "GET /wp-admin/plugins.php HTTP/1.1" 200 6552 "https://www.ack.uk.com/wp-login.php" "Mozilla/5.0 (Macintosh; Intel Mac OS X 13_6_1) AppleWebKit/605.1.15 (KHTML, like Gecko) Version/17.1 Safari/605.1.15"
216.73.161.131 - - [16/Jun/2026:21:58:19 +0100] "POST /wp-login.php HTTP/1.1" 200 3949 "https://www.ack.uk.com/wp-login.php" "Mozilla/5.0 (Macintosh; Intel Mac OS X 10_15_7) AppleWebKit/537.36 (KHTML, like Gecko) Chrome/118.0.0.0 Safari/537.36"
216.73.161.131 - - [16/Jun/2026:21:58:20 +0100] "GET /wp-admin/index.php HTTP/1.1" 200 6552 "https://www.ack.uk.com/wp-login.php" "Mozilla/5.0 (Macintosh; Intel Mac OS X 10_15_7) AppleWebKit/605.1.15 (KHTML, like Gecko) Version/17.2 Safari/605.1.15"
216.73.161.131 - - [16/Jun/2026:21:58:21 +0100] "GET /wp-admin/profile.php HTTP/1.1" 200 6552 "https://www.ack.uk.com/wp-login.php" "Mozilla/5.0 (Macintosh; Intel Mac OS X 10_15_7) AppleWebKit/605.1.15 (KHTML, like Gecko) Version/17.2 Safari/605.1.15"
45.92.229.7 - - [16/Jun/2026:21:58:26 +0100] "GET /wp-admin/edit.php HTTP/1.1" 200 6552 "https://www.ack.uk.com/wp-login.php" "Mozilla/5.0 (Macintosh; Intel Mac OS X 10_15_7) AppleWebKit/605.1.15 (KHTML, like Gecko) Version/17.2 Safari/605.1.15"
45.92.229.7 - - [16/Jun/2026:21:58:26 +0100] "GET /wp-admin/plugins.php HTTP/1.1" 200 6552 "https://www.ack.uk.com/wp-login.php" "Mozilla/5.0 (Macintosh; Intel Mac OS X 10_15_7) AppleWebKit/605.1.15 (KHTML, like Gecko) Version/17.2 Safari/605.1.15"
45.92.229.7 - - [16/Jun/2026:21:58:27 +0100] "POST /wp-login.php HTTP/1.1" 200 3949 "https://www.ack.uk.com/wp-login.php" "Mozilla/5.0 (Macintosh; Intel Mac OS X 13_6_1) AppleWebKit/537.36 (KHTML, like Gecko) Chrome/120.0.0.0 Safari/537.36"
173.239.211.239 - - [16/Jun/2026:21:58:29 +0100] "GET /wp-admin/index.php HTTP/1.1" 200 6552 "https://www.ack.uk.com/wp-login.php" "Mozilla/5.0 (Macintosh; Intel Mac OS X 10_15_7; rv:120.0) Gecko/20100101 Firefox/120.0"
173.239.211.239 - - [16/Jun/2026:21:58:30 +0100] "GET /wp-admin/profile.php HTTP/1.1" 200 6552 "https://www.ack.uk.com/wp-login.php" "Mozilla/5.0 (Macintosh; Intel Mac OS X 10_15_7; rv:120.0) Gecko/20100101 Firefox/120.0"
173.239.211.239 - - [16/Jun/2026:21:58:30 +0100] "GET /wp-admin/edit.php HTTP/1.1" 200 6552 "https://www.ack.uk.com/wp-login.php" "Mozilla/5.0 (Macintosh; Intel Mac OS X 10_15_7; rv:120.0) Gecko/20100101 Firefox/120.0"
173.239.211.244 - - [16/Jun/2026:21:58:33 +0100] "GET /wp-admin/plugins.php HTTP/1.1" 200 6552 "https://www.ack.uk.com/wp-login.php" "Mozilla/5.0 (Macintosh; Intel Mac OS X 10_15_7; rv:120.0) Gecko/20100101 Firefox/120.0"
216.73.161.135 - - [16/Jun/2026:21:58:38 +0100] "POST /wp-login.php HTTP/1.1" 200 3949 "https://www.ack.uk.com/wp-login.php" "Mozilla/5.0 (Windows NT 11.0; Win64; x64) AppleWebKit/537.36 (KHTML, like Gecko) Chrome/121.0.0.0 Safari/537.36"
45.92.229.3 - - [16/Jun/2026:21:58:43 +0100] "GET /wp-admin/index.php HTTP/1.1" 200 6552 "https://www.ack.uk.com/wp-login.php" "Mozilla/5.0 (X11; Linux x86_64) AppleWebKit/537.36 (KHTML, like Gecko) Chrome/119.0.0.0 Safari/537.36"
216.73.161.115 - - [16/Jun/2026:21:58:49 +0100] "GET /wp-admin/profile.php HTTP/1.1" 200 6552 "https://www.ack.uk.com/wp-login.php" "Mozilla/5.0 (X11; Linux x86_64) AppleWebKit/537.36 (KHTML, like Gecko) Chrome/119.0.0.0 Safari/537.36"
173.239.211.237 - - [16/Jun/2026:21:58:59 +0100] "GET /wp-admin/edit.php HTTP/1.1" 200 6552 "https://www.ack.uk.com/wp-login.php" "Mozilla/5.0 (X11; Linux x86_64) AppleWebKit/537.36 (KHTML, like Gecko) Chrome/119.0.0.0 Safari/537.36"
216.73.161.113 - - [16/Jun/2026:21:59:04 +0100] "POST /wp-login.php HTTP/1.1" 200 3949 "https://www.ack.uk.com/wp-login.php" "Mozilla/5.0 (Windows NT 10.0; Win64; x64; rv:121.0) Gecko/20100101 Firefox/121.0"
216.73.161.113 - - [16/Jun/2026:21:59:05 +0100] "GET /wp-admin/index.php HTTP/1.1" 200 6552 "https://www.ack.uk.com/wp-login.php" "Mozilla/5.0 (X11; Ubuntu; Linux x86_64) AppleWebKit/537.36 (KHTML, like Gecko) Chrome/119.0.0.0 Safari/537.36"
216.73.161.113 - - [16/Jun/2026:21:59:05 +0100] "GET /wp-admin/profile.php HTTP/1.1" 200 6552 "https://www.ack.uk.com/wp-login.php" "Mozilla/5.0 (X11; Ubuntu; Linux x86_64) AppleWebKit/537.36 (KHTML, like Gecko) Chrome/119.0.0.0 Safari/537.36"
216.73.161.113 - - [16/Jun/2026:21:59:06 +0100] "GET /wp-admin/edit.php HTTP/1.1" 200 6552 "https://www.ack.uk.com/wp-login.php" "Mozilla/5.0 (X11; Ubuntu; Linux x86_64) AppleWebKit/537.36 (KHTML, like Gecko) Chrome/119.0.0.0 Safari/537.36"
216.73.161.113 - - [16/Jun/2026:21:59:06 +0100] "GET /wp-admin/plugins.php HTTP/1.1" 200 6552 "https://www.ack.uk.com/wp-login.php" "Mozilla/5.0 (X11; Ubuntu; Linux x86_64) AppleWebKit/537.36 (KHTML, like Gecko) Chrome/119.0.0.0 Safari/537.36"
45.92.229.7 - - [16/Jun/2026:21:59:09 +0100] "POST /wp-login.php HTTP/1.1" 200 3949 "https://www.ack.uk.com/wp-login.php" "Mozilla/5.0 (X11; Linux x86_64) AppleWebKit/537.36 (KHTML, like Gecko) Chrome/119.0.0.0 Safari/537.36"
45.92.229.7 - - [16/Jun/2026:21:59:09 +0100] "GET /wp-admin/index.php HTTP/1.1" 200 6552 "https://www.ack.uk.com/wp-login.php" "Mozilla/5.0 (Macintosh; Intel Mac OS X 13_6_1) AppleWebKit/605.1.15 (KHTML, like Gecko) Version/17.0 Safari/605.1.15"
216.73.161.130 - - [16/Jun/2026:21:59:15 +0100] "GET /wp-admin/profile.php HTTP/1.1" 200 6552 "https://www.ack.uk.com/wp-login.php" "Mozilla/5.0 (Macintosh; Intel Mac OS X 13_6_1) AppleWebKit/605.1.15 (KHTML, like Gecko) Version/17.0 Safari/605.1.15"
216.73.161.131 - - [16/Jun/2026:21:59:16 +0100] "GET /wp-admin/plugins.php HTTP/1.1" 200 6552 "https://www.ack.uk.com/wp-login.php" "Mozilla/5.0 (Macintosh; Intel Mac OS X 13_6_1) AppleWebKit/605.1.15 (KHTML, like Gecko) Version/17.0 Safari/605.1.15"
216.73.161.131 - - [16/Jun/2026:21:59:17 +0100] "POST /wp-login.php HTTP/1.1" 200 3949 "https://www.ack.uk.com/wp-login.php" "Mozilla/5.0 (Macintosh; Intel Mac OS X 13_6_1) AppleWebKit/537.36 (KHTML, like Gecko) Chrome/121.0.0.0 Safari/537.36"
216.73.161.131 - - [16/Jun/2026:21:59:17 +0100] "GET /wp-admin/index.php HTTP/1.1" 200 6552 "https://www.ack.uk.com/wp-login.php" "Mozilla/5.0 (Macintosh; Intel Mac OS X 13_6_1) AppleWebKit/605.1.15 (KHTML, like Gecko) Version/16.6 Safari/605.1.15"
216.73.161.131 - - [16/Jun/2026:21:59:17 +0100] "GET /wp-admin/profile.php HTTP/1.1" 200 6552 "https://www.ack.uk.com/wp-login.php" "Mozilla/5.0 (Macintosh; Intel Mac OS X 13_6_1) AppleWebKit/605.1.15 (KHTML, like Gecko) Version/16.6 Safari/605.1.15"
66.249.79.238 - - [16/Jun/2026:21:59:17 +0100] "GET /shop/goods/touchdown021028166.html HTTP/1.1" 200 3949 "-" "Mozilla/5.0 (Linux; Android 6.0.1; Nexus 5X Build/MMB29P) AppleWebKit/537.36 (KHTML, like Gecko) Chrome/148.0.7778.96 Mobile Safari/537.36 (compatible; Googlebot/2.1; +http://www.google.com/bot.html)"
216.73.161.131 - - [16/Jun/2026:21:59:18 +0100] "GET /wp-admin/edit.php HTTP/1.1" 200 6552 "https://www.ack.uk.com/wp-login.php" "Mozilla/5.0 (Macintosh; Intel Mac OS X 13_6_1) AppleWebKit/605.1.15 (KHTML, like Gecko) Version/16.6 Safari/605.1.15"
216.73.161.114 - - [16/Jun/2026:21:59:20 +0100] "POST /wp-login.php HTTP/1.1" 200 3949 "https://www.ack.uk.com/wp-login.php" "Mozilla/5.0 (Macintosh; Intel Mac OS X 13_6_1) AppleWebKit/537.36 (KHTML, like Gecko) Chrome/118.0.0.0 Safari/537.36"
216.73.161.113 - - [16/Jun/2026:21:59:32 +0100] "GET /wp-admin/index.php HTTP/1.1" 200 6552 "https://www.ack.uk.com/wp-login.php" "Mozilla/5.0 (Macintosh; Intel Mac OS X 13_6_1) AppleWebKit/537.36 (KHTML, like Gecko) Chrome/119.0.0.0 Safari/537.36"
173.239.211.248 - - [16/Jun/2026:21:59:53 +0100] "GET /wp-admin/edit.php HTTP/1.1" 200 6552 "https://www.ack.uk.com/wp-login.php" "Mozilla/5.0 (Macintosh; Intel Mac OS X 13_6_1) AppleWebKit/537.36 (KHTML, like Gecko) Chrome/119.0.0.0 Safari/537.36"
173.239.211.248 - - [16/Jun/2026:21:59:53 +0100] "GET /wp-admin/plugins.php HTTP/1.1" 200 6552 "https://www.ack.uk.com/wp-login.php" "Mozilla/5.0 (Macintosh; Intel Mac OS X 13_6_1) AppleWebKit/537.36 (KHTML, like Gecko) Chrome/119.0.0.0 Safari/537.36"
173.239.211.248 - - [16/Jun/2026:21:59:53 +0100] "POST /wp-login.php HTTP/1.1" 200 3949 "https://www.ack.uk.com/wp-login.php" "Mozilla/5.0 (Windows NT 11.0; Win64; x64; rv:121.0) Gecko/20100101 Firefox/121.0"
173.239.211.248 - - [16/Jun/2026:21:59:54 +0100] "GET /wp-admin/index.php HTTP/1.1" 200 6552 "https://www.ack.uk.com/wp-login.php" "Mozilla/5.0 (Windows NT 10.0; Win64; x64; rv:120.0) Gecko/20100101 Firefox/120.0"
216.73.217.61 - - [16/Jun/2026:21:59:54 +0100] "GET /sitemap_index.xml?fileloc=%2Fhome%2Fcalderca%2Fpublic_html%2Fwp-trackback.php&path=%2Fhome%2Fcalderca%2Fpublic_html HTTP/1.1" 200 4382 "-" "Mozilla/5.0 AppleWebKit/537.36 (KHTML, like Gecko; compatible; ClaudeBot/1.0; +claudebot@anthropic.com)"
173.239.211.248 - - [16/Jun/2026:21:59:54 +0100] "GET /wp-admin/profile.php HTTP/1.1" 200 6552 "https://www.ack.uk.com/wp-login.php" "Mozilla/5.0 (Windows NT 10.0; Win64; x64; rv:120.0) Gecko/20100101 Firefox/120.0"
216.73.217.61 - - [16/Jun/2026:21:59:54 +0100] "GET /sitemap_index.xml?path=%2Fhome%2Fcalderca HTTP/1.1" 200 4172 "-" "Mozilla/5.0 AppleWebKit/537.36 (KHTML, like Gecko; compatible; ClaudeBot/1.0; +claudebot@anthropic.com)"
173.239.211.248 - - [16/Jun/2026:21:59:54 +0100] "GET /wp-admin/edit.php HTTP/1.1" 200 6552 "https://www.ack.uk.com/wp-login.php" "Mozilla/5.0 (Windows NT 10.0; Win64; x64; rv:120.0) Gecko/20100101 Firefox/120.0"
216.73.161.121 - - [16/Jun/2026:21:59:58 +0100] "POST /wp-login.php HTTP/1.1" 200 3949 "https://www.ack.uk.com/wp-login.php" "Mozilla/5.0 (Macintosh; Intel Mac OS X 10_15_7; rv:120.0) Gecko/20100101 Firefox/120.0"
173.239.211.251 - - [16/Jun/2026:22:00:00 +0100] "GET /wp-admin/index.php HTTP/1.1" 200 6552 "https://www.ack.uk.com/wp-login.php" "Mozilla/5.0 (X11; Linux x86_64) AppleWebKit/537.36 (KHTML, like Gecko) Chrome/118.0.0.0 Safari/537.36"
216.73.161.115 - - [16/Jun/2026:22:00:06 +0100] "GET /wp-admin/profile.php HTTP/1.1" 200 6552 "https://www.ack.uk.com/wp-login.php" "Mozilla/5.0 (X11; Linux x86_64) AppleWebKit/537.36 (KHTML, like Gecko) Chrome/118.0.0.0 Safari/537.36"
216.73.161.115 - - [16/Jun/2026:22:00:07 +0100] "GET /wp-admin/edit.php HTTP/1.1" 200 6552 "https://www.ack.uk.com/wp-login.php" "Mozilla/5.0 (X11; Linux x86_64) AppleWebKit/537.36 (KHTML, like Gecko) Chrome/118.0.0.0 Safari/537.36"
216.73.161.115 - - [16/Jun/2026:22:00:07 +0100] "GET /wp-admin/plugins.php HTTP/1.1" 200 6552 "https://www.ack.uk.com/wp-login.php" "Mozilla/5.0 (X11; Linux x86_64) AppleWebKit/537.36 (KHTML, like Gecko) Chrome/118.0.0.0 Safari/537.36"
45.92.229.11 - - [16/Jun/2026:22:00:09 +0100] "POST /wp-login.php HTTP/1.1" 200 3949 "https://www.ack.uk.com/wp-login.php" "Mozilla/5.0 (X11; Linux x86_64) AppleWebKit/537.36 (KHTML, like Gecko) Chrome/121.0.0.0 Safari/537.36"
45.92.229.11 - - [16/Jun/2026:22:00:10 +0100] "GET /wp-admin/index.php HTTP/1.1" 200 6552 "https://www.ack.uk.com/wp-login.php" "Mozilla/5.0 (Macintosh; Intel Mac OS X 13_6_1; rv:120.0) Gecko/20100101 Firefox/120.0"
45.92.229.8 - - [16/Jun/2026:22:00:12 +0100] "GET /wp-admin/edit.php HTTP/1.1" 200 6552 "https://www.ack.uk.com/wp-login.php" "Mozilla/5.0 (Macintosh; Intel Mac OS X 13_6_1; rv:120.0) Gecko/20100101 Firefox/120.0"
173.239.211.236 - - [16/Jun/2026:22:00:15 +0100] "POST /wp-login.php HTTP/1.1" 200 3949 "https://www.ack.uk.com/wp-login.php" "Mozilla/5.0 (X11; Linux x86_64) AppleWebKit/537.36 (KHTML, like Gecko) Chrome/121.0.0.0 Safari/537.36"
173.239.211.236 - - [16/Jun/2026:22:00:15 +0100] "GET /wp-admin/index.php HTTP/1.1" 200 6552 "https://www.ack.uk.com/wp-login.php" "Mozilla/5.0 (Windows NT 10.0; Win64; x64; rv:120.0) Gecko/20100101 Firefox/120.0"
173.239.211.249 - - [16/Jun/2026:22:00:19 +0100] "GET /wp-admin/edit.php HTTP/1.1" 200 6552 "https://www.ack.uk.com/wp-login.php" "Mozilla/5.0 (Windows NT 10.0; Win64; x64; rv:120.0) Gecko/20100101 Firefox/120.0"
45.92.229.4 - - [16/Jun/2026:22:00:24 +0100] "GET /wp-admin/plugins.php HTTP/1.1" 200 6552 "https://www.ack.uk.com/wp-login.php" "Mozilla/5.0 (Windows NT 10.0; Win64; x64; rv:120.0) Gecko/20100101 Firefox/120.0"
45.92.229.4 - - [16/Jun/2026:22:00:25 +0100] "POST /wp-login.php HTTP/1.1" 200 3949 "https://www.ack.uk.com/wp-login.php" "Mozilla/5.0 (Macintosh; Intel Mac OS X 10_15_7; rv:118.0) Gecko/20100101 Firefox/118.0"
173.239.211.250 - - [16/Jun/2026:22:00:28 +0100] "GET /wp-admin/index.php HTTP/1.1" 200 6552 "https://www.ack.uk.com/wp-login.php" "Mozilla/5.0 (Windows NT 10.0; Win64; x64) AppleWebKit/537.36 (KHTML, like Gecko) Chrome/120.0.0.0 Safari/537.36"
173.239.211.236 - - [16/Jun/2026:22:00:33 +0100] "GET /wp-admin/profile.php HTTP/1.1" 200 6552 "https://www.ack.uk.com/wp-login.php" "Mozilla/5.0 (Windows NT 10.0; Win64; x64) AppleWebKit/537.36 (KHTML, like Gecko) Chrome/120.0.0.0 Safari/537.36"
173.239.211.236 - - [16/Jun/2026:22:00:33 +0100] "GET /wp-admin/edit.php HTTP/1.1" 200 6552 "https://www.ack.uk.com/wp-login.php" "Mozilla/5.0 (Windows NT 10.0; Win64; x64) AppleWebKit/537.36 (KHTML, like Gecko) Chrome/120.0.0.0 Safari/537.36"
173.239.211.236 - - [16/Jun/2026:22:00:34 +0100] "GET /wp-admin/plugins.php HTTP/1.1" 200 6552 "https://www.ack.uk.com/wp-login.php" "Mozilla/5.0 (Windows NT 10.0; Win64; x64) AppleWebKit/537.36 (KHTML, like Gecko) Chrome/120.0.0.0 Safari/537.36"
45.92.229.1 - - [16/Jun/2026:22:00:36 +0100] "POST /wp-login.php HTTP/1.1" 200 3949 "https://www.ack.uk.com/wp-login.php" "Mozilla/5.0 (Windows NT 10.0; Win64; x64) AppleWebKit/537.36 (KHTML, like Gecko) Chrome/121.0.0.0 Safari/537.36"
216.73.217.61 - - [16/Jun/2026:22:00:37 +0100] "GET /sitemap_index.xml?fileloc=%2Fhome%2Fcalderca%2Fpublic_html%2Fwp-activate.php&path=%2Fhome%2Fcalderca%2Fpublic_html HTTP/1.1" 200 4985 "-" "Mozilla/5.0 AppleWebKit/537.36 (KHTML, like Gecko; compatible; ClaudeBot/1.0; +claudebot@anthropic.com)"
216.73.217.61 - - [16/Jun/2026:22:00:37 +0100] "GET /sitemap_index.xml?path=%2Fhome HTTP/1.1" 200 2498 "-" "Mozilla/5.0 AppleWebKit/537.36 (KHTML, like Gecko; compatible; ClaudeBot/1.0; +claudebot@anthropic.com)"
216.73.161.114 - - [16/Jun/2026:22:00:39 +0100] "GET /wp-admin/index.php HTTP/1.1" 200 6552 "https://www.ack.uk.com/wp-login.php" "Mozilla/5.0 (Macintosh; Intel Mac OS X 13_6_1) AppleWebKit/537.36 (KHTML, like Gecko) Chrome/119.0.0.0 Safari/537.36"
216.73.161.114 - - [16/Jun/2026:22:00:39 +0100] "GET /wp-admin/profile.php HTTP/1.1" 200 6552 "https://www.ack.uk.com/wp-login.php" "Mozilla/5.0 (Macintosh; Intel Mac OS X 13_6_1) AppleWebKit/537.36 (KHTML, like Gecko) Chrome/119.0.0.0 Safari/537.36"
216.73.161.114 - - [16/Jun/2026:22:00:40 +0100] "GET /wp-admin/edit.php HTTP/1.1" 200 6552 "https://www.ack.uk.com/wp-login.php" "Mozilla/5.0 (Macintosh; Intel Mac OS X 13_6_1) AppleWebKit/537.36 (KHTML, like Gecko) Chrome/119.0.0.0 Safari/537.36"
216.73.161.114 - - [16/Jun/2026:22:00:40 +0100] "GET /wp-admin/plugins.php HTTP/1.1" 200 6552 "https://www.ack.uk.com/wp-login.php" "Mozilla/5.0 (Macintosh; Intel Mac OS X 13_6_1) AppleWebKit/537.36 (KHTML, like Gecko) Chrome/119.0.0.0 Safari/537.36"
216.73.161.114 - - [16/Jun/2026:22:00:40 +0100] "POST /wp-login.php HTTP/1.1" 200 3949 "https://www.ack.uk.com/wp-login.php" "Mozilla/5.0 (X11; Linux x86_64) AppleWebKit/537.36 (KHTML, like Gecko) Chrome/120.0.0.0 Safari/537.36"
216.73.161.130 - - [16/Jun/2026:22:00:43 +0100] "GET /wp-admin/profile.php HTTP/1.1" 200 6552 "https://www.ack.uk.com/wp-login.php" "Mozilla/5.0 (Windows NT 10.0; Win64; x64) AppleWebKit/537.36 (KHTML, like Gecko) Chrome/120.0.0.0 Safari/537.36"
173.239.211.250 - - [16/Jun/2026:22:00:46 +0100] "GET /wp-admin/plugins.php HTTP/1.1" 200 6552 "https://www.ack.uk.com/wp-login.php" "Mozilla/5.0 (Windows NT 10.0; Win64; x64) AppleWebKit/537.36 (KHTML, like Gecko) Chrome/120.0.0.0 Safari/537.36"
173.239.211.250 - - [16/Jun/2026:22:00:53 +0100] "POST /wp-login.php HTTP/1.1" 200 3949 "https://www.ack.uk.com/wp-login.php" "Mozilla/5.0 (Windows NT 11.0; Win64; x64) AppleWebKit/537.36 (KHTML, like Gecko) Chrome/120.0.0.0 Safari/537.36"
173.239.211.250 - - [16/Jun/2026:22:00:53 +0100] "GET /wp-admin/index.php HTTP/1.1" 200 6552 "https://www.ack.uk.com/wp-login.php" "Mozilla/5.0 (X11; Ubuntu; Linux x86_64) AppleWebKit/537.36 (KHTML, like Gecko) Chrome/121.0.0.0 Safari/537.36"
