205.185.124.118 - - [16/Jun/2026:22:13:25 +0100] "GET /wp-login.php HTTP/1.1" 200 58262 "-" "Mozilla/5.0 (Windows NT 6.1; rv:31.0) Gecko/20100101 Firefox/31.0"
216.73.161.132 - - [16/Jun/2026:22:13:25 +0100] "GET /wp-admin/index.php HTTP/1.1" 200 6552 "https://www.ack.uk.com/wp-login.php" "Mozilla/5.0 (Macintosh; Intel Mac OS X 10_15_7; rv:118.0) Gecko/20100101 Firefox/118.0"
216.73.161.132 - - [16/Jun/2026:22:13:26 +0100] "GET /wp-admin/profile.php HTTP/1.1" 200 6552 "https://www.ack.uk.com/wp-login.php" "Mozilla/5.0 (Macintosh; Intel Mac OS X 10_15_7; rv:118.0) Gecko/20100101 Firefox/118.0"
216.73.161.132 - - [16/Jun/2026:22:13:26 +0100] "GET /wp-admin/edit.php HTTP/1.1" 200 6552 "https://www.ack.uk.com/wp-login.php" "Mozilla/5.0 (Macintosh; Intel Mac OS X 10_15_7; rv:118.0) Gecko/20100101 Firefox/118.0"
216.73.161.132 - - [16/Jun/2026:22:13:26 +0100] "GET /wp-admin/plugins.php HTTP/1.1" 200 6552 "https://www.ack.uk.com/wp-login.php" "Mozilla/5.0 (Macintosh; Intel Mac OS X 10_15_7; rv:118.0) Gecko/20100101 Firefox/118.0"
216.73.161.132 - - [16/Jun/2026:22:13:27 +0100] "POST /wp-login.php HTTP/1.1" 200 4039 "https://www.ack.uk.com/wp-login.php" "Mozilla/5.0 (Windows NT 10.0; Win64; x64; rv:120.0) Gecko/20100101 Firefox/120.0"
216.73.161.132 - - [16/Jun/2026:22:13:27 +0100] "GET /wp-admin/index.php HTTP/1.1" 200 6552 "https://www.ack.uk.com/wp-login.php" "Mozilla/5.0 (Windows NT 11.0; Win64; x64; rv:121.0) Gecko/20100101 Firefox/121.0"
216.73.161.132 - - [16/Jun/2026:22:13:28 +0100] "GET /wp-admin/profile.php HTTP/1.1" 200 6552 "https://www.ack.uk.com/wp-login.php" "Mozilla/5.0 (Windows NT 11.0; Win64; x64; rv:121.0) Gecko/20100101 Firefox/121.0"
216.73.161.132 - - [16/Jun/2026:22:13:29 +0100] "GET /wp-admin/edit.php HTTP/1.1" 200 6552 "https://www.ack.uk.com/wp-login.php" "Mozilla/5.0 (Windows NT 11.0; Win64; x64; rv:121.0) Gecko/20100101 Firefox/121.0"
216.73.161.132 - - [16/Jun/2026:22:13:30 +0100] "GET /wp-admin/plugins.php HTTP/1.1" 200 6552 "https://www.ack.uk.com/wp-login.php" "Mozilla/5.0 (Windows NT 11.0; Win64; x64; rv:121.0) Gecko/20100101 Firefox/121.0"
216.73.161.132 - - [16/Jun/2026:22:13:31 +0100] "POST /wp-login.php HTTP/1.1" 200 4039 "https://www.ack.uk.com/wp-login.php" "Mozilla/5.0 (X11; Ubuntu; Linux x86_64) AppleWebKit/537.36 (KHTML, like Gecko) Chrome/118.0.0.0 Safari/537.36"
216.73.161.132 - - [16/Jun/2026:22:13:31 +0100] "GET /wp-admin/index.php HTTP/1.1" 200 6552 "https://www.ack.uk.com/wp-login.php" "Mozilla/5.0 (Macintosh; Intel Mac OS X 10_15_7; rv:119.0) Gecko/20100101 Firefox/119.0"
111.235.68.106 - - [16/Jun/2026:22:13:33 +0100] "POST /xmlrpc.php HTTP/1.1" 200 58262 "-" "WordPress.com; https://wordpress.com"
173.239.211.242 - - [16/Jun/2026:22:13:36 +0100] "GET /wp-admin/edit.php HTTP/1.1" 200 6552 "https://www.ack.uk.com/wp-login.php" "Mozilla/5.0 (Macintosh; Intel Mac OS X 10_15_7; rv:119.0) Gecko/20100101 Firefox/119.0"
173.239.211.242 - - [16/Jun/2026:22:13:36 +0100] "GET /wp-admin/plugins.php HTTP/1.1" 200 6552 "https://www.ack.uk.com/wp-login.php" "Mozilla/5.0 (Macintosh; Intel Mac OS X 10_15_7; rv:119.0) Gecko/20100101 Firefox/119.0"
173.239.211.242 - - [16/Jun/2026:22:13:36 +0100] "POST /wp-login.php HTTP/1.1" 200 4039 "https://www.ack.uk.com/wp-login.php" "Mozilla/5.0 (Windows NT 10.0; Win64; x64; rv:119.0) Gecko/20100101 Firefox/119.0"
173.239.211.242 - - [16/Jun/2026:22:13:37 +0100] "GET /wp-admin/index.php HTTP/1.1" 200 6552 "https://www.ack.uk.com/wp-login.php" "Mozilla/5.0 (Windows NT 10.0; Win64; x64; rv:118.0) Gecko/20100101 Firefox/118.0"
173.239.211.242 - - [16/Jun/2026:22:13:37 +0100] "GET /wp-admin/profile.php HTTP/1.1" 200 6552 "https://www.ack.uk.com/wp-login.php" "Mozilla/5.0 (Windows NT 10.0; Win64; x64; rv:118.0) Gecko/20100101 Firefox/118.0"
173.239.211.242 - - [16/Jun/2026:22:13:37 +0100] "GET /wp-admin/edit.php HTTP/1.1" 200 6552 "https://www.ack.uk.com/wp-login.php" "Mozilla/5.0 (Windows NT 10.0; Win64; x64; rv:118.0) Gecko/20100101 Firefox/118.0"
173.239.211.242 - - [16/Jun/2026:22:13:38 +0100] "GET /wp-admin/plugins.php HTTP/1.1" 200 6552 "https://www.ack.uk.com/wp-login.php" "Mozilla/5.0 (Windows NT 10.0; Win64; x64; rv:118.0) Gecko/20100101 Firefox/118.0"
173.239.211.248 - - [16/Jun/2026:22:13:40 +0100] "POST /wp-login.php HTTP/1.1" 200 4039 "https://www.ack.uk.com/wp-login.php" "Mozilla/5.0 (X11; Ubuntu; Linux x86_64) AppleWebKit/537.36 (KHTML, like Gecko) Chrome/119.0.0.0 Safari/537.36"
173.239.211.248 - - [16/Jun/2026:22:13:40 +0100] "GET /wp-admin/index.php HTTP/1.1" 200 6552 "https://www.ack.uk.com/wp-login.php" "Mozilla/5.0 (Macintosh; Intel Mac OS X 13_6_1) AppleWebKit/605.1.15 (KHTML, like Gecko) Version/17.1 Safari/605.1.15"
173.239.211.248 - - [16/Jun/2026:22:13:41 +0100] "GET /wp-admin/profile.php HTTP/1.1" 200 6552 "https://www.ack.uk.com/wp-login.php" "Mozilla/5.0 (Macintosh; Intel Mac OS X 13_6_1) AppleWebKit/605.1.15 (KHTML, like Gecko) Version/17.1 Safari/605.1.15"
111.235.68.106 - - [16/Jun/2026:22:13:43 +0100] "POST /xmlrpc.php HTTP/1.1" 200 58262 "-" "Jetpack/12.0; WordPress/6.4; http://site93390759.com"
216.73.161.119 - - [16/Jun/2026:22:13:46 +0100] "GET /wp-admin/edit.php HTTP/1.1" 200 6552 "https://www.ack.uk.com/wp-login.php" "Mozilla/5.0 (Macintosh; Intel Mac OS X 13_6_1) AppleWebKit/605.1.15 (KHTML, like Gecko) Version/17.1 Safari/605.1.15"
94.26.106.188 - - [16/Jun/2026:22:13:49 +0100] "POST /XYZEAZ_emcnz3du.php?action=add_link HTTP/1.1" 200 1725 "https://www.ack.uk.com/" "Mozilla/5.0 (Windows NT 10.0; Win64; x64) AppleWebKit/537.36 (KHTML, like Gecko) Chrome/120.0.0.0 Safari/537.36"
94.26.106.188 - - [16/Jun/2026:22:13:49 +0100] "POST /XYZEAZ_emcnz3du.php?action=add_link HTTP/1.1" 200 1725 "https://www.ack.uk.com/" "Mozilla/5.0 (Windows NT 10.0; Win64; x64) AppleWebKit/537.36 (KHTML, like Gecko) Chrome/120.0.0.0 Safari/537.36"
94.26.106.188 - - [16/Jun/2026:22:13:49 +0100] "POST /XYZEAZ_emcnz3du.php?action=add_link HTTP/1.1" 200 1725 "https://www.ack.uk.com/" "Mozilla/5.0 (Windows NT 10.0; Win64; x64) AppleWebKit/537.36 (KHTML, like Gecko) Chrome/120.0.0.0 Safari/537.36"
45.92.229.8 - - [16/Jun/2026:22:13:54 +0100] "GET /wp-admin/plugins.php HTTP/1.1" 200 6552 "https://www.ack.uk.com/wp-login.php" "Mozilla/5.0 (Macintosh; Intel Mac OS X 13_6_1) AppleWebKit/605.1.15 (KHTML, like Gecko) Version/17.1 Safari/605.1.15"
111.235.68.106 - - [16/Jun/2026:22:13:54 +0100] "POST /xmlrpc.php HTTP/1.1" 200 58263 "-" "Jetpack/12.5; WordPress/6.4; http://site21696294.com"
45.92.229.8 - - [16/Jun/2026:22:13:54 +0100] "POST /wp-login.php HTTP/1.1" 200 4036 "https://www.ack.uk.com/wp-login.php" "Mozilla/5.0 (Macintosh; Intel Mac OS X 13_6_1; rv:121.0) Gecko/20100101 Firefox/121.0"
45.92.229.8 - - [16/Jun/2026:22:13:54 +0100] "GET /wp-admin/index.php HTTP/1.1" 200 6552 "https://www.ack.uk.com/wp-login.php" "Mozilla/5.0 (X11; Ubuntu; Linux x86_64) AppleWebKit/537.36 (KHTML, like Gecko) Chrome/119.0.0.0 Safari/537.36"
173.239.211.246 - - [16/Jun/2026:22:13:57 +0100] "GET /wp-admin/edit.php HTTP/1.1" 200 6552 "https://www.ack.uk.com/wp-login.php" "Mozilla/5.0 (X11; Ubuntu; Linux x86_64) AppleWebKit/537.36 (KHTML, like Gecko) Chrome/119.0.0.0 Safari/537.36"
173.239.211.246 - - [16/Jun/2026:22:13:57 +0100] "GET /wp-admin/plugins.php HTTP/1.1" 200 6552 "https://www.ack.uk.com/wp-login.php" "Mozilla/5.0 (X11; Ubuntu; Linux x86_64) AppleWebKit/537.36 (KHTML, like Gecko) Chrome/119.0.0.0 Safari/537.36"
216.73.161.136 - - [16/Jun/2026:22:14:03 +0100] "POST /wp-login.php HTTP/1.1" 200 4036 "https://www.ack.uk.com/wp-login.php" "Mozilla/5.0 (X11; Ubuntu; Linux x86_64) AppleWebKit/537.36 (KHTML, like Gecko) Chrome/119.0.0.0 Safari/537.36"
111.235.68.106 - - [16/Jun/2026:22:14:04 +0100] "POST /xmlrpc.php HTTP/1.1" 200 58263 "-" "WordPress.com; https://wordpress.com"
216.73.161.123 - - [16/Jun/2026:22:14:09 +0100] "GET /wp-admin/index.php HTTP/1.1" 200 6552 "https://www.ack.uk.com/wp-login.php" "Mozilla/5.0 (Windows NT 10.0; Win64; x64; rv:120.0) Gecko/20100101 Firefox/120.0"
216.73.161.123 - - [16/Jun/2026:22:14:10 +0100] "GET /wp-admin/profile.php HTTP/1.1" 200 6552 "https://www.ack.uk.com/wp-login.php" "Mozilla/5.0 (Windows NT 10.0; Win64; x64; rv:120.0) Gecko/20100101 Firefox/120.0"
216.73.161.123 - - [16/Jun/2026:22:14:11 +0100] "GET /wp-admin/edit.php HTTP/1.1" 200 6552 "https://www.ack.uk.com/wp-login.php" "Mozilla/5.0 (Windows NT 10.0; Win64; x64; rv:120.0) Gecko/20100101 Firefox/120.0"
216.73.161.123 - - [16/Jun/2026:22:14:12 +0100] "GET /wp-admin/plugins.php HTTP/1.1" 200 6552 "https://www.ack.uk.com/wp-login.php" "Mozilla/5.0 (Windows NT 10.0; Win64; x64; rv:120.0) Gecko/20100101 Firefox/120.0"
216.73.161.123 - - [16/Jun/2026:22:14:12 +0100] "POST /wp-login.php HTTP/1.1" 200 4036 "https://www.ack.uk.com/wp-login.php" "Mozilla/5.0 (Macintosh; Intel Mac OS X 13_6_1) AppleWebKit/605.1.15 (KHTML, like Gecko) Version/17.1 Safari/605.1.15"
173.239.211.248 - - [16/Jun/2026:22:14:15 +0100] "GET /wp-admin/profile.php HTTP/1.1" 200 6552 "https://www.ack.uk.com/wp-login.php" "Mozilla/5.0 (X11; Linux x86_64) AppleWebKit/537.36 (KHTML, like Gecko) Chrome/119.0.0.0 Safari/537.36"
173.239.211.248 - - [16/Jun/2026:22:14:15 +0100] "GET /wp-admin/edit.php HTTP/1.1" 200 6552 "https://www.ack.uk.com/wp-login.php" "Mozilla/5.0 (X11; Linux x86_64) AppleWebKit/537.36 (KHTML, like Gecko) Chrome/119.0.0.0 Safari/537.36"
111.235.68.106 - - [16/Jun/2026:22:14:15 +0100] "POST /xmlrpc.php HTTP/1.1" 200 58263 "-" "Jetpack/12.5; WordPress/6.1; http://site12738477.com"
173.239.211.248 - - [16/Jun/2026:22:14:16 +0100] "GET /wp-admin/plugins.php HTTP/1.1" 200 6552 "https://www.ack.uk.com/wp-login.php" "Mozilla/5.0 (X11; Linux x86_64) AppleWebKit/537.36 (KHTML, like Gecko) Chrome/119.0.0.0 Safari/537.36"
173.239.211.248 - - [16/Jun/2026:22:14:17 +0100] "POST /wp-login.php HTTP/1.1" 200 4036 "https://www.ack.uk.com/wp-login.php" "Mozilla/5.0 (X11; Ubuntu; Linux x86_64) AppleWebKit/537.36 (KHTML, like Gecko) Chrome/119.0.0.0 Safari/537.36"
173.239.211.241 - - [16/Jun/2026:22:14:21 +0100] "GET /wp-admin/index.php HTTP/1.1" 200 6552 "https://www.ack.uk.com/wp-login.php" "Mozilla/5.0 (Windows NT 11.0; Win64; x64) AppleWebKit/537.36 (KHTML, like Gecko) Chrome/119.0.0.0 Safari/537.36"
173.239.211.241 - - [16/Jun/2026:22:14:21 +0100] "GET /wp-admin/profile.php HTTP/1.1" 200 6552 "https://www.ack.uk.com/wp-login.php" "Mozilla/5.0 (Windows NT 11.0; Win64; x64) AppleWebKit/537.36 (KHTML, like Gecko) Chrome/119.0.0.0 Safari/537.36"
173.239.211.241 - - [16/Jun/2026:22:14:21 +0100] "GET /wp-admin/edit.php HTTP/1.1" 200 6552 "https://www.ack.uk.com/wp-login.php" "Mozilla/5.0 (Windows NT 11.0; Win64; x64) AppleWebKit/537.36 (KHTML, like Gecko) Chrome/119.0.0.0 Safari/537.36"
173.239.211.241 - - [16/Jun/2026:22:14:22 +0100] "GET /wp-admin/plugins.php HTTP/1.1" 200 6552 "https://www.ack.uk.com/wp-login.php" "Mozilla/5.0 (Windows NT 11.0; Win64; x64) AppleWebKit/537.36 (KHTML, like Gecko) Chrome/119.0.0.0 Safari/537.36"
173.239.211.241 - - [16/Jun/2026:22:14:22 +0100] "POST /wp-login.php HTTP/1.1" 200 4036 "https://www.ack.uk.com/wp-login.php" "Mozilla/5.0 (Macintosh; Intel Mac OS X 10_15_7) AppleWebKit/605.1.15 (KHTML, like Gecko) Version/17.2 Safari/605.1.15"
173.239.211.241 - - [16/Jun/2026:22:14:23 +0100] "GET /wp-admin/index.php HTTP/1.1" 200 6552 "https://www.ack.uk.com/wp-login.php" "Mozilla/5.0 (Macintosh; Intel Mac OS X 13_6_1) AppleWebKit/537.36 (KHTML, like Gecko) Chrome/120.0.0.0 Safari/537.36"
173.239.211.241 - - [16/Jun/2026:22:14:23 +0100] "GET /wp-admin/profile.php HTTP/1.1" 200 6552 "https://www.ack.uk.com/wp-login.php" "Mozilla/5.0 (Macintosh; Intel Mac OS X 13_6_1) AppleWebKit/537.36 (KHTML, like Gecko) Chrome/120.0.0.0 Safari/537.36"
173.239.211.241 - - [16/Jun/2026:22:14:24 +0100] "GET /wp-admin/edit.php HTTP/1.1" 200 6552 "https://www.ack.uk.com/wp-login.php" "Mozilla/5.0 (Macintosh; Intel Mac OS X 13_6_1) AppleWebKit/537.36 (KHTML, like Gecko) Chrome/120.0.0.0 Safari/537.36"
111.235.68.106 - - [16/Jun/2026:22:14:26 +0100] "POST /xmlrpc.php HTTP/1.1" 200 58263 "-" "WordPress.com; https://wordpress.com"
173.239.211.246 - - [16/Jun/2026:22:14:28 +0100] "GET /wp-admin/plugins.php HTTP/1.1" 200 6552 "https://www.ack.uk.com/wp-login.php" "Mozilla/5.0 (Macintosh; Intel Mac OS X 13_6_1) AppleWebKit/537.36 (KHTML, like Gecko) Chrome/120.0.0.0 Safari/537.36"
152.42.134.101 - - [16/Jun/2026:22:14:29 +0100] "GET / HTTP/1.1" 200 4036 "-" "Mozilla/5.0 (CentOS; Linux i686) AppleWebKit/537.36 (KHTML, like Gecko) Chrome/142.0.0.0 Safari/537.36"
152.42.134.101 - - [16/Jun/2026:22:14:30 +0100] "GET /favicon.ico HTTP/1.1" 200 4036 "-" "Mozilla/5.0 (CentOS; Linux i686) AppleWebKit/537.36 (KHTML, like Gecko) Chrome/142.0.0.0 Safari/537.36"
216.73.161.122 - - [16/Jun/2026:22:14:30 +0100] "POST /wp-login.php HTTP/1.1" 200 4036 "https://www.ack.uk.com/wp-login.php" "Mozilla/5.0 (Windows NT 10.0; Win64; x64; rv:118.0) Gecko/20100101 Firefox/118.0"
173.239.211.235 - - [16/Jun/2026:22:14:33 +0100] "GET /wp-admin/index.php HTTP/1.1" 200 6552 "https://www.ack.uk.com/wp-login.php" "Mozilla/5.0 (Macintosh; Intel Mac OS X 13_6_1) AppleWebKit/605.1.15 (KHTML, like Gecko) Version/17.2 Safari/605.1.15"
173.239.211.235 - - [16/Jun/2026:22:14:33 +0100] "GET /wp-admin/profile.php HTTP/1.1" 200 6552 "https://www.ack.uk.com/wp-login.php" "Mozilla/5.0 (Macintosh; Intel Mac OS X 13_6_1) AppleWebKit/605.1.15 (KHTML, like Gecko) Version/17.2 Safari/605.1.15"
173.239.211.235 - - [16/Jun/2026:22:14:34 +0100] "GET /wp-admin/edit.php HTTP/1.1" 200 6552 "https://www.ack.uk.com/wp-login.php" "Mozilla/5.0 (Macintosh; Intel Mac OS X 13_6_1) AppleWebKit/605.1.15 (KHTML, like Gecko) Version/17.2 Safari/605.1.15"
94.26.106.188 - - [16/Jun/2026:22:14:34 +0100] "POST /XYZEAZ_emcnz3du.php?action=add_link HTTP/1.1" 200 1725 "https://www.ack.uk.com/" "Mozilla/5.0 (Windows NT 10.0; Win64; x64) AppleWebKit/537.36 (KHTML, like Gecko) Chrome/120.0.0.0 Safari/537.36"
94.26.106.188 - - [16/Jun/2026:22:14:34 +0100] "POST /XYZEAZ_emcnz3du.php?action=add_link HTTP/1.1" 200 1725 "https://www.ack.uk.com/" "Mozilla/5.0 (Windows NT 10.0; Win64; x64) AppleWebKit/537.36 (KHTML, like Gecko) Chrome/120.0.0.0 Safari/537.36"
94.26.106.188 - - [16/Jun/2026:22:14:34 +0100] "POST /XYZEAZ_emcnz3du.php?action=add_link HTTP/1.1" 200 1725 "https://www.ack.uk.com/" "Mozilla/5.0 (Windows NT 10.0; Win64; x64) AppleWebKit/537.36 (KHTML, like Gecko) Chrome/120.0.0.0 Safari/537.36"
216.73.161.121 - - [16/Jun/2026:22:14:36 +0100] "GET /wp-admin/plugins.php HTTP/1.1" 200 6552 "https://www.ack.uk.com/wp-login.php" "Mozilla/5.0 (Macintosh; Intel Mac OS X 13_6_1) AppleWebKit/605.1.15 (KHTML, like Gecko) Version/17.2 Safari/605.1.15"
111.235.68.106 - - [16/Jun/2026:22:14:36 +0100] "POST /xmlrpc.php HTTP/1.1" 200 58263 "-" "Jetpack/12.1; WordPress/6.4; http://site17379525.com"
216.73.161.121 - - [16/Jun/2026:22:14:37 +0100] "POST /wp-login.php HTTP/1.1" 200 4039 "https://www.ack.uk.com/wp-login.php" "Mozilla/5.0 (Windows NT 11.0; Win64; x64) AppleWebKit/537.36 (KHTML, like Gecko) Chrome/118.0.0.0 Safari/537.36"
52.167.144.174 - - [16/Jun/2026:22:14:39 +0100] "GET /?c_6107230897503_html HTTP/1.1" 200 4039 "-" "Mozilla/5.0 AppleWebKit/537.36 (KHTML, like Gecko; compatible; bingbot/2.0; +http://www.bing.com/bingbot.htm) Chrome/116.0.1938.76 Safari/537.36"
78.47.205.130 - - [16/Jun/2026:22:14:40 +0100] "GET / HTTP/1.1" 200 58263 "-" "Mozilla/5.0 (Macintosh; Intel Mac OS X 10_15_7) AppleWebKit/537.36 (KHTML, like Gecko) Chrome/93.0.4577.0 Safari/537.36"
45.92.229.4 - - [16/Jun/2026:22:14:41 +0100] "GET /wp-admin/index.php HTTP/1.1" 200 6552 "https://www.ack.uk.com/wp-login.php" "Mozilla/5.0 (Macintosh; Intel Mac OS X 10_15_7) AppleWebKit/605.1.15 (KHTML, like Gecko) Version/16.6 Safari/605.1.15"
45.92.229.10 - - [16/Jun/2026:22:14:45 +0100] "GET /wp-admin/profile.php HTTP/1.1" 200 6552 "https://www.ack.uk.com/wp-login.php" "Mozilla/5.0 (Macintosh; Intel Mac OS X 10_15_7) AppleWebKit/605.1.15 (KHTML, like Gecko) Version/16.6 Safari/605.1.15"
45.92.229.10 - - [16/Jun/2026:22:14:45 +0100] "GET /wp-admin/edit.php HTTP/1.1" 200 6552 "https://www.ack.uk.com/wp-login.php" "Mozilla/5.0 (Macintosh; Intel Mac OS X 10_15_7) AppleWebKit/605.1.15 (KHTML, like Gecko) Version/16.6 Safari/605.1.15"
45.92.229.10 - - [16/Jun/2026:22:14:46 +0100] "GET /wp-admin/plugins.php HTTP/1.1" 200 6552 "https://www.ack.uk.com/wp-login.php" "Mozilla/5.0 (Macintosh; Intel Mac OS X 10_15_7) AppleWebKit/605.1.15 (KHTML, like Gecko) Version/16.6 Safari/605.1.15"
45.92.229.10 - - [16/Jun/2026:22:14:46 +0100] "POST /wp-login.php HTTP/1.1" 200 4039 "https://www.ack.uk.com/wp-login.php" "Mozilla/5.0 (Macintosh; Intel Mac OS X 10_15_7) AppleWebKit/537.36 (KHTML, like Gecko) Chrome/119.0.0.0 Safari/537.36"
45.92.229.10 - - [16/Jun/2026:22:14:47 +0100] "GET /wp-admin/index.php HTTP/1.1" 200 6552 "https://www.ack.uk.com/wp-login.php" "Mozilla/5.0 (Windows NT 10.0; Win64; x64; rv:120.0) Gecko/20100101 Firefox/120.0"
111.235.68.106 - - [16/Jun/2026:22:14:47 +0100] "POST /xmlrpc.php HTTP/1.1" 200 58263 "-" "Jetpack/12.0; WordPress/6.1; http://site53940165.com"
45.92.229.10 - - [16/Jun/2026:22:14:47 +0100] "GET /wp-admin/profile.php HTTP/1.1" 200 6552 "https://www.ack.uk.com/wp-login.php" "Mozilla/5.0 (Windows NT 10.0; Win64; x64; rv:120.0) Gecko/20100101 Firefox/120.0"
45.92.229.10 - - [16/Jun/2026:22:14:47 +0100] "GET /wp-admin/edit.php HTTP/1.1" 200 6552 "https://www.ack.uk.com/wp-login.php" "Mozilla/5.0 (Windows NT 10.0; Win64; x64; rv:120.0) Gecko/20100101 Firefox/120.0"
45.92.229.10 - - [16/Jun/2026:22:14:48 +0100] "GET /wp-admin/plugins.php HTTP/1.1" 200 6552 "https://www.ack.uk.com/wp-login.php" "Mozilla/5.0 (Windows NT 10.0; Win64; x64; rv:120.0) Gecko/20100101 Firefox/120.0"
45.92.229.10 - - [16/Jun/2026:22:14:49 +0100] "POST /wp-login.php HTTP/1.1" 200 4039 "https://www.ack.uk.com/wp-login.php" "Mozilla/5.0 (X11; Linux x86_64) AppleWebKit/537.36 (KHTML, like Gecko) Chrome/120.0.0.0 Safari/537.36"
45.92.229.10 - - [16/Jun/2026:22:14:49 +0100] "GET /wp-admin/index.php HTTP/1.1" 200 6552 "https://www.ack.uk.com/wp-login.php" "Mozilla/5.0 (Windows NT 10.0; Win64; x64; rv:119.0) Gecko/20100101 Firefox/119.0"
45.92.229.10 - - [16/Jun/2026:22:14:50 +0100] "GET /wp-admin/profile.php HTTP/1.1" 200 6552 "https://www.ack.uk.com/wp-login.php" "Mozilla/5.0 (Windows NT 10.0; Win64; x64; rv:119.0) Gecko/20100101 Firefox/119.0"
45.92.229.10 - - [16/Jun/2026:22:14:50 +0100] "GET /wp-admin/edit.php HTTP/1.1" 200 6552 "https://www.ack.uk.com/wp-login.php" "Mozilla/5.0 (Windows NT 10.0; Win64; x64; rv:119.0) Gecko/20100101 Firefox/119.0"
173.239.211.235 - - [16/Jun/2026:22:14:56 +0100] "GET /wp-admin/plugins.php HTTP/1.1" 200 6552 "https://www.ack.uk.com/wp-login.php" "Mozilla/5.0 (Windows NT 10.0; Win64; x64; rv:119.0) Gecko/20100101 Firefox/119.0"
173.239.211.235 - - [16/Jun/2026:22:14:57 +0100] "POST /wp-login.php HTTP/1.1" 200 4039 "https://www.ack.uk.com/wp-login.php" "Mozilla/5.0 (Windows NT 11.0; Win64; x64; rv:120.0) Gecko/20100101 Firefox/120.0"
111.235.68.106 - - [16/Jun/2026:22:14:58 +0100] "POST /xmlrpc.php HTTP/1.1" 200 58263 "-" "WordPress.com; https://wordpress.com"
216.73.161.135 - - [16/Jun/2026:22:15:05 +0100] "GET /wp-admin/index.php HTTP/1.1" 200 6552 "https://www.ack.uk.com/wp-login.php" "Mozilla/5.0 (Windows NT 10.0; Win64; x64) AppleWebKit/537.36 (KHTML, like Gecko) Chrome/118.0.0.0 Safari/537.36"
216.73.161.135 - - [16/Jun/2026:22:15:06 +0100] "GET /wp-admin/profile.php HTTP/1.1" 200 6552 "https://www.ack.uk.com/wp-login.php" "Mozilla/5.0 (Windows NT 10.0; Win64; x64) AppleWebKit/537.36 (KHTML, like Gecko) Chrome/118.0.0.0 Safari/537.36"
111.235.68.106 - - [16/Jun/2026:22:15:08 +0100] "POST /xmlrpc.php HTTP/1.1" 200 58263 "-" "Jetpack by WordPress.com"
173.239.211.237 - - [16/Jun/2026:22:15:10 +0100] "GET /wp-admin/edit.php HTTP/1.1" 200 6552 "https://www.ack.uk.com/wp-login.php" "Mozilla/5.0 (Windows NT 10.0; Win64; x64) AppleWebKit/537.36 (KHTML, like Gecko) Chrome/118.0.0.0 Safari/537.36"
173.239.211.237 - - [16/Jun/2026:22:15:10 +0100] "GET /wp-admin/plugins.php HTTP/1.1" 200 6552 "https://www.ack.uk.com/wp-login.php" "Mozilla/5.0 (Windows NT 10.0; Win64; x64) AppleWebKit/537.36 (KHTML, like Gecko) Chrome/118.0.0.0 Safari/537.36"
173.239.211.237 - - [16/Jun/2026:22:15:11 +0100] "POST /wp-login.php HTTP/1.1" 200 4039 "https://www.ack.uk.com/wp-login.php" "Mozilla/5.0 (Windows NT 10.0; Win64; x64; rv:120.0) Gecko/20100101 Firefox/120.0"
173.239.211.237 - - [16/Jun/2026:22:15:11 +0100] "GET /wp-admin/index.php HTTP/1.1" 200 6552 "https://www.ack.uk.com/wp-login.php" "Mozilla/5.0 (Macintosh; Intel Mac OS X 10_15_7) AppleWebKit/605.1.15 (KHTML, like Gecko) Version/16.6 Safari/605.1.15"
216.73.161.130 - - [16/Jun/2026:22:15:13 +0100] "GET /wp-admin/profile.php HTTP/1.1" 200 6552 "https://www.ack.uk.com/wp-login.php" "Mozilla/5.0 (Macintosh; Intel Mac OS X 10_15_7) AppleWebKit/605.1.15 (KHTML, like Gecko) Version/16.6 Safari/605.1.15"
216.73.161.130 - - [16/Jun/2026:22:15:14 +0100] "GET /wp-admin/edit.php HTTP/1.1" 200 6552 "https://www.ack.uk.com/wp-login.php" "Mozilla/5.0 (Macintosh; Intel Mac OS X 10_15_7) AppleWebKit/605.1.15 (KHTML, like Gecko) Version/16.6 Safari/605.1.15"
216.73.161.130 - - [16/Jun/2026:22:15:14 +0100] "GET /wp-admin/plugins.php HTTP/1.1" 200 6552 "https://www.ack.uk.com/wp-login.php" "Mozilla/5.0 (Macintosh; Intel Mac OS X 10_15_7) AppleWebKit/605.1.15 (KHTML, like Gecko) Version/16.6 Safari/605.1.15"
216.73.161.130 - - [16/Jun/2026:22:15:15 +0100] "POST /wp-login.php HTTP/1.1" 200 4039 "https://www.ack.uk.com/wp-login.php" "Mozilla/5.0 (Windows NT 11.0; Win64; x64) AppleWebKit/537.36 (KHTML, like Gecko) Chrome/121.0.0.0 Safari/537.36"
216.73.161.130 - - [16/Jun/2026:22:15:16 +0100] "GET /wp-admin/index.php HTTP/1.1" 200 6552 "https://www.ack.uk.com/wp-login.php" "Mozilla/5.0 (Macintosh; Intel Mac OS X 10_15_7; rv:121.0) Gecko/20100101 Firefox/121.0"
173.239.211.244 - - [16/Jun/2026:22:15:17 +0100] "GET /wp-admin/edit.php HTTP/1.1" 200 6552 "https://www.ack.uk.com/wp-login.php" "Mozilla/5.0 (Macintosh; Intel Mac OS X 10_15_7; rv:121.0) Gecko/20100101 Firefox/121.0"
173.239.211.244 - - [16/Jun/2026:22:15:18 +0100] "GET /wp-admin/plugins.php HTTP/1.1" 200 6552 "https://www.ack.uk.com/wp-login.php" "Mozilla/5.0 (Macintosh; Intel Mac OS X 10_15_7; rv:121.0) Gecko/20100101 Firefox/121.0"
173.239.211.244 - - [16/Jun/2026:22:15:18 +0100] "POST /wp-login.php HTTP/1.1" 200 4039 "https://www.ack.uk.com/wp-login.php" "Mozilla/5.0 (Macintosh; Intel Mac OS X 10_15_7; rv:121.0) Gecko/20100101 Firefox/121.0"
111.235.68.106 - - [16/Jun/2026:22:15:19 +0100] "POST /xmlrpc.php HTTP/1.1" 200 58263 "-" "WordPress.com; https://wordpress.com"
173.239.211.240 - - [16/Jun/2026:22:15:24 +0100] "GET /wp-admin/index.php HTTP/1.1" 200 6552 "https://www.ack.uk.com/wp-login.php" "Mozilla/5.0 (Macintosh; Intel Mac OS X 13_6_1) AppleWebKit/605.1.15 (KHTML, like Gecko) Version/17.0 Safari/605.1.15"
45.92.229.11 - - [16/Jun/2026:22:15:27 +0100] "GET /wp-admin/profile.php HTTP/1.1" 200 6552 "https://www.ack.uk.com/wp-login.php" "Mozilla/5.0 (Macintosh; Intel Mac OS X 13_6_1) AppleWebKit/605.1.15 (KHTML, like Gecko) Version/17.0 Safari/605.1.15"
45.92.229.11 - - [16/Jun/2026:22:15:27 +0100] "GET /wp-admin/edit.php HTTP/1.1" 200 6552 "https://www.ack.uk.com/wp-login.php" "Mozilla/5.0 (Macintosh; Intel Mac OS X 13_6_1) AppleWebKit/605.1.15 (KHTML, like Gecko) Version/17.0 Safari/605.1.15"
45.92.229.11 - - [16/Jun/2026:22:15:28 +0100] "GET /wp-admin/plugins.php HTTP/1.1" 200 6552 "https://www.ack.uk.com/wp-login.php" "Mozilla/5.0 (Macintosh; Intel Mac OS X 13_6_1) AppleWebKit/605.1.15 (KHTML, like Gecko) Version/17.0 Safari/605.1.15"
45.92.229.11 - - [16/Jun/2026:22:15:28 +0100] "POST /wp-login.php HTTP/1.1" 200 4039 "https://www.ack.uk.com/wp-login.php" "Mozilla/5.0 (Macintosh; Intel Mac OS X 10_15_7; rv:121.0) Gecko/20100101 Firefox/121.0"
45.92.229.11 - - [16/Jun/2026:22:15:28 +0100] "GET /wp-admin/index.php HTTP/1.1" 200 6552 "https://www.ack.uk.com/wp-login.php" "Mozilla/5.0 (Windows NT 10.0; Win64; x64) AppleWebKit/537.36 (KHTML, like Gecko) Chrome/121.0.0.0 Safari/537.36"
45.92.229.11 - - [16/Jun/2026:22:15:29 +0100] "GET /wp-admin/profile.php HTTP/1.1" 200 6552 "https://www.ack.uk.com/wp-login.php" "Mozilla/5.0 (Windows NT 10.0; Win64; x64) AppleWebKit/537.36 (KHTML, like Gecko) Chrome/121.0.0.0 Safari/537.36"
111.235.68.106 - - [16/Jun/2026:22:15:29 +0100] "POST /xmlrpc.php HTTP/1.1" 200 58263 "-" "Jetpack by WordPress.com (Jetpack 12.0; WordPress 6.1)"
45.92.229.11 - - [16/Jun/2026:22:15:30 +0100] "GET /wp-admin/edit.php HTTP/1.1" 200 6552 "https://www.ack.uk.com/wp-login.php" "Mozilla/5.0 (Windows NT 10.0; Win64; x64) AppleWebKit/537.36 (KHTML, like Gecko) Chrome/121.0.0.0 Safari/537.36"
216.73.161.136 - - [16/Jun/2026:22:15:32 +0100] "GET /wp-admin/plugins.php HTTP/1.1" 200 6552 "https://www.ack.uk.com/wp-login.php" "Mozilla/5.0 (Windows NT 10.0; Win64; x64) AppleWebKit/537.36 (KHTML, like Gecko) Chrome/121.0.0.0 Safari/537.36"
216.73.161.136 - - [16/Jun/2026:22:15:33 +0100] "POST /wp-login.php HTTP/1.1" 200 4039 "https://www.ack.uk.com/wp-login.php" "Mozilla/5.0 (Windows NT 11.0; Win64; x64) AppleWebKit/537.36 (KHTML, like Gecko) Chrome/121.0.0.0 Safari/537.36"
216.73.161.130 - - [16/Jun/2026:22:15:36 +0100] "GET /wp-admin/index.php HTTP/1.1" 200 6552 "https://www.ack.uk.com/wp-login.php" "Mozilla/5.0 (Macintosh; Intel Mac OS X 13_6_1) AppleWebKit/537.36 (KHTML, like Gecko) Chrome/119.0.0.0 Safari/537.36"
216.73.161.130 - - [16/Jun/2026:22:15:37 +0100] "GET /wp-admin/profile.php HTTP/1.1" 200 6552 "https://www.ack.uk.com/wp-login.php" "Mozilla/5.0 (Macintosh; Intel Mac OS X 13_6_1) AppleWebKit/537.36 (KHTML, like Gecko) Chrome/119.0.0.0 Safari/537.36"
216.73.161.132 - - [16/Jun/2026:22:15:40 +0100] "GET /wp-admin/edit.php HTTP/1.1" 200 6552 "https://www.ack.uk.com/wp-login.php" "Mozilla/5.0 (Macintosh; Intel Mac OS X 13_6_1) AppleWebKit/537.36 (KHTML, like Gecko) Chrome/119.0.0.0 Safari/537.36"
111.235.68.106 - - [16/Jun/2026:22:15:40 +0100] "POST /xmlrpc.php HTTP/1.1" 200 58263 "-" "Jetpack/12.1; WordPress/6.1; http://site20524945.com"
111.235.68.106 - - [16/Jun/2026:22:15:51 +0100] "POST /xmlrpc.php HTTP/1.1" 200 58263 "-" "Jetpack by WordPress.com"
216.73.161.115 - - [16/Jun/2026:22:15:53 +0100] "GET /wp-admin/plugins.php HTTP/1.1" 200 6552 "https://www.ack.uk.com/wp-login.php" "Mozilla/5.0 (Macintosh; Intel Mac OS X 13_6_1) AppleWebKit/537.36 (KHTML, like Gecko) Chrome/119.0.0.0 Safari/537.36"
45.92.229.3 - - [16/Jun/2026:22:15:55 +0100] "POST /wp-login.php HTTP/1.1" 200 4039 "https://www.ack.uk.com/wp-login.php" "Mozilla/5.0 (Macintosh; Intel Mac OS X 10_15_7) AppleWebKit/537.36 (KHTML, like Gecko) Chrome/119.0.0.0 Safari/537.36"
45.92.229.3 - - [16/Jun/2026:22:15:56 +0100] "GET /wp-admin/index.php HTTP/1.1" 200 6552 "https://www.ack.uk.com/wp-login.php" "Mozilla/5.0 (Windows NT 10.0; Win64; x64) AppleWebKit/537.36 (KHTML, like Gecko) Chrome/119.0.0.0 Safari/537.36"
45.92.229.3 - - [16/Jun/2026:22:15:56 +0100] "GET /wp-admin/profile.php HTTP/1.1" 200 6552 "https://www.ack.uk.com/wp-login.php" "Mozilla/5.0 (Windows NT 10.0; Win64; x64) AppleWebKit/537.36 (KHTML, like Gecko) Chrome/119.0.0.0 Safari/537.36"
45.92.229.3 - - [16/Jun/2026:22:15:57 +0100] "GET /wp-admin/edit.php HTTP/1.1" 200 6552 "https://www.ack.uk.com/wp-login.php" "Mozilla/5.0 (Windows NT 10.0; Win64; x64) AppleWebKit/537.36 (KHTML, like Gecko) Chrome/119.0.0.0 Safari/537.36"
216.73.161.114 - - [16/Jun/2026:22:16:00 +0100] "GET /wp-admin/plugins.php HTTP/1.1" 200 6552 "https://www.ack.uk.com/wp-login.php" "Mozilla/5.0 (Windows NT 10.0; Win64; x64) AppleWebKit/537.36 (KHTML, like Gecko) Chrome/119.0.0.0 Safari/537.36"
216.73.161.114 - - [16/Jun/2026:22:16:00 +0100] "POST /wp-login.php HTTP/1.1" 200 4039 "https://www.ack.uk.com/wp-login.php" "Mozilla/5.0 (X11; Linux x86_64) AppleWebKit/537.36 (KHTML, like Gecko) Chrome/121.0.0.0 Safari/537.36"
216.73.161.114 - - [16/Jun/2026:22:16:01 +0100] "GET /wp-admin/index.php HTTP/1.1" 200 6552 "https://www.ack.uk.com/wp-login.php" "Mozilla/5.0 (Macintosh; Intel Mac OS X 13_6_1) AppleWebKit/537.36 (KHTML, like Gecko) Chrome/121.0.0.0 Safari/537.36"
216.73.161.114 - - [16/Jun/2026:22:16:01 +0100] "GET /wp-admin/profile.php HTTP/1.1" 200 6552 "https://www.ack.uk.com/wp-login.php" "Mozilla/5.0 (Macintosh; Intel Mac OS X 13_6_1) AppleWebKit/537.36 (KHTML, like Gecko) Chrome/121.0.0.0 Safari/537.36"
111.235.68.106 - - [16/Jun/2026:22:16:01 +0100] "POST /xmlrpc.php HTTP/1.1" 200 58263 "-" "Jetpack by WordPress.com (Jetpack 12.0; WordPress 6.4)"
216.73.161.114 - - [16/Jun/2026:22:16:02 +0100] "GET /wp-admin/edit.php HTTP/1.1" 200 6552 "https://www.ack.uk.com/wp-login.php" "Mozilla/5.0 (Macintosh; Intel Mac OS X 13_6_1) AppleWebKit/537.36 (KHTML, like Gecko) Chrome/121.0.0.0 Safari/537.36"
173.239.211.237 - - [16/Jun/2026:22:16:09 +0100] "GET /wp-admin/plugins.php HTTP/1.1" 200 6552 "https://www.ack.uk.com/wp-login.php" "Mozilla/5.0 (Macintosh; Intel Mac OS X 13_6_1) AppleWebKit/537.36 (KHTML, like Gecko) Chrome/121.0.0.0 Safari/537.36"
173.239.211.237 - - [16/Jun/2026:22:16:10 +0100] "POST /wp-login.php HTTP/1.1" 200 4039 "https://www.ack.uk.com/wp-login.php" "Mozilla/5.0 (Macintosh; Intel Mac OS X 10_15_7) AppleWebKit/605.1.15 (KHTML, like Gecko) Version/17.1 Safari/605.1.15"
173.239.211.237 - - [16/Jun/2026:22:16:10 +0100] "GET /wp-admin/index.php HTTP/1.1" 200 6552 "https://www.ack.uk.com/wp-login.php" "Mozilla/5.0 (Macintosh; Intel Mac OS X 10_15_7; rv:121.0) Gecko/20100101 Firefox/121.0"
173.239.211.237 - - [16/Jun/2026:22:16:10 +0100] "GET /wp-admin/profile.php HTTP/1.1" 200 6552 "https://www.ack.uk.com/wp-login.php" "Mozilla/5.0 (Macintosh; Intel Mac OS X 10_15_7; rv:121.0) Gecko/20100101 Firefox/121.0"
173.239.211.237 - - [16/Jun/2026:22:16:10 +0100] "GET /wp-admin/edit.php HTTP/1.1" 200 6552 "https://www.ack.uk.com/wp-login.php" "Mozilla/5.0 (Macintosh; Intel Mac OS X 10_15_7; rv:121.0) Gecko/20100101 Firefox/121.0"
111.235.68.106 - - [16/Jun/2026:22:16:12 +0100] "POST /xmlrpc.php HTTP/1.1" 200 58263 "-" "Jetpack by WordPress.com"
45.92.229.1 - - [16/Jun/2026:22:16:12 +0100] "POST /wp-login.php HTTP/1.1" 200 4039 "https://www.ack.uk.com/wp-login.php" "Mozilla/5.0 (X11; Linux x86_64) AppleWebKit/537.36 (KHTML, like Gecko) Chrome/119.0.0.0 Safari/537.36"
45.92.229.1 - - [16/Jun/2026:22:16:13 +0100] "GET /wp-admin/index.php HTTP/1.1" 200 6552 "https://www.ack.uk.com/wp-login.php" "Mozilla/5.0 (Macintosh; Intel Mac OS X 10_15_7; rv:120.0) Gecko/20100101 Firefox/120.0"
45.92.229.1 - - [16/Jun/2026:22:16:14 +0100] "GET /wp-admin/profile.php HTTP/1.1" 200 6552 "https://www.ack.uk.com/wp-login.php" "Mozilla/5.0 (Macintosh; Intel Mac OS X 10_15_7; rv:120.0) Gecko/20100101 Firefox/120.0"
216.73.161.112 - - [16/Jun/2026:22:16:15 +0100] "GET /wp-admin/plugins.php HTTP/1.1" 200 6552 "https://www.ack.uk.com/wp-login.php" "Mozilla/5.0 (Macintosh; Intel Mac OS X 10_15_7; rv:120.0) Gecko/20100101 Firefox/120.0"
216.73.161.112 - - [16/Jun/2026:22:16:16 +0100] "POST /wp-login.php HTTP/1.1" 200 4039 "https://www.ack.uk.com/wp-login.php" "Mozilla/5.0 (Macintosh; Intel Mac OS X 10_15_7) AppleWebKit/605.1.15 (KHTML, like Gecko) Version/17.0 Safari/605.1.15"
216.73.161.112 - - [16/Jun/2026:22:16:16 +0100] "GET /wp-admin/index.php HTTP/1.1" 200 6552 "https://www.ack.uk.com/wp-login.php" "Mozilla/5.0 (X11; Ubuntu; Linux x86_64) AppleWebKit/537.36 (KHTML, like Gecko) Chrome/121.0.0.0 Safari/537.36"
216.73.161.112 - - [16/Jun/2026:22:16:17 +0100] "GET /wp-admin/profile.php HTTP/1.1" 200 6552 "https://www.ack.uk.com/wp-login.php" "Mozilla/5.0 (X11; Ubuntu; Linux x86_64) AppleWebKit/537.36 (KHTML, like Gecko) Chrome/121.0.0.0 Safari/537.36"
216.73.161.112 - - [16/Jun/2026:22:16:17 +0100] "GET /wp-admin/edit.php HTTP/1.1" 200 6552 "https://www.ack.uk.com/wp-login.php" "Mozilla/5.0 (X11; Ubuntu; Linux x86_64) AppleWebKit/537.36 (KHTML, like Gecko) Chrome/121.0.0.0 Safari/537.36"
216.73.161.112 - - [16/Jun/2026:22:16:17 +0100] "GET /wp-admin/plugins.php HTTP/1.1" 200 6552 "https://www.ack.uk.com/wp-login.php" "Mozilla/5.0 (X11; Ubuntu; Linux x86_64) AppleWebKit/537.36 (KHTML, like Gecko) Chrome/121.0.0.0 Safari/537.36"
216.73.161.112 - - [16/Jun/2026:22:16:17 +0100] "POST /wp-login.php HTTP/1.1" 200 4039 "https://www.ack.uk.com/wp-login.php" "Mozilla/5.0 (Windows NT 11.0; Win64; x64; rv:119.0) Gecko/20100101 Firefox/119.0"
216.73.161.112 - - [16/Jun/2026:22:16:18 +0100] "GET /wp-admin/index.php HTTP/1.1" 200 6552 "https://www.ack.uk.com/wp-login.php" "Mozilla/5.0 (Macintosh; Intel Mac OS X 10_15_7; rv:119.0) Gecko/20100101 Firefox/119.0"
216.73.161.112 - - [16/Jun/2026:22:16:18 +0100] "GET /wp-admin/profile.php HTTP/1.1" 200 6552 "https://www.ack.uk.com/wp-login.php" "Mozilla/5.0 (Macintosh; Intel Mac OS X 10_15_7; rv:119.0) Gecko/20100101 Firefox/119.0"
216.73.161.112 - - [16/Jun/2026:22:16:19 +0100] "GET /wp-admin/edit.php HTTP/1.1" 200 6552 "https://www.ack.uk.com/wp-login.php" "Mozilla/5.0 (Macintosh; Intel Mac OS X 10_15_7; rv:119.0) Gecko/20100101 Firefox/119.0"
173.239.211.238 - - [16/Jun/2026:22:16:22 +0100] "GET /wp-admin/plugins.php HTTP/1.1" 200 6552 "https://www.ack.uk.com/wp-login.php" "Mozilla/5.0 (Macintosh; Intel Mac OS X 10_15_7; rv:119.0) Gecko/20100101 Firefox/119.0"
111.235.68.106 - - [16/Jun/2026:22:16:23 +0100] "POST /xmlrpc.php HTTP/1.1" 200 58263 "-" "Jetpack by WordPress.com (Jetpack 12.1; WordPress 6.3)"
173.239.211.238 - - [16/Jun/2026:22:16:23 +0100] "POST /wp-login.php HTTP/1.1" 200 4039 "https://www.ack.uk.com/wp-login.php" "Mozilla/5.0 (Macintosh; Intel Mac OS X 10_15_7) AppleWebKit/537.36 (KHTML, like Gecko) Chrome/118.0.0.0 Safari/537.36"
173.239.211.238 - - [16/Jun/2026:22:16:23 +0100] "GET /wp-admin/index.php HTTP/1.1" 200 6552 "https://www.ack.uk.com/wp-login.php" "Mozilla/5.0 (Macintosh; Intel Mac OS X 10_15_7) AppleWebKit/537.36 (KHTML, like Gecko) Chrome/118.0.0.0 Safari/537.36"
173.239.211.238 - - [16/Jun/2026:22:16:23 +0100] "GET /wp-admin/profile.php HTTP/1.1" 200 6552 "https://www.ack.uk.com/wp-login.php" "Mozilla/5.0 (Macintosh; Intel Mac OS X 10_15_7) AppleWebKit/537.36 (KHTML, like Gecko) Chrome/118.0.0.0 Safari/537.36"
216.73.161.115 - - [16/Jun/2026:22:16:27 +0100] "GET /wp-admin/edit.php HTTP/1.1" 200 6552 "https://www.ack.uk.com/wp-login.php" "Mozilla/5.0 (Macintosh; Intel Mac OS X 10_15_7) AppleWebKit/537.36 (KHTML, like Gecko) Chrome/118.0.0.0 Safari/537.36"
216.73.161.115 - - [16/Jun/2026:22:16:28 +0100] "GET /wp-admin/plugins.php HTTP/1.1" 200 6552 "https://www.ack.uk.com/wp-login.php" "Mozilla/5.0 (Macintosh; Intel Mac OS X 10_15_7) AppleWebKit/537.36 (KHTML, like Gecko) Chrome/118.0.0.0 Safari/537.36"
216.73.161.115 - - [16/Jun/2026:22:16:28 +0100] "POST /wp-login.php HTTP/1.1" 200 4039 "https://www.ack.uk.com/wp-login.php" "Mozilla/5.0 (Macintosh; Intel Mac OS X 10_15_7) AppleWebKit/605.1.15 (KHTML, like Gecko) Version/16.6 Safari/605.1.15"
216.73.161.115 - - [16/Jun/2026:22:16:28 +0100] "GET /wp-admin/index.php HTTP/1.1" 200 6552 "https://www.ack.uk.com/wp-login.php" "Mozilla/5.0 (Macintosh; Intel Mac OS X 13_6_1) AppleWebKit/605.1.15 (KHTML, like Gecko) Version/17.2 Safari/605.1.15"
216.73.161.115 - - [16/Jun/2026:22:16:29 +0100] "GET /wp-admin/profile.php HTTP/1.1" 200 6552 "https://www.ack.uk.com/wp-login.php" "Mozilla/5.0 (Macintosh; Intel Mac OS X 13_6_1) AppleWebKit/605.1.15 (KHTML, like Gecko) Version/17.2 Safari/605.1.15"
111.235.68.106 - - [16/Jun/2026:22:16:33 +0100] "POST /xmlrpc.php HTTP/1.1" 200 58263 "-" "Jetpack by WordPress.com"
45.92.229.4 - - [16/Jun/2026:22:16:34 +0100] "GET /wp-admin/plugins.php HTTP/1.1" 200 6552 "https://www.ack.uk.com/wp-login.php" "Mozilla/5.0 (Macintosh; Intel Mac OS X 13_6_1) AppleWebKit/605.1.15 (KHTML, like Gecko) Version/17.2 Safari/605.1.15"
45.92.229.4 - - [16/Jun/2026:22:16:34 +0100] "POST /wp-login.php HTTP/1.1" 200 4039 "https://www.ack.uk.com/wp-login.php" "Mozilla/5.0 (Macintosh; Intel Mac OS X 13_6_1) AppleWebKit/605.1.15 (KHTML, like Gecko) Version/16.6 Safari/605.1.15"
45.92.229.4 - - [16/Jun/2026:22:16:34 +0100] "GET /wp-admin/index.php HTTP/1.1" 200 6552 "https://www.ack.uk.com/wp-login.php" "Mozilla/5.0 (Macintosh; Intel Mac OS X 13_6_1) AppleWebKit/605.1.15 (KHTML, like Gecko) Version/17.2 Safari/605.1.15"
45.92.229.4 - - [16/Jun/2026:22:16:35 +0100] "GET /wp-admin/profile.php HTTP/1.1" 200 6552 "https://www.ack.uk.com/wp-login.php" "Mozilla/5.0 (Macintosh; Intel Mac OS X 13_6_1) AppleWebKit/605.1.15 (KHTML, like Gecko) Version/17.2 Safari/605.1.15"
45.92.229.4 - - [16/Jun/2026:22:16:35 +0100] "GET /wp-admin/edit.php HTTP/1.1" 200 6552 "https://www.ack.uk.com/wp-login.php" "Mozilla/5.0 (Macintosh; Intel Mac OS X 13_6_1) AppleWebKit/605.1.15 (KHTML, like Gecko) Version/17.2 Safari/605.1.15"
111.235.68.106 - - [16/Jun/2026:22:16:44 +0100] "POST /xmlrpc.php HTTP/1.1" 200 58263 "-" "Jetpack by WordPress.com"
45.92.229.3 - - [16/Jun/2026:22:16:48 +0100] "POST /wp-login.php HTTP/1.1" 200 4039 "https://www.ack.uk.com/wp-login.php" "Mozilla/5.0 (Macintosh; Intel Mac OS X 13_6_1) AppleWebKit/605.1.15 (KHTML, like Gecko) Version/17.1 Safari/605.1.15"
45.92.229.3 - - [16/Jun/2026:22:16:48 +0100] "GET /wp-admin/index.php HTTP/1.1" 200 6552 "https://www.ack.uk.com/wp-login.php" "Mozilla/5.0 (X11; Linux x86_64) AppleWebKit/537.36 (KHTML, like Gecko) Chrome/118.0.0.0 Safari/537.36"
45.92.229.3 - - [16/Jun/2026:22:16:49 +0100] "GET /wp-admin/profile.php HTTP/1.1" 200 6552 "https://www.ack.uk.com/wp-login.php" "Mozilla/5.0 (X11; Linux x86_64) AppleWebKit/537.36 (KHTML, like Gecko) Chrome/118.0.0.0 Safari/537.36"
45.92.229.3 - - [16/Jun/2026:22:16:49 +0100] "GET /wp-admin/edit.php HTTP/1.1" 200 6552 "https://www.ack.uk.com/wp-login.php" "Mozilla/5.0 (X11; Linux x86_64) AppleWebKit/537.36 (KHTML, like Gecko) Chrome/118.0.0.0 Safari/537.36"
45.92.229.3 - - [16/Jun/2026:22:16:49 +0100] "GET /wp-admin/plugins.php HTTP/1.1" 200 6552 "https://www.ack.uk.com/wp-login.php" "Mozilla/5.0 (X11; Linux x86_64) AppleWebKit/537.36 (KHTML, like Gecko) Chrome/118.0.0.0 Safari/537.36"
216.73.161.134 - - [16/Jun/2026:22:16:54 +0100] "POST /wp-login.php HTTP/1.1" 200 4039 "https://www.ack.uk.com/wp-login.php" "Mozilla/5.0 (Windows NT 11.0; Win64; x64) AppleWebKit/537.36 (KHTML, like Gecko) Chrome/119.0.0.0 Safari/537.36"
216.73.161.134 - - [16/Jun/2026:22:16:54 +0100] "GET /wp-admin/index.php HTTP/1.1" 200 6552 "https://www.ack.uk.com/wp-login.php" "Mozilla/5.0 (Macintosh; Intel Mac OS X 10_15_7) AppleWebKit/605.1.15 (KHTML, like Gecko) Version/16.6 Safari/605.1.15"
104.210.140.132 - - [16/Jun/2026:22:16:54 +0100] "GET /robots.txt HTTP/1.1" 200 4039 "-" "Mozilla/5.0 (Macintosh; Intel Mac OS X 10_15_7) AppleWebKit/537.36 (KHTML, like Gecko) Chrome/131.0.0.0 Safari/537.36; compatible; OAI-SearchBot/1.0; +https://openai.com/searchbot"
216.73.161.134 - - [16/Jun/2026:22:16:54 +0100] "GET /wp-admin/profile.php HTTP/1.1" 200 6552 "https://www.ack.uk.com/wp-login.php" "Mozilla/5.0 (Macintosh; Intel Mac OS X 10_15_7) AppleWebKit/605.1.15 (KHTML, like Gecko) Version/16.6 Safari/605.1.15"
111.235.68.106 - - [16/Jun/2026:22:16:54 +0100] "POST /xmlrpc.php HTTP/1.1" 200 58263 "-" "Jetpack/12.5; WordPress/6.2; http://site52206691.com"
216.73.161.134 - - [16/Jun/2026:22:16:55 +0100] "GET /wp-admin/edit.php HTTP/1.1" 200 6552 "https://www.ack.uk.com/wp-login.php" "Mozilla/5.0 (Macintosh; Intel Mac OS X 10_15_7) AppleWebKit/605.1.15 (KHTML, like Gecko) Version/16.6 Safari/605.1.15"
216.73.161.134 - - [16/Jun/2026:22:16:55 +0100] "GET /wp-admin/plugins.php HTTP/1.1" 200 6552 "https://www.ack.uk.com/wp-login.php" "Mozilla/5.0 (Macintosh; Intel Mac OS X 10_15_7) AppleWebKit/605.1.15 (KHTML, like Gecko) Version/16.6 Safari/605.1.15"
216.73.161.134 - - [16/Jun/2026:22:16:56 +0100] "POST /wp-login.php HTTP/1.1" 200 4039 "https://www.ack.uk.com/wp-login.php" "Mozilla/5.0 (Windows NT 10.0; Win64; x64) AppleWebKit/537.36 (KHTML, like Gecko) Chrome/118.0.0.0 Safari/537.36"
216.73.161.134 - - [16/Jun/2026:22:16:56 +0100] "GET /wp-admin/index.php HTTP/1.1" 200 6552 "https://www.ack.uk.com/wp-login.php" "Mozilla/5.0 (Macintosh; Intel Mac OS X 10_15_7; rv:118.0) Gecko/20100101 Firefox/118.0"
216.73.161.134 - - [16/Jun/2026:22:16:56 +0100] "GET /wp-admin/profile.php HTTP/1.1" 200 6552 "https://www.ack.uk.com/wp-login.php" "Mozilla/5.0 (Macintosh; Intel Mac OS X 10_15_7; rv:118.0) Gecko/20100101 Firefox/118.0"
216.73.161.113 - - [16/Jun/2026:22:17:00 +0100] "GET /wp-admin/plugins.php HTTP/1.1" 200 6552 "https://www.ack.uk.com/wp-login.php" "Mozilla/5.0 (Macintosh; Intel Mac OS X 10_15_7; rv:118.0) Gecko/20100101 Firefox/118.0"
216.73.161.113 - - [16/Jun/2026:22:17:01 +0100] "POST /wp-login.php HTTP/1.1" 200 4039 "https://www.ack.uk.com/wp-login.php" "Mozilla/5.0 (Windows NT 10.0; Win64; x64; rv:121.0) Gecko/20100101 Firefox/121.0"
216.73.161.113 - - [16/Jun/2026:22:17:01 +0100] "GET /wp-admin/index.php HTTP/1.1" 200 6552 "https://www.ack.uk.com/wp-login.php" "Mozilla/5.0 (Windows NT 10.0; Win64; x64; rv:118.0) Gecko/20100101 Firefox/118.0"
111.235.68.106 - - [16/Jun/2026:22:17:05 +0100] "POST /xmlrpc.php HTTP/1.1" 200 58263 "-" "Jetpack by WordPress.com"
216.73.161.119 - - [16/Jun/2026:22:17:11 +0100] "GET /wp-admin/profile.php HTTP/1.1" 200 6552 "https://www.ack.uk.com/wp-login.php" "Mozilla/5.0 (Windows NT 10.0; Win64; x64; rv:118.0) Gecko/20100101 Firefox/118.0"
216.73.161.119 - - [16/Jun/2026:22:17:12 +0100] "GET /wp-admin/edit.php HTTP/1.1" 200 6552 "https://www.ack.uk.com/wp-login.php" "Mozilla/5.0 (Windows NT 10.0; Win64; x64; rv:118.0) Gecko/20100101 Firefox/118.0"
216.73.161.119 - - [16/Jun/2026:22:17:12 +0100] "GET /wp-admin/plugins.php HTTP/1.1" 200 6552 "https://www.ack.uk.com/wp-login.php" "Mozilla/5.0 (Windows NT 10.0; Win64; x64; rv:118.0) Gecko/20100101 Firefox/118.0"
111.235.68.106 - - [16/Jun/2026:22:17:16 +0100] "POST /xmlrpc.php HTTP/1.1" 200 58263 "-" "WordPress.com; https://wordpress.com"
173.239.211.238 - - [16/Jun/2026:22:17:19 +0100] "POST /wp-login.php HTTP/1.1" 200 4039 "https://www.ack.uk.com/wp-login.php" "Mozilla/5.0 (Macintosh; Intel Mac OS X 13_6_1; rv:120.0) Gecko/20100101 Firefox/120.0"
173.239.211.238 - - [16/Jun/2026:22:17:20 +0100] "GET /wp-admin/index.php HTTP/1.1" 200 6552 "https://www.ack.uk.com/wp-login.php" "Mozilla/5.0 (X11; Linux x86_64) AppleWebKit/537.36 (KHTML, like Gecko) Chrome/118.0.0.0 Safari/537.36"
173.239.211.238 - - [16/Jun/2026:22:17:20 +0100] "GET /wp-admin/profile.php HTTP/1.1" 200 6552 "https://www.ack.uk.com/wp-login.php" "Mozilla/5.0 (X11; Linux x86_64) AppleWebKit/537.36 (KHTML, like Gecko) Chrome/118.0.0.0 Safari/537.36"
173.239.211.238 - - [16/Jun/2026:22:17:21 +0100] "GET /wp-admin/edit.php HTTP/1.1" 200 6552 "https://www.ack.uk.com/wp-login.php" "Mozilla/5.0 (X11; Linux x86_64) AppleWebKit/537.36 (KHTML, like Gecko) Chrome/118.0.0.0 Safari/537.36"
173.239.211.238 - - [16/Jun/2026:22:17:21 +0100] "GET /wp-admin/plugins.php HTTP/1.1" 200 6552 "https://www.ack.uk.com/wp-login.php" "Mozilla/5.0 (X11; Linux x86_64) AppleWebKit/537.36 (KHTML, like Gecko) Chrome/118.0.0.0 Safari/537.36"
173.239.211.238 - - [16/Jun/2026:22:17:22 +0100] "POST /wp-login.php HTTP/1.1" 200 4039 "https://www.ack.uk.com/wp-login.php" "Mozilla/5.0 (Macintosh; Intel Mac OS X 10_15_7) AppleWebKit/605.1.15 (KHTML, like Gecko) Version/17.1 Safari/605.1.15"
74.7.242.53 - - [16/Jun/2026:22:17:26 +0100] "GET /sitemap_index.xml HTTP/1.1" 200 4039 "-" "Mozilla/5.0 AppleWebKit/537.36 (KHTML, like Gecko; compatible; GPTBot/1.4; +https://openai.com/gptbot)"
216.73.161.115 - - [16/Jun/2026:22:17:26 +0100] "GET /wp-admin/index.php HTTP/1.1" 200 6552 "https://www.ack.uk.com/wp-login.php" "Mozilla/5.0 (Macintosh; Intel Mac OS X 10_15_7) AppleWebKit/605.1.15 (KHTML, like Gecko) Version/17.2 Safari/605.1.15"
74.7.228.35 - - [16/Jun/2026:22:17:26 +0100] "GET /robots.txt HTTP/1.1" 200 4039 "-" "Mozilla/5.0 (Macintosh; Intel Mac OS X 10_15_7) AppleWebKit/537.36 (KHTML, like Gecko) Chrome/131.0.0.0 Safari/537.36; compatible; OAI-SearchBot/1.4; robots.txt; +https://openai.com/searchbot"
216.73.161.115 - - [16/Jun/2026:22:17:26 +0100] "GET /wp-admin/profile.php HTTP/1.1" 200 6552 "https://www.ack.uk.com/wp-login.php" "Mozilla/5.0 (Macintosh; Intel Mac OS X 10_15_7) AppleWebKit/605.1.15 (KHTML, like Gecko) Version/17.2 Safari/605.1.15"
111.235.68.106 - - [16/Jun/2026:22:17:26 +0100] "POST /xmlrpc.php HTTP/1.1" 200 58263 "-" "Jetpack/12.1; WordPress/6.3; http://site64005770.com"
216.73.161.115 - - [16/Jun/2026:22:17:27 +0100] "GET /wp-admin/edit.php HTTP/1.1" 200 6552 "https://www.ack.uk.com/wp-login.php" "Mozilla/5.0 (Macintosh; Intel Mac OS X 10_15_7) AppleWebKit/605.1.15 (KHTML, like Gecko) Version/17.2 Safari/605.1.15"
216.73.161.115 - - [16/Jun/2026:22:17:27 +0100] "GET /wp-admin/plugins.php HTTP/1.1" 200 6552 "https://www.ack.uk.com/wp-login.php" "Mozilla/5.0 (Macintosh; Intel Mac OS X 10_15_7) AppleWebKit/605.1.15 (KHTML, like Gecko) Version/17.2 Safari/605.1.15"
74.7.242.53 - - [16/Jun/2026:22:17:29 +0100] "GET /sitemap_index.xml?fileloc=/home/calderca/public_html/XYZEAZ_emcnz3du.php&path=/home/calderca/public_html HTTP/1.1" 200 19829 "https://www.ack.uk.com/sitemap_index.xml" "Mozilla/5.0 AppleWebKit/537.36 (KHTML, like Gecko; compatible; GPTBot/1.4; +https://openai.com/gptbot)"
173.239.211.249 - - [16/Jun/2026:22:17:31 +0100] "POST /wp-login.php HTTP/1.1" 200 4039 "https://www.ack.uk.com/wp-login.php" "Mozilla/5.0 (Windows NT 10.0; Win64; x64; rv:121.0) Gecko/20100101 Firefox/121.0"
173.239.211.249 - - [16/Jun/2026:22:17:31 +0100] "GET /wp-admin/index.php HTTP/1.1" 200 6552 "https://www.ack.uk.com/wp-login.php" "Mozilla/5.0 (Macintosh; Intel Mac OS X 13_6_1) AppleWebKit/537.36 (KHTML, like Gecko) Chrome/118.0.0.0 Safari/537.36"
74.7.242.53 - - [16/Jun/2026:22:17:32 +0100] "GET /sitemap_index.xml?path=/ HTTP/1.1" 200 4208 "https://www.ack.uk.com/sitemap_index.xml" "Mozilla/5.0 AppleWebKit/537.36 (KHTML, like Gecko; compatible; GPTBot/1.4; +https://openai.com/gptbot)"
74.7.242.53 - - [16/Jun/2026:22:17:34 +0100] "GET /sitemap_index.xml?fileloc=/home/calderca/public_html/wp-load.php&path=/home/calderca/public_html HTTP/1.1" 200 4134 "https://www.ack.uk.com/sitemap_index.xml" "Mozilla/5.0 AppleWebKit/537.36 (KHTML, like Gecko; compatible; GPTBot/1.4; +https://openai.com/gptbot)"
74.7.242.53 - - [16/Jun/2026:22:17:37 +0100] "GET /sitemap_index.xml?path=/home/calderca HTTP/1.1" 200 4172 "https://www.ack.uk.com/sitemap_index.xml" "Mozilla/5.0 AppleWebKit/537.36 (KHTML, like Gecko; compatible; GPTBot/1.4; +https://openai.com/gptbot)"
111.235.68.106 - - [16/Jun/2026:22:17:37 +0100] "POST /xmlrpc.php HTTP/1.1" 200 58263 "-" "Jetpack by WordPress.com"
74.7.242.53 - - [16/Jun/2026:22:17:39 +0100] "GET /sitemap_index.xml?fileloc=/home/calderca/public_html/wp-mail.php&path=/home/calderca/public_html HTTP/1.1" 200 5563 "https://www.ack.uk.com/sitemap_index.xml" "Mozilla/5.0 AppleWebKit/537.36 (KHTML, like Gecko; compatible; GPTBot/1.4; +https://openai.com/gptbot)"
74.7.242.53 - - [16/Jun/2026:22:17:41 +0100] "GET /sitemap_index.xml?path=/home/calderca/public_html/wp-admin HTTP/1.1" 200 6552 "https://www.ack.uk.com/sitemap_index.xml" "Mozilla/5.0 AppleWebKit/537.36 (KHTML, like Gecko; compatible; GPTBot/1.4; +https://openai.com/gptbot)"
74.7.242.53 - - [16/Jun/2026:22:17:42 +0100] "GET /sitemap_index.xml?path=/home/calderca/public_html/ebrochure HTTP/1.1" 200 2805 "https://www.ack.uk.com/sitemap_index.xml" "Mozilla/5.0 AppleWebKit/537.36 (KHTML, like Gecko; compatible; GPTBot/1.4; +https://openai.com/gptbot)"
216.73.161.123 - - [16/Jun/2026:22:17:43 +0100] "GET /wp-admin/profile.php HTTP/1.1" 200 6552 "https://www.ack.uk.com/wp-login.php" "Mozilla/5.0 (Macintosh; Intel Mac OS X 13_6_1) AppleWebKit/537.36 (KHTML, like Gecko) Chrome/118.0.0.0 Safari/537.36"
74.7.242.53 - - [16/Jun/2026:22:17:44 +0100] "GET /sitemap_index.xml?fileloc=/home/calderca/public_html/wp-cron.php&path=/home/calderca/public_html HTTP/1.1" 200 4574 "https://www.ack.uk.com/sitemap_index.xml" "Mozilla/5.0 AppleWebKit/537.36 (KHTML, like Gecko; compatible; GPTBot/1.4; +https://openai.com/gptbot)"
74.7.242.53 - - [16/Jun/2026:22:17:46 +0100] "GET /sitemap_index.xml?fileloc=/home/calderca/public_html/wp-links-opml.php&path=/home/calderca/public_html HTTP/1.1" 200 3618 "https://www.ack.uk.com/sitemap_index.xml" "Mozilla/5.0 AppleWebKit/537.36 (KHTML, like Gecko; compatible; GPTBot/1.4; +https://openai.com/gptbot)"
111.235.68.106 - - [16/Jun/2026:22:17:48 +0100] "POST /xmlrpc.php HTTP/1.1" 200 58263 "-" "Jetpack by WordPress.com (Jetpack 12.0; WordPress 6.4)"
173.239.211.244 - - [16/Jun/2026:22:17:48 +0100] "GET /wp-admin/edit.php HTTP/1.1" 200 6552 "https://www.ack.uk.com/wp-login.php" "Mozilla/5.0 (Macintosh; Intel Mac OS X 13_6_1) AppleWebKit/537.36 (KHTML, like Gecko) Chrome/118.0.0.0 Safari/537.36"
74.7.242.53 - - [16/Jun/2026:22:17:48 +0100] "GET /sitemap_index.xml?fileloc=/home/calderca/public_html/.htaccess&path=/home/calderca/public_html HTTP/1.1" 200 2941 "https://www.ack.uk.com/sitemap_index.xml" "Mozilla/5.0 AppleWebKit/537.36 (KHTML, like Gecko; compatible; GPTBot/1.4; +https://openai.com/gptbot)"
74.7.242.53 - - [16/Jun/2026:22:17:49 +0100] "GET /sitemap_index.xml?path=/home/calderca/public_html HTTP/1.1" 200 4039 "https://www.ack.uk.com/sitemap_index.xml" "Mozilla/5.0 AppleWebKit/537.36 (KHTML, like Gecko; compatible; GPTBot/1.4; +https://openai.com/gptbot)"
74.7.242.53 - - [16/Jun/2026:22:17:50 +0100] "GET /sitemap_index.xml?fileloc=//maldet-sigpack.tgz.md5&path=/ HTTP/1.1" 200 2481 "https://www.ack.uk.com/sitemap_index.xml?path=/" "Mozilla/5.0 AppleWebKit/537.36 (KHTML, like Gecko; compatible; GPTBot/1.4; +https://openai.com/gptbot)"
74.7.242.53 - - [16/Jun/2026:22:17:51 +0100] "GET /sitemap_index.xml?path=//lost+found HTTP/1.1" 200 2504 "https://www.ack.uk.com/sitemap_index.xml?path=/" "Mozilla/5.0 AppleWebKit/537.36 (KHTML, like Gecko; compatible; GPTBot/1.4; +https://openai.com/gptbot)"
