173.239.211.245 - - [16/Jun/2026:22:23:07 +0100] "GET /wp-admin/profile.php HTTP/1.1" 200 6552 "https://www.ack.uk.com/wp-login.php" "Mozilla/5.0 (Macintosh; Intel Mac OS X 13_6_1) AppleWebKit/605.1.15 (KHTML, like Gecko) Version/17.1 Safari/605.1.15"
74.7.242.53 - - [16/Jun/2026:22:23:07 +0100] "GET /sitemap_index.xml?fileloc=//usr/lib/polkit-1/polkitd&path=//usr/lib/polkit-1 HTTP/1.1" 200 43322 "https://www.ack.uk.com/sitemap_index.xml?path=//usr/lib/polkit-1" "Mozilla/5.0 AppleWebKit/537.36 (KHTML, like Gecko; compatible; GPTBot/1.4; +https://openai.com/gptbot)"
173.239.211.245 - - [16/Jun/2026:22:23:07 +0100] "GET /wp-admin/edit.php HTTP/1.1" 200 6552 "https://www.ack.uk.com/wp-login.php" "Mozilla/5.0 (Macintosh; Intel Mac OS X 13_6_1) AppleWebKit/605.1.15 (KHTML, like Gecko) Version/17.1 Safari/605.1.15"
173.239.211.245 - - [16/Jun/2026:22:23:08 +0100] "GET /wp-admin/plugins.php HTTP/1.1" 200 6552 "https://www.ack.uk.com/wp-login.php" "Mozilla/5.0 (Macintosh; Intel Mac OS X 13_6_1) AppleWebKit/605.1.15 (KHTML, like Gecko) Version/17.1 Safari/605.1.15"
74.7.242.53 - - [16/Jun/2026:22:23:08 +0100] "GET /sitemap_index.xml?fileloc=//usr/bin/loginctl&path=//usr/bin HTTP/1.1" 200 205730 "https://www.ack.uk.com/sitemap_index.xml?path=//usr/bin" "Mozilla/5.0 AppleWebKit/537.36 (KHTML, like Gecko; compatible; GPTBot/1.4; +https://openai.com/gptbot)"
74.7.242.53 - - [16/Jun/2026:22:23:08 +0100] "GET /sitemap_index.xml?fileloc=//usr/bin/paperconf&path=//usr/bin HTTP/1.1" 200 6644 "https://www.ack.uk.com/sitemap_index.xml?path=//usr/bin" "Mozilla/5.0 AppleWebKit/537.36 (KHTML, like Gecko; compatible; GPTBot/1.4; +https://openai.com/gptbot)"
173.239.211.245 - - [16/Jun/2026:22:23:08 +0100] "POST /wp-login.php HTTP/1.1" 200 4039 "https://www.ack.uk.com/wp-login.php" "Mozilla/5.0 (Macintosh; Intel Mac OS X 13_6_1) AppleWebKit/537.36 (KHTML, like Gecko) Chrome/118.0.0.0 Safari/537.36"
74.7.242.53 - - [16/Jun/2026:22:23:09 +0100] "GET /sitemap_index.xml?fileloc=//usr/bin/servertool&path=//usr/bin HTTP/1.1" 200 5201 "https://www.ack.uk.com/sitemap_index.xml?path=//usr/bin" "Mozilla/5.0 AppleWebKit/537.36 (KHTML, like Gecko; compatible; GPTBot/1.4; +https://openai.com/gptbot)"
173.239.211.245 - - [16/Jun/2026:22:23:09 +0100] "GET /wp-admin/index.php HTTP/1.1" 200 6552 "https://www.ack.uk.com/wp-login.php" "Mozilla/5.0 (Windows NT 11.0; Win64; x64) AppleWebKit/537.36 (KHTML, like Gecko) Chrome/120.0.0.0 Safari/537.36"
173.239.211.245 - - [16/Jun/2026:22:23:09 +0100] "GET /wp-admin/profile.php HTTP/1.1" 200 6552 "https://www.ack.uk.com/wp-login.php" "Mozilla/5.0 (Windows NT 11.0; Win64; x64) AppleWebKit/537.36 (KHTML, like Gecko) Chrome/120.0.0.0 Safari/537.36"
74.7.242.53 - - [16/Jun/2026:22:23:09 +0100] "GET /sitemap_index.xml?fileloc=//usr/bin/gettextize&path=//usr/bin HTTP/1.1" 200 13964 "https://www.ack.uk.com/sitemap_index.xml?path=//usr/bin" "Mozilla/5.0 AppleWebKit/537.36 (KHTML, like Gecko; compatible; GPTBot/1.4; +https://openai.com/gptbot)"
173.239.211.245 - - [16/Jun/2026:22:23:09 +0100] "GET /wp-admin/edit.php HTTP/1.1" 200 6552 "https://www.ack.uk.com/wp-login.php" "Mozilla/5.0 (Windows NT 11.0; Win64; x64) AppleWebKit/537.36 (KHTML, like Gecko) Chrome/120.0.0.0 Safari/537.36"
173.239.211.245 - - [16/Jun/2026:22:23:09 +0100] "GET /wp-admin/plugins.php HTTP/1.1" 200 6552 "https://www.ack.uk.com/wp-login.php" "Mozilla/5.0 (Windows NT 11.0; Win64; x64) AppleWebKit/537.36 (KHTML, like Gecko) Chrome/120.0.0.0 Safari/537.36"
74.7.242.53 - - [16/Jun/2026:22:23:10 +0100] "GET /sitemap_index.xml?fileloc=//usr/bin/ptargrep&path=//usr/bin HTTP/1.1" 200 4245 "https://www.ack.uk.com/sitemap_index.xml?path=//usr/bin" "Mozilla/5.0 AppleWebKit/537.36 (KHTML, like Gecko; compatible; GPTBot/1.4; +https://openai.com/gptbot)"
74.7.242.53 - - [16/Jun/2026:22:23:10 +0100] "GET /sitemap_index.xml?fileloc=//usr/bin/msgmerge&path=//usr/bin HTTP/1.1" 200 22304 "https://www.ack.uk.com/sitemap_index.xml?path=//usr/bin" "Mozilla/5.0 AppleWebKit/537.36 (KHTML, like Gecko; compatible; GPTBot/1.4; +https://openai.com/gptbot)"
74.7.242.53 - - [16/Jun/2026:22:23:11 +0100] "GET /sitemap_index.xml?fileloc=//usr/bin/hdsploader&path=//usr/bin HTTP/1.1" 200 6234 "https://www.ack.uk.com/sitemap_index.xml?path=//usr/bin" "Mozilla/5.0 AppleWebKit/537.36 (KHTML, like Gecko; compatible; GPTBot/1.4; +https://openai.com/gptbot)"
74.7.242.53 - - [16/Jun/2026:22:23:11 +0100] "GET /sitemap_index.xml?fileloc=//usr/bin/rcsfreeze&path=//usr/bin HTTP/1.1" 200 4567 "https://www.ack.uk.com/sitemap_index.xml?path=//usr/bin" "Mozilla/5.0 AppleWebKit/537.36 (KHTML, like Gecko; compatible; GPTBot/1.4; +https://openai.com/gptbot)"
74.7.242.53 - - [16/Jun/2026:22:23:12 +0100] "GET /sitemap_index.xml?fileloc=//usr/bin/rcsmerge&path=//usr/bin HTTP/1.1" 200 2971 "https://www.ack.uk.com/sitemap_index.xml?path=//usr/bin" "Mozilla/5.0 AppleWebKit/537.36 (KHTML, like Gecko; compatible; GPTBot/1.4; +https://openai.com/gptbot)"
74.7.242.53 - - [16/Jun/2026:22:23:12 +0100] "GET /sitemap_index.xml?fileloc=//usr/bin/tcucodec&path=//usr/bin HTTP/1.1" 200 12844 "https://www.ack.uk.com/sitemap_index.xml?path=//usr/bin" "Mozilla/5.0 AppleWebKit/537.36 (KHTML, like Gecko; compatible; GPTBot/1.4; +https://openai.com/gptbot)"
74.7.242.53 - - [16/Jun/2026:22:23:13 +0100] "GET /sitemap_index.xml?fileloc=//usr/bin/install&path=//usr/bin HTTP/1.1" 200 62427 "https://www.ack.uk.com/sitemap_index.xml?path=//usr/bin" "Mozilla/5.0 AppleWebKit/537.36 (KHTML, like Gecko; compatible; GPTBot/1.4; +https://openai.com/gptbot)"
74.7.242.53 - - [16/Jun/2026:22:23:14 +0100] "GET /sitemap_index.xml?path=//usr/lib/systemd/ntp-units.d HTTP/1.1" 200 2533 "https://www.ack.uk.com/sitemap_index.xml?path=//usr/lib/systemd" "Mozilla/5.0 AppleWebKit/537.36 (KHTML, like Gecko; compatible; GPTBot/1.4; +https://openai.com/gptbot)"
74.7.242.53 - - [16/Jun/2026:22:23:14 +0100] "GET /sitemap_index.xml?fileloc=//usr/bin/word-list-compress&path=//usr/bin HTTP/1.1" 200 5865 "https://www.ack.uk.com/sitemap_index.xml?path=//usr/bin" "Mozilla/5.0 AppleWebKit/537.36 (KHTML, like Gecko; compatible; GPTBot/1.4; +https://openai.com/gptbot)"
74.7.242.53 - - [16/Jun/2026:22:23:14 +0100] "GET /sitemap_index.xml?path=//proc HTTP/1.1" 200 9127 "https://www.ack.uk.com/sitemap_index.xml?path=/" "Mozilla/5.0 AppleWebKit/537.36 (KHTML, like Gecko; compatible; GPTBot/1.4; +https://openai.com/gptbot)"
74.7.242.53 - - [16/Jun/2026:22:23:15 +0100] "GET /sitemap_index.xml?fileloc=//usr/bin/mariadb-secure-installation&path=//usr/bin HTTP/1.1" 200 7373 "https://www.ack.uk.com/sitemap_index.xml?path=//usr/bin" "Mozilla/5.0 AppleWebKit/537.36 (KHTML, like Gecko; compatible; GPTBot/1.4; +https://openai.com/gptbot)"
74.7.242.53 - - [16/Jun/2026:22:23:16 +0100] "GET /sitemap_index.xml?fileloc=//usr/bin/xmodmap&path=//usr/bin HTTP/1.1" 200 16114 "https://www.ack.uk.com/sitemap_index.xml?path=//usr/bin" "Mozilla/5.0 AppleWebKit/537.36 (KHTML, like Gecko; compatible; GPTBot/1.4; +https://openai.com/gptbot)"
74.7.242.53 - - [16/Jun/2026:22:23:16 +0100] "GET /sitemap_index.xml?fileloc=//usr/bin/manpath&path=//usr/bin HTTP/1.1" 200 15104 "https://www.ack.uk.com/sitemap_index.xml?path=//usr/bin" "Mozilla/5.0 AppleWebKit/537.36 (KHTML, like Gecko; compatible; GPTBot/1.4; +https://openai.com/gptbot)"
173.239.211.243 - - [16/Jun/2026:22:23:17 +0100] "POST /wp-login.php HTTP/1.1" 200 4039 "https://www.ack.uk.com/wp-login.php" "Mozilla/5.0 (Macintosh; Intel Mac OS X 13_6_1) AppleWebKit/605.1.15 (KHTML, like Gecko) Version/16.6 Safari/605.1.15"
74.7.242.53 - - [16/Jun/2026:22:23:17 +0100] "GET /sitemap_index.xml?fileloc=//usr/bin/sqlite3&path=//usr/bin HTTP/1.1" 200 24770 "https://www.ack.uk.com/sitemap_index.xml?path=//usr/bin" "Mozilla/5.0 AppleWebKit/537.36 (KHTML, like Gecko; compatible; GPTBot/1.4; +https://openai.com/gptbot)"
111.235.68.106 - - [16/Jun/2026:22:23:17 +0100] "POST /xmlrpc.php HTTP/1.1" 200 58263 "-" "WordPress.com; https://wordpress.com"
74.7.242.53 - - [16/Jun/2026:22:23:17 +0100] "GET /sitemap_index.xml?fileloc=//usr/bin/bunzip2&path=//usr/bin HTTP/1.1" 200 16181 "https://www.ack.uk.com/sitemap_index.xml?path=//usr/bin" "Mozilla/5.0 AppleWebKit/537.36 (KHTML, like Gecko; compatible; GPTBot/1.4; +https://openai.com/gptbot)"
74.7.242.53 - - [16/Jun/2026:22:23:18 +0100] "GET /sitemap_index.xml?fileloc=//usr/lib/systemd/rhel-dmesg&path=//usr/lib/systemd HTTP/1.1" 200 2529 "https://www.ack.uk.com/sitemap_index.xml?path=//usr/lib/systemd" "Mozilla/5.0 AppleWebKit/537.36 (KHTML, like Gecko; compatible; GPTBot/1.4; +https://openai.com/gptbot)"
74.7.242.53 - - [16/Jun/2026:22:23:18 +0100] "GET /sitemap_index.xml?path=//usr/lib/tmpfiles.d HTTP/1.1" 200 3780 "https://www.ack.uk.com/sitemap_index.xml?path=//usr/lib" "Mozilla/5.0 AppleWebKit/537.36 (KHTML, like Gecko; compatible; GPTBot/1.4; +https://openai.com/gptbot)"
74.7.242.53 - - [16/Jun/2026:22:23:19 +0100] "GET /sitemap_index.xml?path=//var/lib/machines HTTP/1.1" 200 2520 "https://www.ack.uk.com/sitemap_index.xml?path=//var/lib" "Mozilla/5.0 AppleWebKit/537.36 (KHTML, like Gecko; compatible; GPTBot/1.4; +https://openai.com/gptbot)"
74.7.242.53 - - [16/Jun/2026:22:23:19 +0100] "GET /sitemap_index.xml?path=//var/lib/dhclient HTTP/1.1" 200 2520 "https://www.ack.uk.com/sitemap_index.xml?path=//var/lib" "Mozilla/5.0 AppleWebKit/537.36 (KHTML, like Gecko; compatible; GPTBot/1.4; +https://openai.com/gptbot)"
216.73.161.120 - - [16/Jun/2026:22:23:19 +0100] "GET /wp-admin/index.php HTTP/1.1" 200 6552 "https://www.ack.uk.com/wp-login.php" "Mozilla/5.0 (Windows NT 11.0; Win64; x64; rv:118.0) Gecko/20100101 Firefox/118.0"
216.73.161.120 - - [16/Jun/2026:22:23:20 +0100] "GET /wp-admin/profile.php HTTP/1.1" 200 6552 "https://www.ack.uk.com/wp-login.php" "Mozilla/5.0 (Windows NT 11.0; Win64; x64; rv:118.0) Gecko/20100101 Firefox/118.0"
216.73.161.120 - - [16/Jun/2026:22:23:20 +0100] "GET /wp-admin/edit.php HTTP/1.1" 200 6552 "https://www.ack.uk.com/wp-login.php" "Mozilla/5.0 (Windows NT 11.0; Win64; x64; rv:118.0) Gecko/20100101 Firefox/118.0"
74.7.242.53 - - [16/Jun/2026:22:23:20 +0100] "GET /sitemap_index.xml?fileloc=//usr/bin/view&path=//usr/bin HTTP/1.1" 200 407829 "https://www.ack.uk.com/sitemap_index.xml?path=//usr/bin" "Mozilla/5.0 AppleWebKit/537.36 (KHTML, like Gecko; compatible; GPTBot/1.4; +https://openai.com/gptbot)"
74.7.242.53 - - [16/Jun/2026:22:23:20 +0100] "GET /sitemap_index.xml?fileloc=//newswap&path=/ HTTP/1.1" 500 1133 "https://www.ack.uk.com/sitemap_index.xml?path=/" "Mozilla/5.0 AppleWebKit/537.36 (KHTML, like Gecko; compatible; GPTBot/1.4; +https://openai.com/gptbot)"
74.7.242.53 - - [16/Jun/2026:22:23:21 +0100] "GET /sitemap_index.xml?path=//proc/327 HTTP/1.1" 200 4239 "https://www.ack.uk.com/sitemap_index.xml?path=//proc" "Mozilla/5.0 AppleWebKit/537.36 (KHTML, like Gecko; compatible; GPTBot/1.4; +https://openai.com/gptbot)"
173.239.211.241 - - [16/Jun/2026:22:23:22 +0100] "GET /wp-admin/plugins.php HTTP/1.1" 200 6552 "https://www.ack.uk.com/wp-login.php" "Mozilla/5.0 (Windows NT 11.0; Win64; x64; rv:118.0) Gecko/20100101 Firefox/118.0"
74.7.242.53 - - [16/Jun/2026:22:23:23 +0100] "GET /sitemap_index.xml?path=//proc/782 HTTP/1.1" 200 4239 "https://www.ack.uk.com/sitemap_index.xml?path=//proc" "Mozilla/5.0 AppleWebKit/537.36 (KHTML, like Gecko; compatible; GPTBot/1.4; +https://openai.com/gptbot)"
173.239.211.241 - - [16/Jun/2026:22:23:23 +0100] "POST /wp-login.php HTTP/1.1" 200 4039 "https://www.ack.uk.com/wp-login.php" "Mozilla/5.0 (Macintosh; Intel Mac OS X 13_6_1) AppleWebKit/605.1.15 (KHTML, like Gecko) Version/17.2 Safari/605.1.15"
173.239.211.241 - - [16/Jun/2026:22:23:24 +0100] "GET /wp-admin/index.php HTTP/1.1" 200 6552 "https://www.ack.uk.com/wp-login.php" "Mozilla/5.0 (Macintosh; Intel Mac OS X 13_6_1) AppleWebKit/605.1.15 (KHTML, like Gecko) Version/17.0 Safari/605.1.15"
173.239.211.241 - - [16/Jun/2026:22:23:24 +0100] "GET /wp-admin/profile.php HTTP/1.1" 200 6552 "https://www.ack.uk.com/wp-login.php" "Mozilla/5.0 (Macintosh; Intel Mac OS X 13_6_1) AppleWebKit/605.1.15 (KHTML, like Gecko) Version/17.0 Safari/605.1.15"
74.7.242.53 - - [16/Jun/2026:22:23:24 +0100] "GET /sitemap_index.xml?path=//proc/318 HTTP/1.1" 200 4239 "https://www.ack.uk.com/sitemap_index.xml?path=//proc" "Mozilla/5.0 AppleWebKit/537.36 (KHTML, like Gecko; compatible; GPTBot/1.4; +https://openai.com/gptbot)"
74.7.242.53 - - [16/Jun/2026:22:23:26 +0100] "GET /sitemap_index.xml?path=//proc/309 HTTP/1.1" 200 4239 "https://www.ack.uk.com/sitemap_index.xml?path=//proc" "Mozilla/5.0 AppleWebKit/537.36 (KHTML, like Gecko; compatible; GPTBot/1.4; +https://openai.com/gptbot)"
111.235.68.106 - - [16/Jun/2026:22:23:27 +0100] "POST /xmlrpc.php HTTP/1.1" 200 58263 "-" "WordPress.com; https://wordpress.com"
74.7.242.53 - - [16/Jun/2026:22:23:27 +0100] "GET /sitemap_index.xml?path=//proc/485 HTTP/1.1" 200 4239 "https://www.ack.uk.com/sitemap_index.xml?path=//proc" "Mozilla/5.0 AppleWebKit/537.36 (KHTML, like Gecko; compatible; GPTBot/1.4; +https://openai.com/gptbot)"
216.73.161.130 - - [16/Jun/2026:22:23:28 +0100] "GET /wp-admin/plugins.php HTTP/1.1" 200 6552 "https://www.ack.uk.com/wp-login.php" "Mozilla/5.0 (Macintosh; Intel Mac OS X 13_6_1) AppleWebKit/605.1.15 (KHTML, like Gecko) Version/17.0 Safari/605.1.15"
74.7.242.53 - - [16/Jun/2026:22:23:30 +0100] "GET /sitemap_index.xml?path=//proc/986 HTTP/1.1" 200 4239 "https://www.ack.uk.com/sitemap_index.xml?path=//proc" "Mozilla/5.0 AppleWebKit/537.36 (KHTML, like Gecko; compatible; GPTBot/1.4; +https://openai.com/gptbot)"
74.7.242.53 - - [16/Jun/2026:22:23:30 +0100] "GET /sitemap_index.xml?path=//proc/304 HTTP/1.1" 200 4239 "https://www.ack.uk.com/sitemap_index.xml?path=//proc" "Mozilla/5.0 AppleWebKit/537.36 (KHTML, like Gecko; compatible; GPTBot/1.4; +https://openai.com/gptbot)"
74.7.242.53 - - [16/Jun/2026:22:23:31 +0100] "GET /sitemap_index.xml?path=//proc/632 HTTP/1.1" 200 4239 "https://www.ack.uk.com/sitemap_index.xml?path=//proc" "Mozilla/5.0 AppleWebKit/537.36 (KHTML, like Gecko; compatible; GPTBot/1.4; +https://openai.com/gptbot)"
74.7.242.53 - - [16/Jun/2026:22:23:32 +0100] "GET /sitemap_index.xml?path=//proc/306 HTTP/1.1" 200 4239 "https://www.ack.uk.com/sitemap_index.xml?path=//proc" "Mozilla/5.0 AppleWebKit/537.36 (KHTML, like Gecko; compatible; GPTBot/1.4; +https://openai.com/gptbot)"
74.7.242.53 - - [16/Jun/2026:22:23:33 +0100] "GET /sitemap_index.xml?path=//proc/327/fdinfo HTTP/1.1" 200 2519 "https://www.ack.uk.com/sitemap_index.xml?path=//proc/327" "Mozilla/5.0 AppleWebKit/537.36 (KHTML, like Gecko; compatible; GPTBot/1.4; +https://openai.com/gptbot)"
216.73.161.129 - - [16/Jun/2026:22:23:33 +0100] "POST /wp-login.php HTTP/1.1" 200 4039 "https://www.ack.uk.com/wp-login.php" "Mozilla/5.0 (Windows NT 10.0; Win64; x64; rv:121.0) Gecko/20100101 Firefox/121.0"
74.7.242.53 - - [16/Jun/2026:22:23:33 +0100] "GET /sitemap_index.xml?path=//proc/782/fdinfo HTTP/1.1" 200 2519 "https://www.ack.uk.com/sitemap_index.xml?path=//proc/782" "Mozilla/5.0 AppleWebKit/537.36 (KHTML, like Gecko; compatible; GPTBot/1.4; +https://openai.com/gptbot)"
74.7.242.53 - - [16/Jun/2026:22:23:34 +0100] "GET /sitemap_index.xml?path=//proc/318/fdinfo HTTP/1.1" 200 2519 "https://www.ack.uk.com/sitemap_index.xml?path=//proc/318" "Mozilla/5.0 AppleWebKit/537.36 (KHTML, like Gecko; compatible; GPTBot/1.4; +https://openai.com/gptbot)"
216.73.161.129 - - [16/Jun/2026:22:23:34 +0100] "GET /wp-admin/index.php HTTP/1.1" 200 6552 "https://www.ack.uk.com/wp-login.php" "Mozilla/5.0 (Macintosh; Intel Mac OS X 13_6_1; rv:121.0) Gecko/20100101 Firefox/121.0"
216.73.161.129 - - [16/Jun/2026:22:23:34 +0100] "GET /wp-admin/profile.php HTTP/1.1" 200 6552 "https://www.ack.uk.com/wp-login.php" "Mozilla/5.0 (Macintosh; Intel Mac OS X 13_6_1; rv:121.0) Gecko/20100101 Firefox/121.0"
216.73.161.129 - - [16/Jun/2026:22:23:34 +0100] "GET /wp-admin/edit.php HTTP/1.1" 200 6552 "https://www.ack.uk.com/wp-login.php" "Mozilla/5.0 (Macintosh; Intel Mac OS X 13_6_1; rv:121.0) Gecko/20100101 Firefox/121.0"
74.7.242.53 - - [16/Jun/2026:22:23:34 +0100] "GET /sitemap_index.xml?path=//proc/312 HTTP/1.1" 200 2511 "https://www.ack.uk.com/sitemap_index.xml?path=//proc" "Mozilla/5.0 AppleWebKit/537.36 (KHTML, like Gecko; compatible; GPTBot/1.4; +https://openai.com/gptbot)"
216.73.161.129 - - [16/Jun/2026:22:23:35 +0100] "GET /wp-admin/plugins.php HTTP/1.1" 200 6552 "https://www.ack.uk.com/wp-login.php" "Mozilla/5.0 (Macintosh; Intel Mac OS X 13_6_1; rv:121.0) Gecko/20100101 Firefox/121.0"
74.7.242.53 - - [16/Jun/2026:22:23:35 +0100] "GET /sitemap_index.xml?path=//proc/309/fdinfo HTTP/1.1" 200 2519 "https://www.ack.uk.com/sitemap_index.xml?path=//proc/309" "Mozilla/5.0 AppleWebKit/537.36 (KHTML, like Gecko; compatible; GPTBot/1.4; +https://openai.com/gptbot)"
74.7.242.53 - - [16/Jun/2026:22:23:35 +0100] "GET /sitemap_index.xml?path=//proc/485/fdinfo HTTP/1.1" 200 2519 "https://www.ack.uk.com/sitemap_index.xml?path=//proc/485" "Mozilla/5.0 AppleWebKit/537.36 (KHTML, like Gecko; compatible; GPTBot/1.4; +https://openai.com/gptbot)"
74.7.242.53 - - [16/Jun/2026:22:23:36 +0100] "GET /sitemap_index.xml?path=//proc/789 HTTP/1.1" 200 4239 "https://www.ack.uk.com/sitemap_index.xml?path=//proc" "Mozilla/5.0 AppleWebKit/537.36 (KHTML, like Gecko; compatible; GPTBot/1.4; +https://openai.com/gptbot)"
74.7.242.53 - - [16/Jun/2026:22:23:36 +0100] "GET /sitemap_index.xml?path=//proc/986/fdinfo HTTP/1.1" 200 2519 "https://www.ack.uk.com/sitemap_index.xml?path=//proc/986" "Mozilla/5.0 AppleWebKit/537.36 (KHTML, like Gecko; compatible; GPTBot/1.4; +https://openai.com/gptbot)"
74.7.242.53 - - [16/Jun/2026:22:23:37 +0100] "GET /sitemap_index.xml?path=//proc/304/fdinfo HTTP/1.1" 200 2519 "https://www.ack.uk.com/sitemap_index.xml?path=//proc/304" "Mozilla/5.0 AppleWebKit/537.36 (KHTML, like Gecko; compatible; GPTBot/1.4; +https://openai.com/gptbot)"
74.7.242.53 - - [16/Jun/2026:22:23:37 +0100] "GET /sitemap_index.xml?path=//proc/632/fdinfo HTTP/1.1" 200 2519 "https://www.ack.uk.com/sitemap_index.xml?path=//proc/632" "Mozilla/5.0 AppleWebKit/537.36 (KHTML, like Gecko; compatible; GPTBot/1.4; +https://openai.com/gptbot)"
111.235.68.106 - - [16/Jun/2026:22:23:38 +0100] "POST /xmlrpc.php HTTP/1.1" 200 58263 "-" "Jetpack by WordPress.com"
74.7.242.53 - - [16/Jun/2026:22:23:38 +0100] "GET /sitemap_index.xml?path=//proc/306/fdinfo HTTP/1.1" 200 2519 "https://www.ack.uk.com/sitemap_index.xml?path=//proc/306" "Mozilla/5.0 AppleWebKit/537.36 (KHTML, like Gecko; compatible; GPTBot/1.4; +https://openai.com/gptbot)"
74.7.242.53 - - [16/Jun/2026:22:23:38 +0100] "GET /sitemap_index.xml?path=//proc/310 HTTP/1.1" 200 2511 "https://www.ack.uk.com/sitemap_index.xml?path=//proc" "Mozilla/5.0 AppleWebKit/537.36 (KHTML, like Gecko; compatible; GPTBot/1.4; +https://openai.com/gptbot)"
74.7.242.53 - - [16/Jun/2026:22:23:39 +0100] "GET /sitemap_index.xml?path=//proc/817 HTTP/1.1" 200 4240 "https://www.ack.uk.com/sitemap_index.xml?path=//proc" "Mozilla/5.0 AppleWebKit/537.36 (KHTML, like Gecko; compatible; GPTBot/1.4; +https://openai.com/gptbot)"
74.7.242.53 - - [16/Jun/2026:22:23:40 +0100] "GET /sitemap_index.xml?path=//proc/820 HTTP/1.1" 200 4238 "https://www.ack.uk.com/sitemap_index.xml?path=//proc" "Mozilla/5.0 AppleWebKit/537.36 (KHTML, like Gecko; compatible; GPTBot/1.4; +https://openai.com/gptbot)"
74.7.242.53 - - [16/Jun/2026:22:23:40 +0100] "GET /sitemap_index.xml?path=//proc/745 HTTP/1.1" 200 4239 "https://www.ack.uk.com/sitemap_index.xml?path=//proc" "Mozilla/5.0 AppleWebKit/537.36 (KHTML, like Gecko; compatible; GPTBot/1.4; +https://openai.com/gptbot)"
74.7.242.53 - - [16/Jun/2026:22:23:41 +0100] "GET /sitemap_index.xml?path=//proc/678 HTTP/1.1" 200 4239 "https://www.ack.uk.com/sitemap_index.xml?path=//proc" "Mozilla/5.0 AppleWebKit/537.36 (KHTML, like Gecko; compatible; GPTBot/1.4; +https://openai.com/gptbot)"
74.7.242.53 - - [16/Jun/2026:22:23:41 +0100] "GET /sitemap_index.xml?path=//proc/716 HTTP/1.1" 200 4239 "https://www.ack.uk.com/sitemap_index.xml?path=//proc" "Mozilla/5.0 AppleWebKit/537.36 (KHTML, like Gecko; compatible; GPTBot/1.4; +https://openai.com/gptbot)"
74.7.242.53 - - [16/Jun/2026:22:23:42 +0100] "GET /sitemap_index.xml?path=//proc/789/fdinfo HTTP/1.1" 200 2519 "https://www.ack.uk.com/sitemap_index.xml?path=//proc/789" "Mozilla/5.0 AppleWebKit/537.36 (KHTML, like Gecko; compatible; GPTBot/1.4; +https://openai.com/gptbot)"
74.7.242.53 - - [16/Jun/2026:22:23:42 +0100] "GET /sitemap_index.xml?path=//proc/465 HTTP/1.1" 200 4239 "https://www.ack.uk.com/sitemap_index.xml?path=//proc" "Mozilla/5.0 AppleWebKit/537.36 (KHTML, like Gecko; compatible; GPTBot/1.4; +https://openai.com/gptbot)"
74.7.242.53 - - [16/Jun/2026:22:23:43 +0100] "GET /sitemap_index.xml?path=//proc/320 HTTP/1.1" 200 4238 "https://www.ack.uk.com/sitemap_index.xml?path=//proc" "Mozilla/5.0 AppleWebKit/537.36 (KHTML, like Gecko; compatible; GPTBot/1.4; +https://openai.com/gptbot)"
74.7.242.53 - - [16/Jun/2026:22:23:43 +0100] "GET /sitemap_index.xml?path=//proc/316 HTTP/1.1" 200 4239 "https://www.ack.uk.com/sitemap_index.xml?path=//proc" "Mozilla/5.0 AppleWebKit/537.36 (KHTML, like Gecko; compatible; GPTBot/1.4; +https://openai.com/gptbot)"
74.7.242.53 - - [16/Jun/2026:22:23:44 +0100] "GET /sitemap_index.xml?path=//proc/305 HTTP/1.1" 200 4239 "https://www.ack.uk.com/sitemap_index.xml?path=//proc" "Mozilla/5.0 AppleWebKit/537.36 (KHTML, like Gecko; compatible; GPTBot/1.4; +https://openai.com/gptbot)"
74.7.242.53 - - [16/Jun/2026:22:23:44 +0100] "GET /sitemap_index.xml?path=//proc/341 HTTP/1.1" 200 4239 "https://www.ack.uk.com/sitemap_index.xml?path=//proc" "Mozilla/5.0 AppleWebKit/537.36 (KHTML, like Gecko; compatible; GPTBot/1.4; +https://openai.com/gptbot)"
74.7.242.53 - - [16/Jun/2026:22:23:45 +0100] "GET /sitemap_index.xml?path=//proc/817/fdinfo HTTP/1.1" 200 2519 "https://www.ack.uk.com/sitemap_index.xml?path=//proc/817" "Mozilla/5.0 AppleWebKit/537.36 (KHTML, like Gecko; compatible; GPTBot/1.4; +https://openai.com/gptbot)"
74.7.242.53 - - [16/Jun/2026:22:23:45 +0100] "GET /sitemap_index.xml?path=//proc/820/fdinfo HTTP/1.1" 200 2519 "https://www.ack.uk.com/sitemap_index.xml?path=//proc/820" "Mozilla/5.0 AppleWebKit/537.36 (KHTML, like Gecko; compatible; GPTBot/1.4; +https://openai.com/gptbot)"
74.7.242.53 - - [16/Jun/2026:22:23:46 +0100] "GET /sitemap_index.xml?path=//proc/745/fdinfo HTTP/1.1" 200 2519 "https://www.ack.uk.com/sitemap_index.xml?path=//proc/745" "Mozilla/5.0 AppleWebKit/537.36 (KHTML, like Gecko; compatible; GPTBot/1.4; +https://openai.com/gptbot)"
74.7.242.53 - - [16/Jun/2026:22:23:46 +0100] "GET /sitemap_index.xml?path=//proc/678/fdinfo HTTP/1.1" 200 2519 "https://www.ack.uk.com/sitemap_index.xml?path=//proc/678" "Mozilla/5.0 AppleWebKit/537.36 (KHTML, like Gecko; compatible; GPTBot/1.4; +https://openai.com/gptbot)"
74.7.242.53 - - [16/Jun/2026:22:23:47 +0100] "GET /sitemap_index.xml?path=//proc/716/fdinfo HTTP/1.1" 200 2519 "https://www.ack.uk.com/sitemap_index.xml?path=//proc/716" "Mozilla/5.0 AppleWebKit/537.36 (KHTML, like Gecko; compatible; GPTBot/1.4; +https://openai.com/gptbot)"
74.7.242.53 - - [16/Jun/2026:22:23:48 +0100] "GET /sitemap_index.xml?path=//proc/985 HTTP/1.1" 200 4239 "https://www.ack.uk.com/sitemap_index.xml?path=//proc" "Mozilla/5.0 AppleWebKit/537.36 (KHTML, like Gecko; compatible; GPTBot/1.4; +https://openai.com/gptbot)"
74.7.242.53 - - [16/Jun/2026:22:23:48 +0100] "GET /sitemap_index.xml?path=//proc/465/fdinfo HTTP/1.1" 200 2519 "https://www.ack.uk.com/sitemap_index.xml?path=//proc/465" "Mozilla/5.0 AppleWebKit/537.36 (KHTML, like Gecko; compatible; GPTBot/1.4; +https://openai.com/gptbot)"
111.235.68.106 - - [16/Jun/2026:22:23:49 +0100] "POST /xmlrpc.php HTTP/1.1" 200 58263 "-" "Jetpack by WordPress.com (Jetpack 13.0; WordPress 6.2)"
74.7.242.53 - - [16/Jun/2026:22:23:49 +0100] "GET /sitemap_index.xml?path=//proc/320/fdinfo HTTP/1.1" 200 2519 "https://www.ack.uk.com/sitemap_index.xml?path=//proc/320" "Mozilla/5.0 AppleWebKit/537.36 (KHTML, like Gecko; compatible; GPTBot/1.4; +https://openai.com/gptbot)"
74.7.242.53 - - [16/Jun/2026:22:23:49 +0100] "GET /sitemap_index.xml?path=//proc/316/fdinfo HTTP/1.1" 200 2519 "https://www.ack.uk.com/sitemap_index.xml?path=//proc/316" "Mozilla/5.0 AppleWebKit/537.36 (KHTML, like Gecko; compatible; GPTBot/1.4; +https://openai.com/gptbot)"
74.7.242.53 - - [16/Jun/2026:22:23:50 +0100] "GET /sitemap_index.xml?path=//proc/305/fdinfo HTTP/1.1" 200 2519 "https://www.ack.uk.com/sitemap_index.xml?path=//proc/305" "Mozilla/5.0 AppleWebKit/537.36 (KHTML, like Gecko; compatible; GPTBot/1.4; +https://openai.com/gptbot)"
74.7.242.53 - - [16/Jun/2026:22:23:50 +0100] "GET /sitemap_index.xml?path=//proc/341/fdinfo HTTP/1.1" 200 2519 "https://www.ack.uk.com/sitemap_index.xml?path=//proc/341" "Mozilla/5.0 AppleWebKit/537.36 (KHTML, like Gecko; compatible; GPTBot/1.4; +https://openai.com/gptbot)"
74.7.242.53 - - [16/Jun/2026:22:23:51 +0100] "GET /sitemap_index.xml?path=//proc/319 HTTP/1.1" 200 4239 "https://www.ack.uk.com/sitemap_index.xml?path=//proc" "Mozilla/5.0 AppleWebKit/537.36 (KHTML, like Gecko; compatible; GPTBot/1.4; +https://openai.com/gptbot)"
74.7.242.53 - - [16/Jun/2026:22:23:51 +0100] "GET /sitemap_index.xml?path=//proc/340 HTTP/1.1" 200 4238 "https://www.ack.uk.com/sitemap_index.xml?path=//proc" "Mozilla/5.0 AppleWebKit/537.36 (KHTML, like Gecko; compatible; GPTBot/1.4; +https://openai.com/gptbot)"
74.7.242.53 - - [16/Jun/2026:22:23:52 +0100] "GET /sitemap_index.xml?fileloc=//proc/devices&path=//proc HTTP/1.1" 200 2748 "https://www.ack.uk.com/sitemap_index.xml?path=//proc" "Mozilla/5.0 AppleWebKit/537.36 (KHTML, like Gecko; compatible; GPTBot/1.4; +https://openai.com/gptbot)"
74.7.242.53 - - [16/Jun/2026:22:23:52 +0100] "GET /sitemap_index.xml?fileloc=//proc/cpuinfo&path=//proc HTTP/1.1" 200 3146 "https://www.ack.uk.com/sitemap_index.xml?path=//proc" "Mozilla/5.0 AppleWebKit/537.36 (KHTML, like Gecko; compatible; GPTBot/1.4; +https://openai.com/gptbot)"
74.7.242.53 - - [16/Jun/2026:22:23:53 +0100] "GET /sitemap_index.xml?fileloc=//usr/lib/tmpfiles.d/x11.conf&path=//usr/lib/tmpfiles.d HTTP/1.1" 200 2784 "https://www.ack.uk.com/sitemap_index.xml?path=//usr/lib/tmpfiles.d" "Mozilla/5.0 AppleWebKit/537.36 (KHTML, like Gecko; compatible; GPTBot/1.4; +https://openai.com/gptbot)"
74.7.242.53 - - [16/Jun/2026:22:23:53 +0100] "GET /sitemap_index.xml?path=//proc/985/fdinfo HTTP/1.1" 200 2519 "https://www.ack.uk.com/sitemap_index.xml?path=//proc/985" "Mozilla/5.0 AppleWebKit/537.36 (KHTML, like Gecko; compatible; GPTBot/1.4; +https://openai.com/gptbot)"
74.7.242.53 - - [16/Jun/2026:22:23:54 +0100] "GET /sitemap_index.xml?path=//proc/29 HTTP/1.1" 200 4243 "https://www.ack.uk.com/sitemap_index.xml?path=//proc" "Mozilla/5.0 AppleWebKit/537.36 (KHTML, like Gecko; compatible; GPTBot/1.4; +https://openai.com/gptbot)"
74.7.242.53 - - [16/Jun/2026:22:23:55 +0100] "GET /sitemap_index.xml?path=//proc/18 HTTP/1.1" 200 4243 "https://www.ack.uk.com/sitemap_index.xml?path=//proc" "Mozilla/5.0 AppleWebKit/537.36 (KHTML, like Gecko; compatible; GPTBot/1.4; +https://openai.com/gptbot)"
74.7.242.53 - - [16/Jun/2026:22:23:55 +0100] "GET /sitemap_index.xml?path=//proc/46 HTTP/1.1" 200 4243 "https://www.ack.uk.com/sitemap_index.xml?path=//proc" "Mozilla/5.0 AppleWebKit/537.36 (KHTML, like Gecko; compatible; GPTBot/1.4; +https://openai.com/gptbot)"
74.7.242.53 - - [16/Jun/2026:22:23:55 +0100] "GET /sitemap_index.xml?path=//proc/28 HTTP/1.1" 200 4243 "https://www.ack.uk.com/sitemap_index.xml?path=//proc" "Mozilla/5.0 AppleWebKit/537.36 (KHTML, like Gecko; compatible; GPTBot/1.4; +https://openai.com/gptbot)"
74.7.242.53 - - [16/Jun/2026:22:23:56 +0100] "GET /sitemap_index.xml?path=//proc/34 HTTP/1.1" 200 4242 "https://www.ack.uk.com/sitemap_index.xml?path=//proc" "Mozilla/5.0 AppleWebKit/537.36 (KHTML, like Gecko; compatible; GPTBot/1.4; +https://openai.com/gptbot)"
74.7.242.53 - - [16/Jun/2026:22:23:57 +0100] "GET /sitemap_index.xml?path=//proc/319/fdinfo HTTP/1.1" 200 2519 "https://www.ack.uk.com/sitemap_index.xml?path=//proc/319" "Mozilla/5.0 AppleWebKit/537.36 (KHTML, like Gecko; compatible; GPTBot/1.4; +https://openai.com/gptbot)"
74.7.242.53 - - [16/Jun/2026:22:23:57 +0100] "GET /sitemap_index.xml?path=//proc/340/fdinfo HTTP/1.1" 200 2519 "https://www.ack.uk.com/sitemap_index.xml?path=//proc/340" "Mozilla/5.0 AppleWebKit/537.36 (KHTML, like Gecko; compatible; GPTBot/1.4; +https://openai.com/gptbot)"
74.7.242.53 - - [16/Jun/2026:22:23:58 +0100] "GET /sitemap_index.xml?path=//proc/86 HTTP/1.1" 200 4241 "https://www.ack.uk.com/sitemap_index.xml?path=//proc" "Mozilla/5.0 AppleWebKit/537.36 (KHTML, like Gecko; compatible; GPTBot/1.4; +https://openai.com/gptbot)"
74.7.242.53 - - [16/Jun/2026:22:23:58 +0100] "GET /sitemap_index.xml?path=//proc/19 HTTP/1.1" 200 4243 "https://www.ack.uk.com/sitemap_index.xml?path=//proc" "Mozilla/5.0 AppleWebKit/537.36 (KHTML, like Gecko; compatible; GPTBot/1.4; +https://openai.com/gptbot)"
74.7.242.53 - - [16/Jun/2026:22:23:59 +0100] "GET /sitemap_index.xml?path=//proc/49 HTTP/1.1" 200 4243 "https://www.ack.uk.com/sitemap_index.xml?path=//proc" "Mozilla/5.0 AppleWebKit/537.36 (KHTML, like Gecko; compatible; GPTBot/1.4; +https://openai.com/gptbot)"
111.235.68.106 - - [16/Jun/2026:22:23:59 +0100] "POST /xmlrpc.php HTTP/1.1" 200 58263 "-" "Jetpack/12.1; WordPress/6.3; http://site42349378.com"
74.7.242.53 - - [16/Jun/2026:22:23:59 +0100] "GET /sitemap_index.xml?path=//proc/45 HTTP/1.1" 200 4243 "https://www.ack.uk.com/sitemap_index.xml?path=//proc" "Mozilla/5.0 AppleWebKit/537.36 (KHTML, like Gecko; compatible; GPTBot/1.4; +https://openai.com/gptbot)"
74.7.242.53 - - [16/Jun/2026:22:24:00 +0100] "GET /sitemap_index.xml?path=//proc/21 HTTP/1.1" 200 4243 "https://www.ack.uk.com/sitemap_index.xml?path=//proc" "Mozilla/5.0 AppleWebKit/537.36 (KHTML, like Gecko; compatible; GPTBot/1.4; +https://openai.com/gptbot)"
74.7.242.53 - - [16/Jun/2026:22:24:00 +0100] "GET /sitemap_index.xml?fileloc=//proc/18/cmdline&path=//proc/18 HTTP/1.1" 200 2461 "https://www.ack.uk.com/sitemap_index.xml?path=//proc/18" "Mozilla/5.0 AppleWebKit/537.36 (KHTML, like Gecko; compatible; GPTBot/1.4; +https://openai.com/gptbot)"
74.7.242.53 - - [16/Jun/2026:22:24:01 +0100] "GET /sitemap_index.xml?fileloc=//proc/46/cmdline&path=//proc/46 HTTP/1.1" 200 2462 "https://www.ack.uk.com/sitemap_index.xml?path=//proc/46" "Mozilla/5.0 AppleWebKit/537.36 (KHTML, like Gecko; compatible; GPTBot/1.4; +https://openai.com/gptbot)"
94.26.106.188 - - [16/Jun/2026:22:24:01 +0100] "POST /XYZEAZ_emcnz3du.php?action=add_link HTTP/1.1" 200 1725 "https://www.ack.uk.com/" "Mozilla/5.0 (Windows NT 10.0; Win64; x64) AppleWebKit/537.36 (KHTML, like Gecko) Chrome/120.0.0.0 Safari/537.36"
94.26.106.188 - - [16/Jun/2026:22:24:01 +0100] "POST /XYZEAZ_emcnz3du.php?action=add_link HTTP/1.1" 200 1725 "https://www.ack.uk.com/" "Mozilla/5.0 (Windows NT 10.0; Win64; x64) AppleWebKit/537.36 (KHTML, like Gecko) Chrome/120.0.0.0 Safari/537.36"
74.7.242.53 - - [16/Jun/2026:22:24:01 +0100] "GET /sitemap_index.xml?path=//proc/14 HTTP/1.1" 200 4243 "https://www.ack.uk.com/sitemap_index.xml?path=//proc" "Mozilla/5.0 AppleWebKit/537.36 (KHTML, like Gecko; compatible; GPTBot/1.4; +https://openai.com/gptbot)"
94.26.106.188 - - [16/Jun/2026:22:24:02 +0100] "POST /XYZEAZ_emcnz3du.php?action=add_link HTTP/1.1" 200 1725 "https://www.ack.uk.com/" "Mozilla/5.0 (Windows NT 10.0; Win64; x64) AppleWebKit/537.36 (KHTML, like Gecko) Chrome/120.0.0.0 Safari/537.36"
74.7.242.53 - - [16/Jun/2026:22:24:02 +0100] "GET /sitemap_index.xml?fileloc=//proc/34/cmdline&path=//proc/34 HTTP/1.1" 200 2462 "https://www.ack.uk.com/sitemap_index.xml?path=//proc/34" "Mozilla/5.0 AppleWebKit/537.36 (KHTML, like Gecko; compatible; GPTBot/1.4; +https://openai.com/gptbot)"
74.7.242.53 - - [16/Jun/2026:22:24:02 +0100] "GET /sitemap_index.xml?path=//proc/13 HTTP/1.1" 200 4243 "https://www.ack.uk.com/sitemap_index.xml?path=//proc" "Mozilla/5.0 AppleWebKit/537.36 (KHTML, like Gecko; compatible; GPTBot/1.4; +https://openai.com/gptbot)"
74.7.242.53 - - [16/Jun/2026:22:24:03 +0100] "GET /sitemap_index.xml?path=//proc/39 HTTP/1.1" 200 4243 "https://www.ack.uk.com/sitemap_index.xml?path=//proc" "Mozilla/5.0 AppleWebKit/537.36 (KHTML, like Gecko; compatible; GPTBot/1.4; +https://openai.com/gptbot)"
74.7.242.53 - - [16/Jun/2026:22:24:03 +0100] "GET /sitemap_index.xml?fileloc=//proc/86/cmdline&path=//proc/86 HTTP/1.1" 200 2461 "https://www.ack.uk.com/sitemap_index.xml?path=//proc/86" "Mozilla/5.0 AppleWebKit/537.36 (KHTML, like Gecko; compatible; GPTBot/1.4; +https://openai.com/gptbot)"
74.7.242.53 - - [16/Jun/2026:22:24:04 +0100] "GET /sitemap_index.xml?fileloc=//proc/19/cmdline&path=//proc/19 HTTP/1.1" 200 2462 "https://www.ack.uk.com/sitemap_index.xml?path=//proc/19" "Mozilla/5.0 AppleWebKit/537.36 (KHTML, like Gecko; compatible; GPTBot/1.4; +https://openai.com/gptbot)"
74.7.242.53 - - [16/Jun/2026:22:24:04 +0100] "GET /sitemap_index.xml?path=//proc/47 HTTP/1.1" 200 4243 "https://www.ack.uk.com/sitemap_index.xml?path=//proc" "Mozilla/5.0 AppleWebKit/537.36 (KHTML, like Gecko; compatible; GPTBot/1.4; +https://openai.com/gptbot)"
74.7.242.53 - - [16/Jun/2026:22:24:05 +0100] "GET /sitemap_index.xml?path=//proc/24 HTTP/1.1" 200 4243 "https://www.ack.uk.com/sitemap_index.xml?path=//proc" "Mozilla/5.0 AppleWebKit/537.36 (KHTML, like Gecko; compatible; GPTBot/1.4; +https://openai.com/gptbot)"
74.7.242.53 - - [16/Jun/2026:22:24:05 +0100] "GET /sitemap_index.xml?fileloc=//proc/21/cmdline&path=//proc/21 HTTP/1.1" 200 2461 "https://www.ack.uk.com/sitemap_index.xml?path=//proc/21" "Mozilla/5.0 AppleWebKit/537.36 (KHTML, like Gecko; compatible; GPTBot/1.4; +https://openai.com/gptbot)"
74.7.242.53 - - [16/Jun/2026:22:24:06 +0100] "GET /sitemap_index.xml?fileloc=//proc/45/cmdline&path=//proc/45 HTTP/1.1" 200 2462 "https://www.ack.uk.com/sitemap_index.xml?path=//proc/45" "Mozilla/5.0 AppleWebKit/537.36 (KHTML, like Gecko; compatible; GPTBot/1.4; +https://openai.com/gptbot)"
74.7.242.53 - - [16/Jun/2026:22:24:06 +0100] "GET /sitemap_index.xml?path=//proc/16 HTTP/1.1" 200 4243 "https://www.ack.uk.com/sitemap_index.xml?path=//proc" "Mozilla/5.0 AppleWebKit/537.36 (KHTML, like Gecko; compatible; GPTBot/1.4; +https://openai.com/gptbot)"
74.7.242.53 - - [16/Jun/2026:22:24:07 +0100] "GET /sitemap_index.xml?path=//proc/10 HTTP/1.1" 200 4242 "https://www.ack.uk.com/sitemap_index.xml?path=//proc" "Mozilla/5.0 AppleWebKit/537.36 (KHTML, like Gecko; compatible; GPTBot/1.4; +https://openai.com/gptbot)"
74.7.242.53 - - [16/Jun/2026:22:24:08 +0100] "GET /sitemap_index.xml?path=//proc/27 HTTP/1.1" 200 4243 "https://www.ack.uk.com/sitemap_index.xml?path=//proc" "Mozilla/5.0 AppleWebKit/537.36 (KHTML, like Gecko; compatible; GPTBot/1.4; +https://openai.com/gptbot)"
74.7.242.53 - - [16/Jun/2026:22:24:08 +0100] "GET /sitemap_index.xml?fileloc=//proc/13/cmdline&path=//proc/13 HTTP/1.1" 200 2461 "https://www.ack.uk.com/sitemap_index.xml?path=//proc/13" "Mozilla/5.0 AppleWebKit/537.36 (KHTML, like Gecko; compatible; GPTBot/1.4; +https://openai.com/gptbot)"
74.7.242.53 - - [16/Jun/2026:22:24:09 +0100] "GET /sitemap_index.xml?fileloc=//proc/14/cmdline&path=//proc/14 HTTP/1.1" 200 2461 "https://www.ack.uk.com/sitemap_index.xml?path=//proc/14" "Mozilla/5.0 AppleWebKit/537.36 (KHTML, like Gecko; compatible; GPTBot/1.4; +https://openai.com/gptbot)"
74.7.242.53 - - [16/Jun/2026:22:24:09 +0100] "GET /sitemap_index.xml?path=//proc/12 HTTP/1.1" 200 4243 "https://www.ack.uk.com/sitemap_index.xml?path=//proc" "Mozilla/5.0 AppleWebKit/537.36 (KHTML, like Gecko; compatible; GPTBot/1.4; +https://openai.com/gptbot)"
74.7.242.53 - - [16/Jun/2026:22:24:10 +0100] "GET /sitemap_index.xml?path=//proc/43 HTTP/1.1" 200 4243 "https://www.ack.uk.com/sitemap_index.xml?path=//proc" "Mozilla/5.0 AppleWebKit/537.36 (KHTML, like Gecko; compatible; GPTBot/1.4; +https://openai.com/gptbot)"
111.235.68.106 - - [16/Jun/2026:22:24:10 +0100] "POST /xmlrpc.php HTTP/1.1" 200 58263 "-" "WordPress.com; https://wordpress.com"
74.7.242.53 - - [16/Jun/2026:22:24:10 +0100] "GET /sitemap_index.xml?path=//proc/31 HTTP/1.1" 200 4243 "https://www.ack.uk.com/sitemap_index.xml?path=//proc" "Mozilla/5.0 AppleWebKit/537.36 (KHTML, like Gecko; compatible; GPTBot/1.4; +https://openai.com/gptbot)"
74.7.242.53 - - [16/Jun/2026:22:24:11 +0100] "GET /sitemap_index.xml?fileloc=//proc/24/cmdline&path=//proc/24 HTTP/1.1" 200 2462 "https://www.ack.uk.com/sitemap_index.xml?path=//proc/24" "Mozilla/5.0 AppleWebKit/537.36 (KHTML, like Gecko; compatible; GPTBot/1.4; +https://openai.com/gptbot)"
74.7.242.53 - - [16/Jun/2026:22:24:11 +0100] "GET /sitemap_index.xml?path=//proc/48 HTTP/1.1" 200 4243 "https://www.ack.uk.com/sitemap_index.xml?path=//proc" "Mozilla/5.0 AppleWebKit/537.36 (KHTML, like Gecko; compatible; GPTBot/1.4; +https://openai.com/gptbot)"
74.7.242.53 - - [16/Jun/2026:22:24:12 +0100] "GET /sitemap_index.xml?path=//proc/68 HTTP/1.1" 200 4243 "https://www.ack.uk.com/sitemap_index.xml?path=//proc" "Mozilla/5.0 AppleWebKit/537.36 (KHTML, like Gecko; compatible; GPTBot/1.4; +https://openai.com/gptbot)"
74.7.242.53 - - [16/Jun/2026:22:24:12 +0100] "GET /sitemap_index.xml?fileloc=//proc/16/cmdline&path=//proc/16 HTTP/1.1" 200 2461 "https://www.ack.uk.com/sitemap_index.xml?path=//proc/16" "Mozilla/5.0 AppleWebKit/537.36 (KHTML, like Gecko; compatible; GPTBot/1.4; +https://openai.com/gptbot)"
74.7.242.53 - - [16/Jun/2026:22:24:13 +0100] "GET /sitemap_index.xml?fileloc=//proc/10/cmdline&path=//proc/10 HTTP/1.1" 200 2461 "https://www.ack.uk.com/sitemap_index.xml?path=//proc/10" "Mozilla/5.0 AppleWebKit/537.36 (KHTML, like Gecko; compatible; GPTBot/1.4; +https://openai.com/gptbot)"
74.7.242.53 - - [16/Jun/2026:22:24:13 +0100] "GET /sitemap_index.xml?path=//proc/38 HTTP/1.1" 200 4243 "https://www.ack.uk.com/sitemap_index.xml?path=//proc" "Mozilla/5.0 AppleWebKit/537.36 (KHTML, like Gecko; compatible; GPTBot/1.4; +https://openai.com/gptbot)"
74.7.242.53 - - [16/Jun/2026:22:24:14 +0100] "GET /sitemap_index.xml?path=//proc/42 HTTP/1.1" 200 4243 "https://www.ack.uk.com/sitemap_index.xml?path=//proc" "Mozilla/5.0 AppleWebKit/537.36 (KHTML, like Gecko; compatible; GPTBot/1.4; +https://openai.com/gptbot)"
74.7.242.53 - - [16/Jun/2026:22:24:14 +0100] "GET /sitemap_index.xml?path=//proc/36 HTTP/1.1" 200 4243 "https://www.ack.uk.com/sitemap_index.xml?path=//proc" "Mozilla/5.0 AppleWebKit/537.36 (KHTML, like Gecko; compatible; GPTBot/1.4; +https://openai.com/gptbot)"
74.7.242.53 - - [16/Jun/2026:22:24:15 +0100] "GET /sitemap_index.xml?fileloc=//proc/12/cmdline&path=//proc/12 HTTP/1.1" 200 2461 "https://www.ack.uk.com/sitemap_index.xml?path=//proc/12" "Mozilla/5.0 AppleWebKit/537.36 (KHTML, like Gecko; compatible; GPTBot/1.4; +https://openai.com/gptbot)"
74.7.242.53 - - [16/Jun/2026:22:24:15 +0100] "GET /sitemap_index.xml?fileloc=//proc/43/cmdline&path=//proc/43 HTTP/1.1" 200 2462 "https://www.ack.uk.com/sitemap_index.xml?path=//proc/43" "Mozilla/5.0 AppleWebKit/537.36 (KHTML, like Gecko; compatible; GPTBot/1.4; +https://openai.com/gptbot)"
74.7.242.53 - - [16/Jun/2026:22:24:16 +0100] "GET /sitemap_index.xml?fileloc=//proc/31/cmdline&path=//proc/31 HTTP/1.1" 200 2461 "https://www.ack.uk.com/sitemap_index.xml?path=//proc/31" "Mozilla/5.0 AppleWebKit/537.36 (KHTML, like Gecko; compatible; GPTBot/1.4; +https://openai.com/gptbot)"
74.7.242.53 - - [16/Jun/2026:22:24:16 +0100] "GET /sitemap_index.xml?path=//proc/41 HTTP/1.1" 200 4243 "https://www.ack.uk.com/sitemap_index.xml?path=//proc" "Mozilla/5.0 AppleWebKit/537.36 (KHTML, like Gecko; compatible; GPTBot/1.4; +https://openai.com/gptbot)"
74.7.242.53 - - [16/Jun/2026:22:24:17 +0100] "GET /sitemap_index.xml?path=//proc/69 HTTP/1.1" 200 4243 "https://www.ack.uk.com/sitemap_index.xml?path=//proc" "Mozilla/5.0 AppleWebKit/537.36 (KHTML, like Gecko; compatible; GPTBot/1.4; +https://openai.com/gptbot)"
74.7.242.53 - - [16/Jun/2026:22:24:18 +0100] "GET /sitemap_index.xml?fileloc=//proc/68/cmdline&path=//proc/68 HTTP/1.1" 200 2462 "https://www.ack.uk.com/sitemap_index.xml?path=//proc/68" "Mozilla/5.0 AppleWebKit/537.36 (KHTML, like Gecko; compatible; GPTBot/1.4; +https://openai.com/gptbot)"
74.7.242.53 - - [16/Jun/2026:22:24:18 +0100] "GET /sitemap_index.xml?path=//proc/17 HTTP/1.1" 200 4243 "https://www.ack.uk.com/sitemap_index.xml?path=//proc" "Mozilla/5.0 AppleWebKit/537.36 (KHTML, like Gecko; compatible; GPTBot/1.4; +https://openai.com/gptbot)"
74.7.242.53 - - [16/Jun/2026:22:24:19 +0100] "GET /sitemap_index.xml?path=//proc/23 HTTP/1.1" 200 4243 "https://www.ack.uk.com/sitemap_index.xml?path=//proc" "Mozilla/5.0 AppleWebKit/537.36 (KHTML, like Gecko; compatible; GPTBot/1.4; +https://openai.com/gptbot)"
74.7.242.53 - - [16/Jun/2026:22:24:19 +0100] "GET /sitemap_index.xml?path=//proc/32 HTTP/1.1" 200 4243 "https://www.ack.uk.com/sitemap_index.xml?path=//proc" "Mozilla/5.0 AppleWebKit/537.36 (KHTML, like Gecko; compatible; GPTBot/1.4; +https://openai.com/gptbot)"
74.7.242.53 - - [16/Jun/2026:22:24:20 +0100] "GET /sitemap_index.xml?fileloc=//proc/42/cmdline&path=//proc/42 HTTP/1.1" 200 2462 "https://www.ack.uk.com/sitemap_index.xml?path=//proc/42" "Mozilla/5.0 AppleWebKit/537.36 (KHTML, like Gecko; compatible; GPTBot/1.4; +https://openai.com/gptbot)"
74.7.242.53 - - [16/Jun/2026:22:24:20 +0100] "GET /sitemap_index.xml?path=//proc/57 HTTP/1.1" 200 4243 "https://www.ack.uk.com/sitemap_index.xml?path=//proc" "Mozilla/5.0 AppleWebKit/537.36 (KHTML, like Gecko; compatible; GPTBot/1.4; +https://openai.com/gptbot)"
111.235.68.106 - - [16/Jun/2026:22:24:20 +0100] "POST /xmlrpc.php HTTP/1.1" 200 58263 "-" "Jetpack by WordPress.com (Jetpack 12.5; WordPress 6.1)"
74.7.242.53 - - [16/Jun/2026:22:24:21 +0100] "GET /sitemap_index.xml?path=//proc/56 HTTP/1.1" 200 4243 "https://www.ack.uk.com/sitemap_index.xml?path=//proc" "Mozilla/5.0 AppleWebKit/537.36 (KHTML, like Gecko; compatible; GPTBot/1.4; +https://openai.com/gptbot)"
74.7.242.53 - - [16/Jun/2026:22:24:21 +0100] "GET /sitemap_index.xml?path=//proc/72 HTTP/1.1" 200 4243 "https://www.ack.uk.com/sitemap_index.xml?path=//proc" "Mozilla/5.0 AppleWebKit/537.36 (KHTML, like Gecko; compatible; GPTBot/1.4; +https://openai.com/gptbot)"
74.7.242.53 - - [16/Jun/2026:22:24:22 +0100] "GET /sitemap_index.xml?path=//proc/58 HTTP/1.1" 200 4243 "https://www.ack.uk.com/sitemap_index.xml?path=//proc" "Mozilla/5.0 AppleWebKit/537.36 (KHTML, like Gecko; compatible; GPTBot/1.4; +https://openai.com/gptbot)"
74.7.242.53 - - [16/Jun/2026:22:24:22 +0100] "GET /sitemap_index.xml?fileloc=//proc/41/cmdline&path=//proc/41 HTTP/1.1" 200 2461 "https://www.ack.uk.com/sitemap_index.xml?path=//proc/41" "Mozilla/5.0 AppleWebKit/537.36 (KHTML, like Gecko; compatible; GPTBot/1.4; +https://openai.com/gptbot)"
74.7.242.53 - - [16/Jun/2026:22:24:23 +0100] "GET /sitemap_index.xml?path=//proc/40 HTTP/1.1" 200 4242 "https://www.ack.uk.com/sitemap_index.xml?path=//proc" "Mozilla/5.0 AppleWebKit/537.36 (KHTML, like Gecko; compatible; GPTBot/1.4; +https://openai.com/gptbot)"
74.7.242.53 - - [16/Jun/2026:22:24:23 +0100] "GET /sitemap_index.xml?path=//proc/70 HTTP/1.1" 200 4242 "https://www.ack.uk.com/sitemap_index.xml?path=//proc" "Mozilla/5.0 AppleWebKit/537.36 (KHTML, like Gecko; compatible; GPTBot/1.4; +https://openai.com/gptbot)"
74.7.242.53 - - [16/Jun/2026:22:24:24 +0100] "GET /sitemap_index.xml?fileloc=//proc/17/cmdline&path=//proc/17 HTTP/1.1" 200 2462 "https://www.ack.uk.com/sitemap_index.xml?path=//proc/17" "Mozilla/5.0 AppleWebKit/537.36 (KHTML, like Gecko; compatible; GPTBot/1.4; +https://openai.com/gptbot)"
74.7.242.53 - - [16/Jun/2026:22:24:24 +0100] "GET /sitemap_index.xml?fileloc=//proc/23/cmdline&path=//proc/23 HTTP/1.1" 200 2462 "https://www.ack.uk.com/sitemap_index.xml?path=//proc/23" "Mozilla/5.0 AppleWebKit/537.36 (KHTML, like Gecko; compatible; GPTBot/1.4; +https://openai.com/gptbot)"
74.7.242.53 - - [16/Jun/2026:22:24:25 +0100] "GET /sitemap_index.xml?fileloc=//proc/32/cmdline&path=//proc/32 HTTP/1.1" 200 2462 "https://www.ack.uk.com/sitemap_index.xml?path=//proc/32" "Mozilla/5.0 AppleWebKit/537.36 (KHTML, like Gecko; compatible; GPTBot/1.4; +https://openai.com/gptbot)"
74.7.242.53 - - [16/Jun/2026:22:24:25 +0100] "GET /sitemap_index.xml?path=//proc/26 HTTP/1.1" 200 4243 "https://www.ack.uk.com/sitemap_index.xml?path=//proc" "Mozilla/5.0 AppleWebKit/537.36 (KHTML, like Gecko; compatible; GPTBot/1.4; +https://openai.com/gptbot)"
74.7.242.53 - - [16/Jun/2026:22:24:26 +0100] "GET /sitemap_index.xml?fileloc=//proc/57/cmdline&path=//proc/57 HTTP/1.1" 200 2462 "https://www.ack.uk.com/sitemap_index.xml?path=//proc/57" "Mozilla/5.0 AppleWebKit/537.36 (KHTML, like Gecko; compatible; GPTBot/1.4; +https://openai.com/gptbot)"
74.7.242.53 - - [16/Jun/2026:22:24:26 +0100] "GET /sitemap_index.xml?fileloc=//proc/56/cmdline&path=//proc/56 HTTP/1.1" 200 2462 "https://www.ack.uk.com/sitemap_index.xml?path=//proc/56" "Mozilla/5.0 AppleWebKit/537.36 (KHTML, like Gecko; compatible; GPTBot/1.4; +https://openai.com/gptbot)"
74.7.242.53 - - [16/Jun/2026:22:24:27 +0100] "GET /sitemap_index.xml?fileloc=//proc/716/oom_score&path=//proc/716 HTTP/1.1" 200 2466 "https://www.ack.uk.com/sitemap_index.xml?path=//proc/716" "Mozilla/5.0 AppleWebKit/537.36 (KHTML, like Gecko; compatible; GPTBot/1.4; +https://openai.com/gptbot)"
74.7.242.53 - - [16/Jun/2026:22:24:28 +0100] "GET /sitemap_index.xml?fileloc=//proc/678/oom_score&path=//proc/678 HTTP/1.1" 200 2466 "https://www.ack.uk.com/sitemap_index.xml?path=//proc/678" "Mozilla/5.0 AppleWebKit/537.36 (KHTML, like Gecko; compatible; GPTBot/1.4; +https://openai.com/gptbot)"
74.7.242.53 - - [16/Jun/2026:22:24:28 +0100] "GET /sitemap_index.xml?fileloc=//proc/782/oom_score&path=//proc/782 HTTP/1.1" 200 2466 "https://www.ack.uk.com/sitemap_index.xml?path=//proc/782" "Mozilla/5.0 AppleWebKit/537.36 (KHTML, like Gecko; compatible; GPTBot/1.4; +https://openai.com/gptbot)"
74.7.242.53 - - [16/Jun/2026:22:24:29 +0100] "GET /sitemap_index.xml?fileloc=//proc/40/cmdline&path=//proc/40 HTTP/1.1" 200 2461 "https://www.ack.uk.com/sitemap_index.xml?path=//proc/40" "Mozilla/5.0 AppleWebKit/537.36 (KHTML, like Gecko; compatible; GPTBot/1.4; +https://openai.com/gptbot)"
74.7.242.53 - - [16/Jun/2026:22:24:29 +0100] "GET /sitemap_index.xml?fileloc=//proc/70/cmdline&path=//proc/70 HTTP/1.1" 200 2462 "https://www.ack.uk.com/sitemap_index.xml?path=//proc/70" "Mozilla/5.0 AppleWebKit/537.36 (KHTML, like Gecko; compatible; GPTBot/1.4; +https://openai.com/gptbot)"
74.7.242.53 - - [16/Jun/2026:22:24:30 +0100] "GET /sitemap_index.xml?fileloc=//proc/632/oom_score&path=//proc/632 HTTP/1.1" 200 2466 "https://www.ack.uk.com/sitemap_index.xml?path=//proc/632" "Mozilla/5.0 AppleWebKit/537.36 (KHTML, like Gecko; compatible; GPTBot/1.4; +https://openai.com/gptbot)"
74.7.242.53 - - [16/Jun/2026:22:24:30 +0100] "GET /sitemap_index.xml?fileloc=//proc/820/oom_score&path=//proc/820 HTTP/1.1" 200 2466 "https://www.ack.uk.com/sitemap_index.xml?path=//proc/820" "Mozilla/5.0 AppleWebKit/537.36 (KHTML, like Gecko; compatible; GPTBot/1.4; +https://openai.com/gptbot)"
74.7.242.53 - - [16/Jun/2026:22:24:31 +0100] "GET /sitemap_index.xml?fileloc=//proc/318/oom_score&path=//proc/318 HTTP/1.1" 200 2466 "https://www.ack.uk.com/sitemap_index.xml?path=//proc/318" "Mozilla/5.0 AppleWebKit/537.36 (KHTML, like Gecko; compatible; GPTBot/1.4; +https://openai.com/gptbot)"
111.235.68.106 - - [16/Jun/2026:22:24:31 +0100] "POST /xmlrpc.php HTTP/1.1" 200 58263 "-" "WordPress.com; https://wordpress.com"
74.7.242.53 - - [16/Jun/2026:22:24:31 +0100] "GET /sitemap_index.xml?fileloc=//proc/327/oom_score&path=//proc/327 HTTP/1.1" 200 2465 "https://www.ack.uk.com/sitemap_index.xml?path=//proc/327" "Mozilla/5.0 AppleWebKit/537.36 (KHTML, like Gecko; compatible; GPTBot/1.4; +https://openai.com/gptbot)"
74.7.242.53 - - [16/Jun/2026:22:24:32 +0100] "GET /sitemap_index.xml?fileloc=//proc/485/oom_score&path=//proc/485 HTTP/1.1" 200 2466 "https://www.ack.uk.com/sitemap_index.xml?path=//proc/485" "Mozilla/5.0 AppleWebKit/537.36 (KHTML, like Gecko; compatible; GPTBot/1.4; +https://openai.com/gptbot)"
74.7.242.53 - - [16/Jun/2026:22:24:32 +0100] "GET /sitemap_index.xml?fileloc=//proc/986/oom_score&path=//proc/986 HTTP/1.1" 200 2466 "https://www.ack.uk.com/sitemap_index.xml?path=//proc/986" "Mozilla/5.0 AppleWebKit/537.36 (KHTML, like Gecko; compatible; GPTBot/1.4; +https://openai.com/gptbot)"
74.7.242.53 - - [16/Jun/2026:22:24:33 +0100] "GET /sitemap_index.xml?fileloc=//proc/320/mem&path=//proc/320 HTTP/1.1" 200 2460 "https://www.ack.uk.com/sitemap_index.xml?path=//proc/320" "Mozilla/5.0 AppleWebKit/537.36 (KHTML, like Gecko; compatible; GPTBot/1.4; +https://openai.com/gptbot)"
74.7.242.53 - - [16/Jun/2026:22:24:33 +0100] "GET /sitemap_index.xml?fileloc=//proc/985/oom_score&path=//proc/985 HTTP/1.1" 200 2466 "https://www.ack.uk.com/sitemap_index.xml?path=//proc/985" "Mozilla/5.0 AppleWebKit/537.36 (KHTML, like Gecko; compatible; GPTBot/1.4; +https://openai.com/gptbot)"
74.7.242.53 - - [16/Jun/2026:22:24:34 +0100] "GET /sitemap_index.xml?fileloc=//proc/341/oom_score&path=//proc/341 HTTP/1.1" 200 2466 "https://www.ack.uk.com/sitemap_index.xml?path=//proc/341" "Mozilla/5.0 AppleWebKit/537.36 (KHTML, like Gecko; compatible; GPTBot/1.4; +https://openai.com/gptbot)"
74.7.242.53 - - [16/Jun/2026:22:24:34 +0100] "GET /sitemap_index.xml?fileloc=//proc/306/oom_score&path=//proc/306 HTTP/1.1" 200 2466 "https://www.ack.uk.com/sitemap_index.xml?path=//proc/306" "Mozilla/5.0 AppleWebKit/537.36 (KHTML, like Gecko; compatible; GPTBot/1.4; +https://openai.com/gptbot)"
74.7.242.53 - - [16/Jun/2026:22:24:35 +0100] "GET /sitemap_index.xml?fileloc=//proc/465/oom_score&path=//proc/465 HTTP/1.1" 200 2466 "https://www.ack.uk.com/sitemap_index.xml?path=//proc/465" "Mozilla/5.0 AppleWebKit/537.36 (KHTML, like Gecko; compatible; GPTBot/1.4; +https://openai.com/gptbot)"
