201.182.250.217 - - [16/Jun/2026:20:10:12 +0100] "POST /xmlrpc.php HTTP/1.1" 200 53720 "-" "Jetpack by WordPress.com"
201.182.250.217 - - [16/Jun/2026:20:10:27 +0100] "POST /xmlrpc.php HTTP/1.1" 200 53720 "-" "Jetpack by WordPress.com (Jetpack 12.1; WordPress 6.4)"
201.182.250.217 - - [16/Jun/2026:20:10:38 +0100] "POST /xmlrpc.php HTTP/1.1" 200 53720 "-" "WordPress.com; https://wordpress.com"
201.182.250.217 - - [16/Jun/2026:20:10:50 +0100] "POST /xmlrpc.php HTTP/1.1" 200 53720 "-" "Jetpack/13.0; WordPress/6.2; http://site25740908.com"
45.61.185.32 - - [16/Jun/2026:20:10:56 +0100] "GET /wp-login.php HTTP/1.1" 200 53720 "-" "Mozilla/5.0 (Macintosh; Intel Mac OS X 10.9; rv:30.0) Gecko/20100101 Firefox/30.0"
201.182.250.217 - - [16/Jun/2026:20:11:03 +0100] "POST /xmlrpc.php HTTP/1.1" 200 53720 "-" "WordPress.com; https://wordpress.com"
201.182.250.217 - - [16/Jun/2026:20:11:17 +0100] "POST /xmlrpc.php HTTP/1.1" 200 53720 "-" "Jetpack/12.1; WordPress/6.3; http://site24833030.com"
201.182.250.217 - - [16/Jun/2026:20:11:30 +0100] "POST /xmlrpc.php HTTP/1.1" 200 53720 "-" "Jetpack by WordPress.com (Jetpack 12.5; WordPress 6.3)"
66.249.79.6 - - [16/Jun/2026:20:11:32 +0100] "GET /m36696660873?path=/ HTTP/1.1" 200 4208 "-" "Mozilla/5.0 (Linux; Android 6.0.1; Nexus 5X Build/MMB29P) AppleWebKit/537.36 (KHTML, like Gecko) Chrome/148.0.7778.96 Mobile Safari/537.36 (compatible; GoogleOther)"
201.182.250.217 - - [16/Jun/2026:20:11:42 +0100] "POST /xmlrpc.php HTTP/1.1" 200 53720 "-" "Jetpack/12.0; WordPress/6.2; http://site21450244.com"
201.182.250.217 - - [16/Jun/2026:20:11:55 +0100] "POST /xmlrpc.php HTTP/1.1" 200 53720 "-" "WordPress.com; https://wordpress.com"
201.182.250.217 - - [16/Jun/2026:20:12:08 +0100] "POST /xmlrpc.php HTTP/1.1" 200 53720 "-" "Jetpack by WordPress.com (Jetpack 12.5; WordPress 6.2)"
201.182.250.217 - - [16/Jun/2026:20:12:22 +0100] "POST /xmlrpc.php HTTP/1.1" 200 53720 "-" "Jetpack by WordPress.com"
201.182.250.217 - - [16/Jun/2026:20:12:35 +0100] "POST /xmlrpc.php HTTP/1.1" 200 53720 "-" "Jetpack/12.5; WordPress/6.2; http://site96824104.com"
201.182.250.217 - - [16/Jun/2026:20:12:48 +0100] "POST /xmlrpc.php HTTP/1.1" 200 53720 "-" "Jetpack by WordPress.com"
201.182.250.217 - - [16/Jun/2026:20:13:01 +0100] "POST /xmlrpc.php HTTP/1.1" 200 53720 "-" "Jetpack by WordPress.com (Jetpack 13.0; WordPress 6.2)"
201.182.250.217 - - [16/Jun/2026:20:13:15 +0100] "POST /xmlrpc.php HTTP/1.1" 200 53720 "-" "Jetpack by WordPress.com"
201.182.250.217 - - [16/Jun/2026:20:13:29 +0100] "POST /xmlrpc.php HTTP/1.1" 200 53720 "-" "Jetpack by WordPress.com"
201.182.250.217 - - [16/Jun/2026:20:13:44 +0100] "POST /xmlrpc.php HTTP/1.1" 200 53720 "-" "Jetpack/12.5; WordPress/6.4; http://site70780927.com"
201.182.250.217 - - [16/Jun/2026:20:13:54 +0100] "POST /xmlrpc.php HTTP/1.1" 200 53720 "-" "WordPress.com; https://wordpress.com"
201.182.250.217 - - [16/Jun/2026:20:14:08 +0100] "POST /xmlrpc.php HTTP/1.1" 200 53720 "-" "Jetpack by WordPress.com"
201.182.250.217 - - [16/Jun/2026:20:14:19 +0100] "POST /xmlrpc.php HTTP/1.1" 200 53720 "-" "Jetpack/12.0; WordPress/6.1; http://site76084856.com"
201.182.250.217 - - [16/Jun/2026:20:14:32 +0100] "POST /xmlrpc.php HTTP/1.1" 200 53720 "-" "Jetpack/12.5; WordPress/6.2; http://site87163779.com"
78.47.205.130 - - [16/Jun/2026:20:14:36 +0100] "GET / HTTP/1.1" 200 53720 "-" "Mozilla/5.0 (Macintosh; Intel Mac OS X 10_15_7) AppleWebKit/537.36 (KHTML, like Gecko) Chrome/93.0.4577.0 Safari/537.36"
201.182.250.217 - - [16/Jun/2026:20:14:45 +0100] "POST /xmlrpc.php HTTP/1.1" 200 53720 "-" "Jetpack by WordPress.com (Jetpack 12.0; WordPress 6.2)"
78.142.18.172 - - [16/Jun/2026:20:14:49 +0100] "GET /wp-login.php HTTP/1.1" 200 3894 "-" "Mozilla/5.0 (X11; Linux i686) AppleWebKit/537.36 (KHTML, like Gecko) Chrome/133.0.0.0 Safari/537.36"
78.142.18.172 - - [16/Jun/2026:20:14:49 +0100] "POST /wp-login.php HTTP/1.1" 200 3894 "https://ack.uk.com/wp-login.php" "Mozilla/5.0 (X11; Linux i686) AppleWebKit/537.36 (KHTML, like Gecko) Chrome/133.0.0.0 Safari/537.36"
201.182.250.217 - - [16/Jun/2026:20:14:58 +0100] "POST /xmlrpc.php HTTP/1.1" 200 53720 "-" "WordPress.com; https://wordpress.com"
201.182.250.217 - - [16/Jun/2026:20:15:13 +0100] "POST /xmlrpc.php HTTP/1.1" 200 53720 "-" "WordPress.com; https://wordpress.com"
201.182.250.217 - - [16/Jun/2026:20:15:24 +0100] "POST /xmlrpc.php HTTP/1.1" 200 53720 "-" "Jetpack by WordPress.com (Jetpack 12.5; WordPress 6.4)"
201.182.250.217 - - [16/Jun/2026:20:15:37 +0100] "POST /xmlrpc.php HTTP/1.1" 200 53720 "-" "Jetpack/12.5; WordPress/6.4; http://site20936828.com"
45.168.89.150 - - [16/Jun/2026:20:15:40 +0100] "POST /xmlrpc.php HTTP/1.1" 200 53720 "-" "Jetpack by WordPress.com"
201.182.250.217 - - [16/Jun/2026:20:15:50 +0100] "POST /xmlrpc.php HTTP/1.1" 200 53720 "-" "Jetpack/13.0; WordPress/6.2; http://site63702091.com"
45.168.89.150 - - [16/Jun/2026:20:16:02 +0100] "POST /xmlrpc.php HTTP/1.1" 200 53720 "-" "WordPress.com; https://wordpress.com"
201.182.250.217 - - [16/Jun/2026:20:16:03 +0100] "POST /xmlrpc.php HTTP/1.1" 200 53720 "-" "Jetpack by WordPress.com"
45.168.89.150 - - [16/Jun/2026:20:16:15 +0100] "POST /xmlrpc.php HTTP/1.1" 200 53720 "-" "Jetpack by WordPress.com"
201.182.250.217 - - [16/Jun/2026:20:16:16 +0100] "POST /xmlrpc.php HTTP/1.1" 200 53720 "-" "Jetpack/12.0; WordPress/6.3; http://site43610715.com"
45.168.89.150 - - [16/Jun/2026:20:16:24 +0100] "POST /xmlrpc.php HTTP/1.1" 200 53720 "-" "Jetpack by WordPress.com"
201.182.250.217 - - [16/Jun/2026:20:16:30 +0100] "POST /xmlrpc.php HTTP/1.1" 200 53720 "-" "Jetpack by WordPress.com (Jetpack 12.5; WordPress 6.3)"
45.168.89.150 - - [16/Jun/2026:20:16:34 +0100] "POST /xmlrpc.php HTTP/1.1" 200 53720 "-" "Jetpack by WordPress.com"
66.249.79.238 - - [16/Jun/2026:20:16:39 +0100] "GET /m83026695119 HTTP/1.1" 200 3894 "-" "Mozilla/5.0 (Linux; Android 6.0.1; Nexus 5X Build/MMB29P) AppleWebKit/537.36 (KHTML, like Gecko) Chrome/148.0.7778.96 Mobile Safari/537.36 (compatible; Googlebot/2.1; +http://www.google.com/bot.html)"
201.182.250.217 - - [16/Jun/2026:20:16:43 +0100] "POST /xmlrpc.php HTTP/1.1" 200 53720 "-" "Jetpack by WordPress.com"
205.185.124.128 - - [16/Jun/2026:20:16:46 +0100] "GET /wp-login.php HTTP/1.1" 200 53720 "-" "Mozilla/5.0 (iPhone; CPU iPhone OS 7_1_2 like Mac OS X) AppleWebKit/537.51.2 (KHTML, like Gecko) Version/7.0 Mobile/11D257 Safari/9537.53"
45.168.89.150 - - [16/Jun/2026:20:16:47 +0100] "POST /xmlrpc.php HTTP/1.1" 200 53720 "-" "Jetpack by WordPress.com (Jetpack 12.5; WordPress 6.3)"
66.249.79.238 - - [16/Jun/2026:20:16:52 +0100] "GET /shop/goods/cluster018006593.html HTTP/1.1" 200 3894 "-" "Mozilla/5.0 (Linux; Android 6.0.1; Nexus 5X Build/MMB29P) AppleWebKit/537.36 (KHTML, like Gecko) Chrome/148.0.7778.96 Mobile Safari/537.36 (compatible; Googlebot/2.1; +http://www.google.com/bot.html)"
201.182.250.217 - - [16/Jun/2026:20:16:55 +0100] "POST /xmlrpc.php HTTP/1.1" 200 53720 "-" "Jetpack by WordPress.com"
201.182.250.217 - - [16/Jun/2026:20:17:09 +0100] "POST /xmlrpc.php HTTP/1.1" 200 53720 "-" "Jetpack by WordPress.com (Jetpack 13.0; WordPress 6.4)"
201.182.250.217 - - [16/Jun/2026:20:17:23 +0100] "POST /xmlrpc.php HTTP/1.1" 200 53720 "-" "WordPress.com; https://wordpress.com"
45.168.89.150 - - [16/Jun/2026:20:17:27 +0100] "POST /xmlrpc.php HTTP/1.1" 200 53720 "-" "Jetpack/13.0; WordPress/6.4; http://site57018037.com"
201.182.250.217 - - [16/Jun/2026:20:17:36 +0100] "POST /xmlrpc.php HTTP/1.1" 200 53720 "-" "Jetpack by WordPress.com (Jetpack 12.5; WordPress 6.1)"
66.249.79.238 - - [16/Jun/2026:20:17:37 +0100] "GET /?detail/186005369774 HTTP/1.1" 200 3894 "-" "Mozilla/5.0 (Linux; Android 6.0.1; Nexus 5X Build/MMB29P) AppleWebKit/537.36 (KHTML, like Gecko) Chrome/148.0.7778.96 Mobile Safari/537.36 (compatible; Googlebot/2.1; +http://www.google.com/bot.html)"
201.182.250.217 - - [16/Jun/2026:20:17:47 +0100] "POST /xmlrpc.php HTTP/1.1" 200 53720 "-" "WordPress.com; https://wordpress.com"
66.249.79.238 - - [16/Jun/2026:20:17:52 +0100] "GET /m63790743804 HTTP/1.1" 200 3894 "-" "Mozilla/5.0 (Linux; Android 6.0.1; Nexus 5X Build/MMB29P) AppleWebKit/537.36 (KHTML, like Gecko) Chrome/148.0.7778.96 Mobile Safari/537.36 (compatible; Googlebot/2.1; +http://www.google.com/bot.html)"
201.182.250.217 - - [16/Jun/2026:20:18:00 +0100] "POST /xmlrpc.php HTTP/1.1" 200 53720 "-" "Jetpack/12.0; WordPress/6.3; http://site15929299.com"
45.168.89.150 - - [16/Jun/2026:20:18:01 +0100] "POST /xmlrpc.php HTTP/1.1" 200 53720 "-" "Jetpack by WordPress.com"
66.249.79.238 - - [16/Jun/2026:20:18:08 +0100] "GET /?detail/1740170523119 HTTP/1.1" 200 3894 "-" "Mozilla/5.0 (Linux; Android 6.0.1; Nexus 5X Build/MMB29P) AppleWebKit/537.36 (KHTML, like Gecko) Chrome/148.0.7778.96 Mobile Safari/537.36 (compatible; Googlebot/2.1; +http://www.google.com/bot.html)"
45.168.89.150 - - [16/Jun/2026:20:18:09 +0100] "POST /xmlrpc.php HTTP/1.1" 200 53720 "-" "WordPress.com; https://wordpress.com"
201.182.250.217 - - [16/Jun/2026:20:18:13 +0100] "POST /xmlrpc.php HTTP/1.1" 200 53720 "-" "WordPress.com; https://wordpress.com"
66.249.79.238 - - [16/Jun/2026:20:18:24 +0100] "GET /?detail/0210108282364 HTTP/1.1" 200 3894 "-" "Mozilla/5.0 (Linux; Android 6.0.1; Nexus 5X Build/MMB29P) AppleWebKit/537.36 (KHTML, like Gecko) Chrome/148.0.7778.96 Mobile Safari/537.36 (compatible; Googlebot/2.1; +http://www.google.com/bot.html)"
201.182.250.217 - - [16/Jun/2026:20:18:26 +0100] "POST /xmlrpc.php HTTP/1.1" 200 53720 "-" "Jetpack by WordPress.com (Jetpack 13.0; WordPress 6.2)"
45.168.89.150 - - [16/Jun/2026:20:18:30 +0100] "POST /xmlrpc.php HTTP/1.1" 200 53720 "-" "Jetpack by WordPress.com"
201.182.250.217 - - [16/Jun/2026:20:18:38 +0100] "POST /xmlrpc.php HTTP/1.1" 200 53720 "-" "Jetpack/13.0; WordPress/6.4; http://site78594467.com"
201.182.250.217 - - [16/Jun/2026:20:18:52 +0100] "POST /xmlrpc.php HTTP/1.1" 200 53720 "-" "Jetpack/13.0; WordPress/6.2; http://site69880348.com"
66.249.79.238 - - [16/Jun/2026:20:18:56 +0100] "GET /m14508225605?fileloc=/home/calderca/public_html/license.txt&path=/home/calderca/public_html HTTP/1.1" 200 9814 "-" "Mozilla/5.0 (Linux; Android 6.0.1; Nexus 5X Build/MMB29P) AppleWebKit/537.36 (KHTML, like Gecko) Chrome/148.0.7778.96 Mobile Safari/537.36 (compatible; GoogleOther)"
201.182.250.217 - - [16/Jun/2026:20:19:05 +0100] "POST /xmlrpc.php HTTP/1.1" 200 53720 "-" "Jetpack by WordPress.com"
66.249.79.238 - - [16/Jun/2026:20:19:14 +0100] "GET /?detail/021001815878 HTTP/1.1" 200 3894 "-" "Mozilla/5.0 (Linux; Android 6.0.1; Nexus 5X Build/MMB29P) AppleWebKit/537.36 (KHTML, like Gecko) Chrome/148.0.7778.96 Mobile Safari/537.36 (compatible; Googlebot/2.1; +http://www.google.com/bot.html)"
45.168.89.150 - - [16/Jun/2026:20:19:48 +0100] "POST /xmlrpc.php HTTP/1.1" 200 53720 "-" "Jetpack by WordPress.com (Jetpack 12.5; WordPress 6.3)"
45.168.89.150 - - [16/Jun/2026:20:19:57 +0100] "POST /xmlrpc.php HTTP/1.1" 200 53720 "-" "Jetpack/12.1; WordPress/6.2; http://site23807828.com"
66.249.79.238 - - [16/Jun/2026:20:20:04 +0100] "GET /?goods/221001342 HTTP/1.1" 200 3894 "-" "Mozilla/5.0 (Linux; Android 6.0.1; Nexus 5X Build/MMB29P) AppleWebKit/537.36 (KHTML, like Gecko) Chrome/148.0.7778.96 Mobile Safari/537.36 (compatible; Googlebot/2.1; +http://www.google.com/bot.html)"
45.168.89.150 - - [16/Jun/2026:20:20:10 +0100] "POST /xmlrpc.php HTTP/1.1" 200 53720 "-" "Jetpack by WordPress.com"
45.168.89.150 - - [16/Jun/2026:20:20:28 +0100] "POST /xmlrpc.php HTTP/1.1" 200 53720 "-" "Jetpack by WordPress.com"
66.249.79.238 - - [16/Jun/2026:20:20:36 +0100] "GET /m28049202481?fileloc=/home/calderca/public_html/llms.txt&path=/home/calderca/public_html HTTP/1.1" 200 3238 "-" "Mozilla/5.0 (Linux; Android 6.0.1; Nexus 5X Build/MMB29P) AppleWebKit/537.36 (KHTML, like Gecko) Chrome/148.0.7778.96 Mobile Safari/537.36 (compatible; GoogleOther)"
45.168.89.150 - - [16/Jun/2026:20:20:40 +0100] "POST /xmlrpc.php HTTP/1.1" 200 53720 "-" "Jetpack/12.0; WordPress/6.3; http://site10730011.com"
216.73.217.61 - - [16/Jun/2026:20:21:06 +0100] "GET /robots.txt HTTP/1.1" 200 3894 "-" "Mozilla/5.0 AppleWebKit/537.36 (KHTML, like Gecko; compatible; ClaudeBot/1.0; +claudebot@anthropic.com)"
216.73.217.61 - - [16/Jun/2026:20:21:06 +0100] "GET /sitemap_index.xml HTTP/1.1" 200 3894 "-" "Mozilla/5.0 AppleWebKit/537.36 (KHTML, like Gecko; compatible; ClaudeBot/1.0; +claudebot@anthropic.com)"
66.249.79.225 - - [16/Jun/2026:20:21:09 +0100] "GET /?goods/116007800 HTTP/1.1" 200 3894 "-" "Mozilla/5.0 (Linux; Android 6.0.1; Nexus 5X Build/MMB29P) AppleWebKit/537.36 (KHTML, like Gecko) Chrome/148.0.7778.96 Mobile Safari/537.36 (compatible; Googlebot/2.1; +http://www.google.com/bot.html)"
45.168.89.150 - - [16/Jun/2026:20:21:11 +0100] "POST /xmlrpc.php HTTP/1.1" 200 53720 "-" "Jetpack/13.0; WordPress/6.3; http://site74287220.com"
45.168.89.150 - - [16/Jun/2026:20:21:21 +0100] "POST /xmlrpc.php HTTP/1.1" 200 53720 "-" "Jetpack/12.1; WordPress/6.4; http://site99233042.com"
45.168.89.150 - - [16/Jun/2026:20:22:15 +0100] "POST /xmlrpc.php HTTP/1.1" 200 53720 "-" "WordPress.com; https://wordpress.com"
45.168.89.150 - - [16/Jun/2026:20:22:25 +0100] "POST /xmlrpc.php HTTP/1.1" 200 53720 "-" "Jetpack by WordPress.com (Jetpack 12.1; WordPress 6.2)"
176.61.149.165 - - [16/Jun/2026:20:22:45 +0100] "GET /wp-login.php HTTP/1.1" 200 3894 "-" "Mozilla/5.0 (X11; CrOS x86_64 14541.0.0) AppleWebKit/537.36 (KHTML, like Gecko) Chrome/133.0.0.0 Safari/537.36"
176.61.149.165 - - [16/Jun/2026:20:22:46 +0100] "POST /wp-login.php HTTP/1.1" 200 3894 "https://ack.uk.com/wp-login.php" "Mozilla/5.0 (X11; CrOS x86_64 14541.0.0) AppleWebKit/537.36 (KHTML, like Gecko) Chrome/133.0.0.0 Safari/537.36"
45.168.89.150 - - [16/Jun/2026:20:23:09 +0100] "POST /xmlrpc.php HTTP/1.1" 200 53720 "-" "Jetpack by WordPress.com"
45.168.89.150 - - [16/Jun/2026:20:23:29 +0100] "POST /xmlrpc.php HTTP/1.1" 200 53720 "-" "Jetpack by WordPress.com (Jetpack 12.5; WordPress 6.1)"
45.168.89.150 - - [16/Jun/2026:20:23:54 +0100] "POST /xmlrpc.php HTTP/1.1" 200 53720 "-" "Jetpack by WordPress.com"
45.168.89.150 - - [16/Jun/2026:20:24:13 +0100] "POST /xmlrpc.php HTTP/1.1" 200 53720 "-" "Jetpack by WordPress.com (Jetpack 12.5; WordPress 6.4)"
45.168.89.150 - - [16/Jun/2026:20:24:24 +0100] "POST /xmlrpc.php HTTP/1.1" 200 53720 "-" "Jetpack by WordPress.com (Jetpack 12.0; WordPress 6.4)"
45.168.89.150 - - [16/Jun/2026:20:24:36 +0100] "POST /xmlrpc.php HTTP/1.1" 200 53720 "-" "Jetpack/13.0; WordPress/6.2; http://site66092842.com"
45.168.89.150 - - [16/Jun/2026:20:24:47 +0100] "POST /xmlrpc.php HTTP/1.1" 200 53720 "-" "WordPress.com; https://wordpress.com"
45.168.89.150 - - [16/Jun/2026:20:24:56 +0100] "POST /xmlrpc.php HTTP/1.1" 200 53720 "-" "Jetpack by WordPress.com"
66.249.79.6 - - [16/Jun/2026:20:24:59 +0100] "GET /m99818893709?path=/home/calderca/public_html/wp-content HTTP/1.1" 200 3293 "-" "Mozilla/5.0 (Linux; Android 6.0.1; Nexus 5X Build/MMB29P) AppleWebKit/537.36 (KHTML, like Gecko) Chrome/148.0.7778.96 Mobile Safari/537.36 (compatible; GoogleOther)"
45.168.89.150 - - [16/Jun/2026:20:25:06 +0100] "POST /xmlrpc.php HTTP/1.1" 200 53720 "-" "Jetpack by WordPress.com (Jetpack 12.5; WordPress 6.1)"
66.249.79.238 - - [16/Jun/2026:20:25:31 +0100] "GET /m59415997377?fileloc=/home/calderca/public_html/license.txt&path=/home/calderca/public_html HTTP/1.1" 200 9814 "-" "Mozilla/5.0 (Linux; Android 6.0.1; Nexus 5X Build/MMB29P) AppleWebKit/537.36 (KHTML, like Gecko) Chrome/148.0.7778.96 Mobile Safari/537.36 (compatible; GoogleOther)"
66.249.79.238 - - [16/Jun/2026:20:25:47 +0100] "GET /m46366444449 HTTP/1.1" 200 3894 "-" "Mozilla/5.0 (Linux; Android 6.0.1; Nexus 5X Build/MMB29P) AppleWebKit/537.36 (KHTML, like Gecko) Chrome/148.0.7778.96 Mobile Safari/537.36 (compatible; Googlebot/2.1; +http://www.google.com/bot.html)"
45.168.89.150 - - [16/Jun/2026:20:26:21 +0100] "POST /xmlrpc.php HTTP/1.1" 200 53720 "-" "Jetpack by WordPress.com"
45.168.89.150 - - [16/Jun/2026:20:28:17 +0100] "POST /xmlrpc.php HTTP/1.1" 200 53720 "-" "Jetpack by WordPress.com (Jetpack 12.1; WordPress 6.1)"
45.168.89.150 - - [16/Jun/2026:20:28:29 +0100] "POST /xmlrpc.php HTTP/1.1" 200 53720 "-" "WordPress.com; https://wordpress.com"
52.167.144.170 - - [16/Jun/2026:20:28:49 +0100] "GET /?c_7088664498806_html HTTP/1.1" 200 3894 "-" "Mozilla/5.0 AppleWebKit/537.36 (KHTML, like Gecko; compatible; bingbot/2.0; +http://www.bing.com/bingbot.htm) Chrome/116.0.1938.76 Safari/537.36"
45.168.89.150 - - [16/Jun/2026:20:28:49 +0100] "POST /xmlrpc.php HTTP/1.1" 200 53720 "-" "Jetpack by WordPress.com (Jetpack 13.0; WordPress 6.1)"
45.168.89.150 - - [16/Jun/2026:20:29:55 +0100] "POST /xmlrpc.php HTTP/1.1" 200 53720 "-" "WordPress.com; https://wordpress.com"
45.61.187.176 - - [16/Jun/2026:20:30:23 +0100] "GET /wp-login.php HTTP/1.1" 200 53720 "-" "Mozilla/5.0 (Windows NT 6.1; rv:30.0) Gecko/20100101 Firefox/30.0"
45.168.89.150 - - [16/Jun/2026:20:30:38 +0100] "POST /xmlrpc.php HTTP/1.1" 200 53720 "-" "Jetpack by WordPress.com"
45.168.89.150 - - [16/Jun/2026:20:30:59 +0100] "POST /xmlrpc.php HTTP/1.1" 200 53720 "-" "WordPress.com; https://wordpress.com"
17.22.237.88 - - [16/Jun/2026:20:30:59 +0100] "GET /?_m=174023502 HTTP/1.1" 200 3894 "-" "Mozilla/5.0 (Macintosh; Intel Mac OS X 10_15_7) AppleWebKit/605.1.15 (KHTML, like Gecko) Version/17.4 Safari/605.1.15 (Applebot/0.1; +http://www.apple.com/go/applebot)"
66.249.79.238 - - [16/Jun/2026:20:31:18 +0100] "GET /m30387311475?fileloc=/home/calderca/public_html/index.php&path=/home/calderca/public_html HTTP/1.1" 200 2698 "-" "Mozilla/5.0 (Linux; Android 6.0.1; Nexus 5X Build/MMB29P) AppleWebKit/537.36 (KHTML, like Gecko) Chrome/148.0.7778.96 Mobile Safari/537.36 (compatible; GoogleOther)"
66.102.9.97 - - [16/Jun/2026:20:31:19 +0100] "HEAD /feed/ HTTP/1.1" 200 - "-" "FeedBurner/1.0 (http://www.FeedBurner.com)"
66.102.9.96 - - [16/Jun/2026:20:31:20 +0100] "GET /feed/ HTTP/1.1" 200 3894 "-" "FeedBurner/1.0 (http://www.FeedBurner.com)"
45.168.89.150 - - [16/Jun/2026:20:31:52 +0100] "POST /xmlrpc.php HTTP/1.1" 200 53720 "-" "Jetpack/13.0; WordPress/6.3; http://site63240277.com"
66.249.79.238 - - [16/Jun/2026:20:32:09 +0100] "GET /?goods/136018798 HTTP/1.1" 200 3894 "-" "Mozilla/5.0 (Linux; Android 6.0.1; Nexus 5X Build/MMB29P) AppleWebKit/537.36 (KHTML, like Gecko) Chrome/148.0.7778.96 Mobile Safari/537.36 (compatible; Googlebot/2.1; +http://www.google.com/bot.html)"
66.249.79.224 - - [16/Jun/2026:20:32:44 +0100] "GET /?jp/190001961.html HTTP/1.1" 200 3894 "-" "Mozilla/5.0 (Linux; Android 6.0.1; Nexus 5X Build/MMB29P) AppleWebKit/537.36 (KHTML, like Gecko) Chrome/148.0.7778.96 Mobile Safari/537.36 (compatible; Googlebot/2.1; +http://www.google.com/bot.html)"
45.168.89.150 - - [16/Jun/2026:20:32:55 +0100] "POST /xmlrpc.php HTTP/1.1" 200 53720 "-" "WordPress.com; https://wordpress.com"
66.249.79.225 - - [16/Jun/2026:20:33:19 +0100] "GET /?detail/2490030623248 HTTP/1.1" 200 3894 "-" "Mozilla/5.0 (Linux; Android 6.0.1; Nexus 5X Build/MMB29P) AppleWebKit/537.36 (KHTML, like Gecko) Chrome/148.0.7778.96 Mobile Safari/537.36 (compatible; Googlebot/2.1; +http://www.google.com/bot.html)"
45.168.89.150 - - [16/Jun/2026:20:33:30 +0100] "POST /xmlrpc.php HTTP/1.1" 200 53720 "-" "WordPress.com; https://wordpress.com"
66.249.79.224 - - [16/Jun/2026:20:33:36 +0100] "GET /m41087360348?path=/home HTTP/1.1" 200 2498 "-" "Mozilla/5.0 (Linux; Android 6.0.1; Nexus 5X Build/MMB29P) AppleWebKit/537.36 (KHTML, like Gecko) Chrome/148.0.7778.96 Mobile Safari/537.36 (compatible; GoogleOther)"
45.168.89.150 - - [16/Jun/2026:20:34:00 +0100] "POST /xmlrpc.php HTTP/1.1" 200 53720 "-" "WordPress.com; https://wordpress.com"
45.168.89.150 - - [16/Jun/2026:20:34:22 +0100] "POST /xmlrpc.php HTTP/1.1" 200 53720 "-" "WordPress.com; https://wordpress.com"
66.249.79.238 - - [16/Jun/2026:20:34:29 +0100] "GET /?goods/289048342 HTTP/1.1" 200 3894 "-" "Mozilla/5.0 (Linux; Android 6.0.1; Nexus 5X Build/MMB29P) AppleWebKit/537.36 (KHTML, like Gecko) Chrome/148.0.7778.96 Mobile Safari/537.36 (compatible; Googlebot/2.1; +http://www.google.com/bot.html)"
66.249.79.224 - - [16/Jun/2026:20:34:47 +0100] "GET /?detail/112013960792 HTTP/1.1" 200 3894 "-" "Mozilla/5.0 (Linux; Android 6.0.1; Nexus 5X Build/MMB29P) AppleWebKit/537.36 (KHTML, like Gecko) Chrome/148.0.7778.96 Mobile Safari/537.36 (compatible; Googlebot/2.1; +http://www.google.com/bot.html)"
45.168.89.150 - - [16/Jun/2026:20:35:05 +0100] "POST /xmlrpc.php HTTP/1.1" 200 53720 "-" "WordPress.com; https://wordpress.com"
66.249.79.224 - - [16/Jun/2026:20:35:05 +0100] "GET /?jp/199005484.html HTTP/1.1" 200 3894 "-" "Mozilla/5.0 (Linux; Android 6.0.1; Nexus 5X Build/MMB29P) AppleWebKit/537.36 (KHTML, like Gecko) Chrome/148.0.7778.96 Mobile Safari/537.36 (compatible; Googlebot/2.1; +http://www.google.com/bot.html)"
66.249.79.238 - - [16/Jun/2026:20:35:23 +0100] "GET /?jp/141020287.html HTTP/1.1" 200 3894 "-" "Mozilla/5.0 (Linux; Android 6.0.1; Nexus 5X Build/MMB29P) AppleWebKit/537.36 (KHTML, like Gecko) Chrome/148.0.7778.96 Mobile Safari/537.36 (compatible; Googlebot/2.1; +http://www.google.com/bot.html)"
45.168.89.150 - - [16/Jun/2026:20:35:36 +0100] "POST /xmlrpc.php HTTP/1.1" 200 53720 "-" "WordPress.com; https://wordpress.com"
66.249.79.238 - - [16/Jun/2026:20:35:42 +0100] "GET /?jp/171007648.html HTTP/1.1" 200 3894 "-" "Mozilla/5.0 (Linux; Android 6.0.1; Nexus 5X Build/MMB29P) AppleWebKit/537.36 (KHTML, like Gecko) Chrome/148.0.7778.96 Mobile Safari/537.36 (compatible; Googlebot/2.1; +http://www.google.com/bot.html)"
66.249.79.225 - - [16/Jun/2026:20:36:00 +0100] "GET /?goods/269028539 HTTP/1.1" 200 3894 "-" "Mozilla/5.0 (Linux; Android 6.0.1; Nexus 5X Build/MMB29P) AppleWebKit/537.36 (KHTML, like Gecko) Chrome/148.0.7778.96 Mobile Safari/537.36 (compatible; Googlebot/2.1; +http://www.google.com/bot.html)"
66.249.79.238 - - [16/Jun/2026:20:36:18 +0100] "GET /?detail/18102195357733 HTTP/1.1" 200 3894 "-" "Mozilla/5.0 (Linux; Android 6.0.1; Nexus 5X Build/MMB29P) AppleWebKit/537.36 (KHTML, like Gecko) Chrome/148.0.7778.96 Mobile Safari/537.36 (compatible; Googlebot/2.1; +http://www.google.com/bot.html)"
66.249.79.238 - - [16/Jun/2026:20:36:37 +0100] "GET /?detail/08804242073201 HTTP/1.1" 200 3894 "-" "Mozilla/5.0 (Linux; Android 6.0.1; Nexus 5X Build/MMB29P) AppleWebKit/537.36 (KHTML, like Gecko) Chrome/148.0.7778.96 Mobile Safari/537.36 (compatible; Googlebot/2.1; +http://www.google.com/bot.html)"
66.249.79.238 - - [16/Jun/2026:20:36:56 +0100] "GET /?goods/132031640 HTTP/1.1" 200 3894 "-" "Mozilla/5.0 (Linux; Android 6.0.1; Nexus 5X Build/MMB29P) AppleWebKit/537.36 (KHTML, like Gecko) Chrome/148.0.7778.96 Mobile Safari/537.36 (compatible; Googlebot/2.1; +http://www.google.com/bot.html)"
66.249.79.238 - - [16/Jun/2026:20:37:14 +0100] "GET /?goods/078041068 HTTP/1.1" 200 3894 "-" "Mozilla/5.0 (Linux; Android 6.0.1; Nexus 5X Build/MMB29P) AppleWebKit/537.36 (KHTML, like Gecko) Chrome/148.0.7778.96 Mobile Safari/537.36 (compatible; Googlebot/2.1; +http://www.google.com/bot.html)"
45.168.89.150 - - [16/Jun/2026:20:37:23 +0100] "POST /xmlrpc.php HTTP/1.1" 200 53720 "-" "WordPress.com; https://wordpress.com"
66.249.79.238 - - [16/Jun/2026:20:37:33 +0100] "GET /m30387311475?fileloc=/home/calderca/public_html/wp-signup.php&path=/home/calderca/public_html HTTP/1.1" 200 10702 "-" "Mozilla/5.0 (Linux; Android 6.0.1; Nexus 5X Build/MMB29P) AppleWebKit/537.36 (KHTML, like Gecko) Chrome/148.0.7778.96 Mobile Safari/537.36 (compatible; GoogleOther)"
45.168.89.150 - - [16/Jun/2026:20:37:45 +0100] "POST /xmlrpc.php HTTP/1.1" 200 53720 "-" "Jetpack by WordPress.com"
103.208.218.164 - - [16/Jun/2026:20:37:45 +0100] "GET /wp-login.php HTTP/1.1" 200 3894 "-" "Mozilla/5.0 (Windows NT 10.0) AppleWebKit/537.36 (KHTML, like Gecko) Chrome/133.0.0.0 Safari/537.36"
103.208.218.164 - - [16/Jun/2026:20:37:45 +0100] "POST /wp-login.php HTTP/1.1" 200 3894 "https://ack.uk.com/wp-login.php" "Mozilla/5.0 (Windows NT 10.0) AppleWebKit/537.36 (KHTML, like Gecko) Chrome/133.0.0.0 Safari/537.36"
66.249.79.238 - - [16/Jun/2026:20:37:52 +0100] "GET /?goods/005012859 HTTP/1.1" 200 3894 "-" "Mozilla/5.0 (Linux; Android 6.0.1; Nexus 5X Build/MMB29P) AppleWebKit/537.36 (KHTML, like Gecko) Chrome/148.0.7778.96 Mobile Safari/537.36 (compatible; Googlebot/2.1; +http://www.google.com/bot.html)"
45.168.89.150 - - [16/Jun/2026:20:37:54 +0100] "POST /xmlrpc.php HTTP/1.1" 200 53720 "-" "Jetpack/12.1; WordPress/6.2; http://site71722715.com"
66.249.79.225 - - [16/Jun/2026:20:38:11 +0100] "GET /?goods/002000672 HTTP/1.1" 200 3894 "-" "Mozilla/5.0 (Linux; Android 6.0.1; Nexus 5X Build/MMB29P) AppleWebKit/537.36 (KHTML, like Gecko) Chrome/148.0.7778.96 Mobile Safari/537.36 (compatible; Googlebot/2.1; +http://www.google.com/bot.html)"
66.249.79.224 - - [16/Jun/2026:20:38:30 +0100] "GET /?detail/1060125580100 HTTP/1.1" 200 3894 "-" "Mozilla/5.0 (Linux; Android 6.0.1; Nexus 5X Build/MMB29P) AppleWebKit/537.36 (KHTML, like Gecko) Chrome/148.0.7778.96 Mobile Safari/537.36 (compatible; Googlebot/2.1; +http://www.google.com/bot.html)"
45.168.89.150 - - [16/Jun/2026:20:38:49 +0100] "POST /xmlrpc.php HTTP/1.1" 200 53720 "-" "Jetpack/12.1; WordPress/6.3; http://site20251613.com"
66.249.79.238 - - [16/Jun/2026:20:38:50 +0100] "GET /?jp/286008786.html HTTP/1.1" 200 3894 "-" "Mozilla/5.0 (Linux; Android 6.0.1; Nexus 5X Build/MMB29P) AppleWebKit/537.36 (KHTML, like Gecko) Chrome/148.0.7778.96 Mobile Safari/537.36 (compatible; Googlebot/2.1; +http://www.google.com/bot.html)"
66.249.79.238 - - [16/Jun/2026:20:39:09 +0100] "GET /?detail/0040272982940 HTTP/1.1" 200 3894 "-" "Mozilla/5.0 (Linux; Android 6.0.1; Nexus 5X Build/MMB29P) AppleWebKit/537.36 (KHTML, like Gecko) Chrome/148.0.7778.96 Mobile Safari/537.36 (compatible; Googlebot/2.1; +http://www.google.com/bot.html)"
66.249.79.238 - - [16/Jun/2026:20:39:29 +0100] "GET /m73473020530?fileloc=/home/calderca/public_html/wp-signup.php&path=/home/calderca/public_html HTTP/1.1" 200 10702 "-" "Mozilla/5.0 (Linux; Android 6.0.1; Nexus 5X Build/MMB29P) AppleWebKit/537.36 (KHTML, like Gecko) Chrome/148.0.7778.96 Mobile Safari/537.36 (compatible; GoogleOther)"
45.168.89.150 - - [16/Jun/2026:20:39:42 +0100] "POST /xmlrpc.php HTTP/1.1" 200 53720 "-" "Jetpack/13.0; WordPress/6.3; http://site97518660.com"
66.249.79.238 - - [16/Jun/2026:20:39:49 +0100] "GET /?detail/2330408418605 HTTP/1.1" 200 3894 "-" "Mozilla/5.0 (Linux; Android 6.0.1; Nexus 5X Build/MMB29P) AppleWebKit/537.36 (KHTML, like Gecko) Chrome/148.0.7778.96 Mobile Safari/537.36 (compatible; Googlebot/2.1; +http://www.google.com/bot.html)"
66.249.79.224 - - [16/Jun/2026:20:39:54 +0100] "GET /?jp/187034247.html HTTP/1.1" 200 3894 "-" "Mozilla/5.0 (Linux; Android 6.0.1; Nexus 5X Build/MMB29P) AppleWebKit/537.36 (KHTML, like Gecko) Chrome/148.0.7778.96 Mobile Safari/537.36 (compatible; Googlebot/2.1; +http://www.google.com/bot.html)"
66.249.79.238 - - [16/Jun/2026:20:40:09 +0100] "GET /?goods/272020353 HTTP/1.1" 200 3894 "-" "Mozilla/5.0 (Linux; Android 6.0.1; Nexus 5X Build/MMB29P) AppleWebKit/537.36 (KHTML, like Gecko) Chrome/148.0.7778.96 Mobile Safari/537.36 (compatible; Googlebot/2.1; +http://www.google.com/bot.html)"
66.249.79.238 - - [16/Jun/2026:20:40:11 +0100] "GET /?jp/257019361.html HTTP/1.1" 200 3894 "-" "Mozilla/5.0 (Linux; Android 6.0.1; Nexus 5X Build/MMB29P) AppleWebKit/537.36 (KHTML, like Gecko) Chrome/148.0.7778.96 Mobile Safari/537.36 (compatible; Googlebot/2.1; +http://www.google.com/bot.html)"
45.168.89.150 - - [16/Jun/2026:20:40:24 +0100] "POST /xmlrpc.php HTTP/1.1" 200 53720 "-" "Jetpack by WordPress.com"
66.249.79.224 - - [16/Jun/2026:20:40:30 +0100] "GET /?jp/242008859.html HTTP/1.1" 200 3894 "-" "Mozilla/5.0 (Linux; Android 6.0.1; Nexus 5X Build/MMB29P) AppleWebKit/537.36 (KHTML, like Gecko) Chrome/148.0.7778.96 Mobile Safari/537.36 (compatible; Googlebot/2.1; +http://www.google.com/bot.html)"
66.249.79.238 - - [16/Jun/2026:20:40:33 +0100] "GET /?goods/199020150 HTTP/1.1" 200 3894 "-" "Mozilla/5.0 (Linux; Android 6.0.1; Nexus 5X Build/MMB29P) AppleWebKit/537.36 (KHTML, like Gecko) Chrome/148.0.7778.96 Mobile Safari/537.36 (compatible; Googlebot/2.1; +http://www.google.com/bot.html)"
66.249.79.238 - - [16/Jun/2026:20:40:40 +0100] "GET /?jp/049045477.html HTTP/1.1" 200 3894 "-" "Mozilla/5.0 (Linux; Android 6.0.1; Nexus 5X Build/MMB29P) AppleWebKit/537.36 (KHTML, like Gecko) Chrome/148.0.7778.96 Mobile Safari/537.36 (compatible; Googlebot/2.1; +http://www.google.com/bot.html)"
66.249.79.238 - - [16/Jun/2026:20:40:52 +0100] "GET /?detail/09004503909133 HTTP/1.1" 200 3894 "-" "Mozilla/5.0 (Linux; Android 6.0.1; Nexus 5X Build/MMB29P) AppleWebKit/537.36 (KHTML, like Gecko) Chrome/148.0.7778.96 Mobile Safari/537.36 (compatible; Googlebot/2.1; +http://www.google.com/bot.html)"
66.249.79.238 - - [16/Jun/2026:20:40:56 +0100] "GET /?jp/147000287.html HTTP/1.1" 200 3894 "-" "Mozilla/5.0 (Linux; Android 6.0.1; Nexus 5X Build/MMB29P) AppleWebKit/537.36 (KHTML, like Gecko) Chrome/148.0.7778.96 Mobile Safari/537.36 (compatible; Googlebot/2.1; +http://www.google.com/bot.html)"
45.168.89.150 - - [16/Jun/2026:20:41:09 +0100] "POST /xmlrpc.php HTTP/1.1" 200 53720 "-" "Jetpack by WordPress.com (Jetpack 13.0; WordPress 6.2)"
66.249.79.225 - - [16/Jun/2026:20:41:13 +0100] "GET /?detail/025002690607 HTTP/1.1" 200 3894 "-" "Mozilla/5.0 (Linux; Android 6.0.1; Nexus 5X Build/MMB29P) AppleWebKit/537.36 (KHTML, like Gecko) Chrome/148.0.7778.96 Mobile Safari/537.36 (compatible; Googlebot/2.1; +http://www.google.com/bot.html)"
45.168.89.150 - - [16/Jun/2026:20:41:31 +0100] "POST /xmlrpc.php HTTP/1.1" 200 53720 "-" "WordPress.com; https://wordpress.com"
66.249.79.238 - - [16/Jun/2026:20:41:34 +0100] "GET /?jp/134017169.html HTTP/1.1" 200 3894 "-" "Mozilla/5.0 (Linux; Android 6.0.1; Nexus 5X Build/MMB29P) AppleWebKit/537.36 (KHTML, like Gecko) Chrome/148.0.7778.96 Mobile Safari/537.36 (compatible; Googlebot/2.1; +http://www.google.com/bot.html)"
45.168.89.150 - - [16/Jun/2026:20:41:49 +0100] "POST /xmlrpc.php HTTP/1.1" 200 53720 "-" "Jetpack by WordPress.com (Jetpack 12.0; WordPress 6.1)"
66.249.79.238 - - [16/Jun/2026:20:41:55 +0100] "GET /?goods/085026582 HTTP/1.1" 200 3894 "-" "Mozilla/5.0 (Linux; Android 6.0.1; Nexus 5X Build/MMB29P) AppleWebKit/537.36 (KHTML, like Gecko) Chrome/148.0.7778.96 Mobile Safari/537.36 (compatible; Googlebot/2.1; +http://www.google.com/bot.html)"
66.249.79.238 - - [16/Jun/2026:20:42:16 +0100] "GET /?goods/073002088 HTTP/1.1" 200 3894 "-" "Mozilla/5.0 (Linux; Android 6.0.1; Nexus 5X Build/MMB29P) AppleWebKit/537.36 (KHTML, like Gecko) Chrome/148.0.7778.96 Mobile Safari/537.36 (compatible; Googlebot/2.1; +http://www.google.com/bot.html)"
66.249.79.238 - - [16/Jun/2026:20:42:37 +0100] "GET /?goods/137007879 HTTP/1.1" 200 3894 "-" "Mozilla/5.0 (Linux; Android 6.0.1; Nexus 5X Build/MMB29P) AppleWebKit/537.36 (KHTML, like Gecko) Chrome/148.0.7778.96 Mobile Safari/537.36 (compatible; Googlebot/2.1; +http://www.google.com/bot.html)"
66.249.79.238 - - [16/Jun/2026:20:42:59 +0100] "GET /?jp/157012415.html HTTP/1.1" 200 3894 "-" "Mozilla/5.0 (Linux; Android 6.0.1; Nexus 5X Build/MMB29P) AppleWebKit/537.36 (KHTML, like Gecko) Chrome/148.0.7778.96 Mobile Safari/537.36 (compatible; Googlebot/2.1; +http://www.google.com/bot.html)"
66.249.79.238 - - [16/Jun/2026:20:43:20 +0100] "GET /?jp/239027432.html HTTP/1.1" 200 3894 "-" "Mozilla/5.0 (Linux; Android 6.0.1; Nexus 5X Build/MMB29P) AppleWebKit/537.36 (KHTML, like Gecko) Chrome/148.0.7778.96 Mobile Safari/537.36 (compatible; Googlebot/2.1; +http://www.google.com/bot.html)"
66.249.79.238 - - [16/Jun/2026:20:43:21 +0100] "GET /?jp/280009164.html HTTP/1.1" 200 3894 "-" "Mozilla/5.0 (Linux; Android 6.0.1; Nexus 5X Build/MMB29P) AppleWebKit/537.36 (KHTML, like Gecko) Chrome/148.0.7778.96 Mobile Safari/537.36 (compatible; Googlebot/2.1; +http://www.google.com/bot.html)"
66.249.79.238 - - [16/Jun/2026:20:43:42 +0100] "GET /m52870267137?fileloc=/home/calderca/public_html/llms.txt&path=/home/calderca/public_html HTTP/1.1" 200 3238 "-" "Mozilla/5.0 (Linux; Android 6.0.1; Nexus 5X Build/MMB29P) AppleWebKit/537.36 (KHTML, like Gecko) Chrome/148.0.7778.96 Mobile Safari/537.36 (compatible; GoogleOther)"
66.249.79.225 - - [16/Jun/2026:20:44:03 +0100] "GET /?detail/0510081797372 HTTP/1.1" 200 3894 "-" "Mozilla/5.0 (Linux; Android 6.0.1; Nexus 5X Build/MMB29P) AppleWebKit/537.36 (KHTML, like Gecko) Chrome/148.0.7778.96 Mobile Safari/537.36 (compatible; Googlebot/2.1; +http://www.google.com/bot.html)"
66.249.79.224 - - [16/Jun/2026:20:44:24 +0100] "GET /?detail/085009056628 HTTP/1.1" 200 3894 "-" "Mozilla/5.0 (Linux; Android 6.0.1; Nexus 5X Build/MMB29P) AppleWebKit/537.36 (KHTML, like Gecko) Chrome/148.0.7778.96 Mobile Safari/537.36 (compatible; Googlebot/2.1; +http://www.google.com/bot.html)"
66.249.79.238 - - [16/Jun/2026:20:44:24 +0100] "GET /?detail/1290109498965 HTTP/1.1" 200 3894 "-" "Mozilla/5.0 (Linux; Android 6.0.1; Nexus 5X Build/MMB29P) AppleWebKit/537.36 (KHTML, like Gecko) Chrome/148.0.7778.96 Mobile Safari/537.36 (compatible; Googlebot/2.1; +http://www.google.com/bot.html)"
66.249.79.238 - - [16/Jun/2026:20:45:07 +0100] "GET /?jp/262046094.html HTTP/1.1" 200 3894 "-" "Mozilla/5.0 (Linux; Android 6.0.1; Nexus 5X Build/MMB29P) AppleWebKit/537.36 (KHTML, like Gecko) Chrome/148.0.7778.96 Mobile Safari/537.36 (compatible; Googlebot/2.1; +http://www.google.com/bot.html)"
66.249.79.238 - - [16/Jun/2026:20:45:28 +0100] "GET /?detail/23902507544453 HTTP/1.1" 200 3894 "-" "Mozilla/5.0 (Linux; Android 6.0.1; Nexus 5X Build/MMB29P) AppleWebKit/537.36 (KHTML, like Gecko) Chrome/148.0.7778.96 Mobile Safari/537.36 (compatible; Googlebot/2.1; +http://www.google.com/bot.html)"
46.101.217.74 - - [16/Jun/2026:20:45:31 +0100] "GET /wp-login.php HTTP/1.1" 200 3894 "-" "Mozilla/5.0 (Macintosh; Intel Mac OS X 10_15_7) AppleWebKit/537.36 (KHTML, like Gecko) Chrome/133.0.0.0 Safari/537.36 Edg/133.0.0.0"
46.101.217.74 - - [16/Jun/2026:20:45:31 +0100] "POST /wp-login.php HTTP/1.1" 200 3894 "https://ack.uk.com/wp-login.php" "Mozilla/5.0 (Macintosh; Intel Mac OS X 10_15_7) AppleWebKit/537.36 (KHTML, like Gecko) Chrome/133.0.0.0 Safari/537.36 Edg/133.0.0.0"
66.249.79.238 - - [16/Jun/2026:20:45:49 +0100] "GET /?jp/021002678.html HTTP/1.1" 200 3894 "-" "Mozilla/5.0 (Linux; Android 6.0.1; Nexus 5X Build/MMB29P) AppleWebKit/537.36 (KHTML, like Gecko) Chrome/148.0.7778.96 Mobile Safari/537.36 (compatible; Googlebot/2.1; +http://www.google.com/bot.html)"
66.249.79.224 - - [16/Jun/2026:20:46:10 +0100] "GET /m73473020530?fileloc=/home/calderca/public_html/wp-comments-post.php&path=/home/calderca/public_html HTTP/1.1" 200 3540 "-" "Mozilla/5.0 (Linux; Android 6.0.1; Nexus 5X Build/MMB29P) AppleWebKit/537.36 (KHTML, like Gecko) Chrome/148.0.7778.96 Mobile Safari/537.36 (compatible; GoogleOther)"
66.249.79.238 - - [16/Jun/2026:20:47:14 +0100] "GET /?detail/21302672621265 HTTP/1.1" 200 3894 "-" "Mozilla/5.0 (Linux; Android 6.0.1; Nexus 5X Build/MMB29P) AppleWebKit/537.36 (KHTML, like Gecko) Chrome/148.0.7778.96 Mobile Safari/537.36 (compatible; Googlebot/2.1; +http://www.google.com/bot.html)"
66.249.79.238 - - [16/Jun/2026:20:48:16 +0100] "GET /m82414451909?fileloc=/home/calderca/public_html/wp-signup.php&path=/home/calderca/public_html HTTP/1.1" 200 10702 "-" "Mozilla/5.0 (Linux; Android 6.0.1; Nexus 5X Build/MMB29P) AppleWebKit/537.36 (KHTML, like Gecko) Chrome/148.0.7778.96 Mobile Safari/537.36 (compatible; Googlebot/2.1; +http://www.google.com/bot.html)"
66.249.79.238 - - [16/Jun/2026:20:48:58 +0100] "GET /m95559619476 HTTP/1.1" 200 3894 "-" "Mozilla/5.0 (Linux; Android 6.0.1; Nexus 5X Build/MMB29P) AppleWebKit/537.36 (KHTML, like Gecko) Chrome/148.0.7778.96 Mobile Safari/537.36 (compatible; Googlebot/2.1; +http://www.google.com/bot.html)"
66.249.79.238 - - [16/Jun/2026:20:49:19 +0100] "GET /?detail/2160087768923 HTTP/1.1" 200 3894 "-" "Mozilla/5.0 (Linux; Android 6.0.1; Nexus 5X Build/MMB29P) AppleWebKit/537.36 (KHTML, like Gecko) Chrome/148.0.7778.96 Mobile Safari/537.36 (compatible; Googlebot/2.1; +http://www.google.com/bot.html)"
66.249.79.225 - - [16/Jun/2026:20:50:02 +0100] "GET /m46366444449?fileloc=/home/calderca/public_html/license.txt&path=/home/calderca/public_html HTTP/1.1" 200 9814 "-" "Mozilla/5.0 (Linux; Android 6.0.1; Nexus 5X Build/MMB29P) AppleWebKit/537.36 (KHTML, like Gecko) Chrome/148.0.7778.96 Mobile Safari/537.36 (compatible; GoogleOther)"
66.249.79.224 - - [16/Jun/2026:20:50:23 +0100] "GET /?goods/004029896 HTTP/1.1" 200 3894 "-" "Mozilla/5.0 (Linux; Android 6.0.1; Nexus 5X Build/MMB29P) AppleWebKit/537.36 (KHTML, like Gecko) Chrome/148.0.7778.96 Mobile Safari/537.36 (compatible; Googlebot/2.1; +http://www.google.com/bot.html)"
66.249.79.238 - - [16/Jun/2026:20:50:44 +0100] "GET /?detail/0200046173824 HTTP/1.1" 200 3894 "-" "Mozilla/5.0 (Linux; Android 6.0.1; Nexus 5X Build/MMB29P) AppleWebKit/537.36 (KHTML, like Gecko) Chrome/148.0.7778.96 Mobile Safari/537.36 (compatible; Googlebot/2.1; +http://www.google.com/bot.html)"
66.249.79.224 - - [16/Jun/2026:20:51:05 +0100] "GET /m93293741065 HTTP/1.1" 200 3894 "-" "Mozilla/5.0 (Linux; Android 6.0.1; Nexus 5X Build/MMB29P) AppleWebKit/537.36 (KHTML, like Gecko) Chrome/148.0.7778.96 Mobile Safari/537.36 (compatible; Googlebot/2.1; +http://www.google.com/bot.html)"
66.249.79.238 - - [16/Jun/2026:20:51:06 +0100] "GET /m61714171372 HTTP/1.1" 200 3894 "-" "Mozilla/5.0 (Linux; Android 6.0.1; Nexus 5X Build/MMB29P) AppleWebKit/537.36 (KHTML, like Gecko) Chrome/148.0.7778.96 Mobile Safari/537.36 (compatible; Googlebot/2.1; +http://www.google.com/bot.html)"
66.249.79.238 - - [16/Jun/2026:20:51:14 +0100] "GET /shop/goods/network109025666.html HTTP/1.1" 200 3894 "-" "Mozilla/5.0 (Linux; Android 6.0.1; Nexus 5X Build/MMB29P) AppleWebKit/537.36 (KHTML, like Gecko) Chrome/148.0.7778.96 Mobile Safari/537.36 (compatible; Googlebot/2.1; +http://www.google.com/bot.html)"
66.249.79.238 - - [16/Jun/2026:20:51:22 +0100] "GET /shop/goods/serious265001918.html HTTP/1.1" 200 3894 "-" "Mozilla/5.0 (Linux; Android 6.0.1; Nexus 5X Build/MMB29P) AppleWebKit/537.36 (KHTML, like Gecko) Chrome/148.0.7778.96 Mobile Safari/537.36 (compatible; Googlebot/2.1; +http://www.google.com/bot.html)"
66.249.79.238 - - [16/Jun/2026:20:51:26 +0100] "GET /?jp/181021746.html HTTP/1.1" 200 3894 "-" "Mozilla/5.0 (Linux; Android 6.0.1; Nexus 5X Build/MMB29P) AppleWebKit/537.36 (KHTML, like Gecko) Chrome/148.0.7778.96 Mobile Safari/537.36 (compatible; Googlebot/2.1; +http://www.google.com/bot.html)"
66.249.79.224 - - [16/Jun/2026:20:52:09 +0100] "GET /?jp/252003703.html HTTP/1.1" 200 3894 "-" "Mozilla/5.0 (Linux; Android 6.0.1; Nexus 5X Build/MMB29P) AppleWebKit/537.36 (KHTML, like Gecko) Chrome/148.0.7778.96 Mobile Safari/537.36 (compatible; Googlebot/2.1; +http://www.google.com/bot.html)"
66.249.79.238 - - [16/Jun/2026:20:52:30 +0100] "GET /?jp/300024312.html HTTP/1.1" 200 3894 "-" "Mozilla/5.0 (Linux; Android 6.0.1; Nexus 5X Build/MMB29P) AppleWebKit/537.36 (KHTML, like Gecko) Chrome/148.0.7778.96 Mobile Safari/537.36 (compatible; Googlebot/2.1; +http://www.google.com/bot.html)"
66.249.79.238 - - [16/Jun/2026:20:52:46 +0100] "GET /m14508225605?path=/home/calderca/public_html/ebrochure HTTP/1.1" 200 2805 "-" "Mozilla/5.0 (Linux; Android 6.0.1; Nexus 5X Build/MMB29P) AppleWebKit/537.36 (KHTML, like Gecko) Chrome/148.0.7778.96 Mobile Safari/537.36 (compatible; GoogleOther)"
66.249.79.238 - - [16/Jun/2026:20:52:52 +0100] "GET /?goods/147023873 HTTP/1.1" 200 3894 "-" "Mozilla/5.0 (Linux; Android 6.0.1; Nexus 5X Build/MMB29P) AppleWebKit/537.36 (KHTML, like Gecko) Chrome/148.0.7778.96 Mobile Safari/537.36 (compatible; Googlebot/2.1; +http://www.google.com/bot.html)"
66.249.79.225 - - [16/Jun/2026:20:53:05 +0100] "GET /m19482293338 HTTP/1.1" 200 3894 "-" "Mozilla/5.0 (Linux; Android 6.0.1; Nexus 5X Build/MMB29P) AppleWebKit/537.36 (KHTML, like Gecko) Chrome/148.0.7778.96 Mobile Safari/537.36 (compatible; Googlebot/2.1; +http://www.google.com/bot.html)"
66.249.79.238 - - [16/Jun/2026:20:53:14 +0100] "GET /m55460947618 HTTP/1.1" 200 3894 "-" "Mozilla/5.0 (Linux; Android 6.0.1; Nexus 5X Build/MMB29P) AppleWebKit/537.36 (KHTML, like Gecko) Chrome/148.0.7778.96 Mobile Safari/537.36 (compatible; Googlebot/2.1; +http://www.google.com/bot.html)"
66.249.79.238 - - [16/Jun/2026:20:53:35 +0100] "GET /?detail/2320398300564 HTTP/1.1" 200 3894 "-" "Mozilla/5.0 (Linux; Android 6.0.1; Nexus 5X Build/MMB29P) AppleWebKit/537.36 (KHTML, like Gecko) Chrome/148.0.7778.96 Mobile Safari/537.36 (compatible; Googlebot/2.1; +http://www.google.com/bot.html)"
66.249.79.238 - - [16/Jun/2026:20:53:51 +0100] "GET /m68908658667 HTTP/1.1" 200 3894 "-" "Mozilla/5.0 (Linux; Android 6.0.1; Nexus 5X Build/MMB29P) AppleWebKit/537.36 (KHTML, like Gecko) Chrome/148.0.7778.96 Mobile Safari/537.36 (compatible; Googlebot/2.1; +http://www.google.com/bot.html)"
66.249.79.238 - - [16/Jun/2026:20:53:56 +0100] "GET /?goods/122010190 HTTP/1.1" 200 3894 "-" "Mozilla/5.0 (Linux; Android 6.0.1; Nexus 5X Build/MMB29P) AppleWebKit/537.36 (KHTML, like Gecko) Chrome/148.0.7778.96 Mobile Safari/537.36 (compatible; Googlebot/2.1; +http://www.google.com/bot.html)"
66.249.79.224 - - [16/Jun/2026:20:54:09 +0100] "GET /?detail/1740170523119 HTTP/1.1" 200 3894 "-" "Mozilla/5.0 (Linux; Android 6.0.1; Nexus 5X Build/MMB29P) AppleWebKit/537.36 (KHTML, like Gecko) Chrome/148.0.7778.96 Mobile Safari/537.36 (compatible; Googlebot/2.1; +http://www.google.com/bot.html)"
66.249.79.238 - - [16/Jun/2026:20:54:17 +0100] "GET /?detail/279008302630 HTTP/1.1" 200 3894 "-" "Mozilla/5.0 (Linux; Android 6.0.1; Nexus 5X Build/MMB29P) AppleWebKit/537.36 (KHTML, like Gecko) Chrome/148.0.7778.96 Mobile Safari/537.36 (compatible; Googlebot/2.1; +http://www.google.com/bot.html)"
66.249.79.238 - - [16/Jun/2026:20:54:18 +0100] "GET /?detail/1850265395835 HTTP/1.1" 200 3894 "-" "Mozilla/5.0 (Linux; Android 6.0.1; Nexus 5X Build/MMB29P) AppleWebKit/537.36 (KHTML, like Gecko) Chrome/148.0.7778.96 Mobile Safari/537.36 (compatible; Googlebot/2.1; +http://www.google.com/bot.html)"
66.249.79.238 - - [16/Jun/2026:20:54:26 +0100] "GET /?goods/273045984 HTTP/1.1" 200 3894 "-" "Mozilla/5.0 (Linux; Android 6.0.1; Nexus 5X Build/MMB29P) AppleWebKit/537.36 (KHTML, like Gecko) Chrome/148.0.7778.96 Mobile Safari/537.36 (compatible; Googlebot/2.1; +http://www.google.com/bot.html)"
66.249.79.238 - - [16/Jun/2026:20:54:34 +0100] "GET /?detail/018010324405 HTTP/1.1" 200 3894 "-" "Mozilla/5.0 (Linux; Android 6.0.1; Nexus 5X Build/MMB29P) AppleWebKit/537.36 (KHTML, like Gecko) Chrome/148.0.7778.96 Mobile Safari/537.36 (compatible; Googlebot/2.1; +http://www.google.com/bot.html)"
66.249.79.238 - - [16/Jun/2026:20:54:39 +0100] "GET /?goods/005029457 HTTP/1.1" 200 3894 "-" "Mozilla/5.0 (Linux; Android 6.0.1; Nexus 5X Build/MMB29P) AppleWebKit/537.36 (KHTML, like Gecko) Chrome/148.0.7778.96 Mobile Safari/537.36 (compatible; Googlebot/2.1; +http://www.google.com/bot.html)"
66.249.79.225 - - [16/Jun/2026:20:55:01 +0100] "GET /?detail/160001979326 HTTP/1.1" 200 3894 "-" "Mozilla/5.0 (Linux; Android 6.0.1; Nexus 5X Build/MMB29P) AppleWebKit/537.36 (KHTML, like Gecko) Chrome/148.0.7778.96 Mobile Safari/537.36 (compatible; Googlebot/2.1; +http://www.google.com/bot.html)"
66.249.79.238 - - [16/Jun/2026:20:55:17 +0100] "GET /category/361_362/1 HTTP/1.1" 200 3894 "-" "Mozilla/5.0 (Linux; Android 6.0.1; Nexus 5X Build/MMB29P) AppleWebKit/537.36 (KHTML, like Gecko) Chrome/148.0.7778.96 Mobile Safari/537.36 (compatible; Googlebot/2.1; +http://www.google.com/bot.html)"
66.249.79.224 - - [16/Jun/2026:20:55:25 +0100] "GET /m52688340340 HTTP/1.1" 200 3894 "-" "Mozilla/5.0 (Linux; Android 6.0.1; Nexus 5X Build/MMB29P) AppleWebKit/537.36 (KHTML, like Gecko) Chrome/148.0.7778.96 Mobile Safari/537.36 (compatible; Googlebot/2.1; +http://www.google.com/bot.html)"
66.249.79.238 - - [16/Jun/2026:20:55:25 +0100] "GET /m67299001522 HTTP/1.1" 200 3894 "-" "Mozilla/5.0 (Linux; Android 6.0.1; Nexus 5X Build/MMB29P) AppleWebKit/537.36 (KHTML, like Gecko) Chrome/148.0.7778.96 Mobile Safari/537.36 (compatible; Googlebot/2.1; +http://www.google.com/bot.html)"
66.249.79.238 - - [16/Jun/2026:20:55:34 +0100] "GET /m22285998991 HTTP/1.1" 200 3894 "-" "Mozilla/5.0 (Linux; Android 6.0.1; Nexus 5X Build/MMB29P) AppleWebKit/537.36 (KHTML, like Gecko) Chrome/148.0.7778.96 Mobile Safari/537.36 (compatible; Googlebot/2.1; +http://www.google.com/bot.html)"
66.249.79.238 - - [16/Jun/2026:20:55:45 +0100] "GET /?jp/167033656.html HTTP/1.1" 200 3894 "-" "Mozilla/5.0 (Linux; Android 6.0.1; Nexus 5X Build/MMB29P) AppleWebKit/537.36 (KHTML, like Gecko) Chrome/148.0.7778.96 Mobile Safari/537.36 (compatible; Googlebot/2.1; +http://www.google.com/bot.html)"
66.249.79.225 - - [16/Jun/2026:20:56:00 +0100] "GET /m57427584172 HTTP/1.1" 200 3894 "-" "Mozilla/5.0 (Linux; Android 6.0.1; Nexus 5X Build/MMB29P) AppleWebKit/537.36 (KHTML, like Gecko) Chrome/148.0.7778.96 Mobile Safari/537.36 (compatible; Googlebot/2.1; +http://www.google.com/bot.html)"
66.249.79.238 - - [16/Jun/2026:20:56:07 +0100] "GET /?goods/104002221 HTTP/1.1" 200 3894 "-" "Mozilla/5.0 (Linux; Android 6.0.1; Nexus 5X Build/MMB29P) AppleWebKit/537.36 (KHTML, like Gecko) Chrome/148.0.7778.96 Mobile Safari/537.36 (compatible; Googlebot/2.1; +http://www.google.com/bot.html)"
66.249.79.224 - - [16/Jun/2026:20:56:29 +0100] "GET /?goods/025009807 HTTP/1.1" 200 3894 "-" "Mozilla/5.0 (Linux; Android 6.0.1; Nexus 5X Build/MMB29P) AppleWebKit/537.36 (KHTML, like Gecko) Chrome/148.0.7778.96 Mobile Safari/537.36 (compatible; Googlebot/2.1; +http://www.google.com/bot.html)"
66.249.79.238 - - [16/Jun/2026:20:56:36 +0100] "GET /?goods/152014823 HTTP/1.1" 200 3894 "-" "Mozilla/5.0 (Linux; Android 6.0.1; Nexus 5X Build/MMB29P) AppleWebKit/537.36 (KHTML, like Gecko) Chrome/148.0.7778.96 Mobile Safari/537.36 (compatible; Googlebot/2.1; +http://www.google.com/bot.html)"
66.249.79.238 - - [16/Jun/2026:20:56:53 +0100] "GET /?detail/0270437272921 HTTP/1.1" 200 3894 "-" "Mozilla/5.0 (Linux; Android 6.0.1; Nexus 5X Build/MMB29P) AppleWebKit/537.36 (KHTML, like Gecko) Chrome/148.0.7778.96 Mobile Safari/537.36 (compatible; Googlebot/2.1; +http://www.google.com/bot.html)"
66.249.79.238 - - [16/Jun/2026:20:56:54 +0100] "GET /?detail/260021317345 HTTP/1.1" 200 3894 "-" "Mozilla/5.0 (Linux; Android 6.0.1; Nexus 5X Build/MMB29P) AppleWebKit/537.36 (KHTML, like Gecko) Chrome/148.0.7778.96 Mobile Safari/537.36 (compatible; Googlebot/2.1; +http://www.google.com/bot.html)"
66.249.79.238 - - [16/Jun/2026:20:57:03 +0100] "GET /?goods/045036878 HTTP/1.1" 200 3894 "-" "Mozilla/5.0 (Linux; Android 6.0.1; Nexus 5X Build/MMB29P) AppleWebKit/537.36 (KHTML, like Gecko) Chrome/148.0.7778.96 Mobile Safari/537.36 (compatible; Googlebot/2.1; +http://www.google.com/bot.html)"
66.249.79.238 - - [16/Jun/2026:20:57:11 +0100] "GET /m61434461621 HTTP/1.1" 200 3894 "-" "Mozilla/5.0 (Linux; Android 6.0.1; Nexus 5X Build/MMB29P) AppleWebKit/537.36 (KHTML, like Gecko) Chrome/148.0.7778.96 Mobile Safari/537.36 (compatible; Googlebot/2.1; +http://www.google.com/bot.html)"
66.249.79.225 - - [16/Jun/2026:20:57:17 +0100] "GET /?detail/2540327742063 HTTP/1.1" 200 3894 "-" "Mozilla/5.0 (Linux; Android 6.0.1; Nexus 5X Build/MMB29P) AppleWebKit/537.36 (KHTML, like Gecko) Chrome/148.0.7778.96 Mobile Safari/537.36 (compatible; Googlebot/2.1; +http://www.google.com/bot.html)"
66.249.79.238 - - [16/Jun/2026:20:57:36 +0100] "GET /m69600088815 HTTP/1.1" 200 3894 "-" "Mozilla/5.0 (Linux; Android 6.0.1; Nexus 5X Build/MMB29P) AppleWebKit/537.36 (KHTML, like Gecko) Chrome/148.0.7778.96 Mobile Safari/537.36 (compatible; Googlebot/2.1; +http://www.google.com/bot.html)"
66.249.79.238 - - [16/Jun/2026:20:57:41 +0100] "GET /m48950980983 HTTP/1.1" 200 3894 "-" "Mozilla/5.0 (Linux; Android 6.0.1; Nexus 5X Build/MMB29P) AppleWebKit/537.36 (KHTML, like Gecko) Chrome/148.0.7778.96 Mobile Safari/537.36 (compatible; Googlebot/2.1; +http://www.google.com/bot.html)"
66.249.79.238 - - [16/Jun/2026:20:58:17 +0100] "GET /?goods/074033889 HTTP/1.1" 200 3894 "-" "Mozilla/5.0 (Linux; Android 6.0.1; Nexus 5X Build/MMB29P) AppleWebKit/537.36 (KHTML, like Gecko) Chrome/148.0.7778.96 Mobile Safari/537.36 (compatible; Googlebot/2.1; +http://www.google.com/bot.html)"
66.249.79.224 - - [16/Jun/2026:20:58:52 +0100] "GET /m88995253733 HTTP/1.1" 200 3894 "-" "Mozilla/5.0 (Linux; Android 6.0.1; Nexus 5X Build/MMB29P) AppleWebKit/537.36 (KHTML, like Gecko) Chrome/148.0.7778.96 Mobile Safari/537.36 (compatible; Googlebot/2.1; +http://www.google.com/bot.html)"
66.249.79.238 - - [16/Jun/2026:21:00:24 +0100] "GET /?detail/27904425524081 HTTP/1.1" 200 3894 "-" "Mozilla/5.0 (Linux; Android 6.0.1; Nexus 5X Build/MMB29P) AppleWebKit/537.36 (KHTML, like Gecko) Chrome/148.0.7778.96 Mobile Safari/537.36 (compatible; Googlebot/2.1; +http://www.google.com/bot.html)"
66.249.79.225 - - [16/Jun/2026:21:01:02 +0100] "GET /?detail/1080384616795 HTTP/1.1" 200 3894 "-" "Mozilla/5.0 (Linux; Android 6.0.1; Nexus 5X Build/MMB29P) AppleWebKit/537.36 (KHTML, like Gecko) Chrome/148.0.7778.96 Mobile Safari/537.36 (compatible; Googlebot/2.1; +http://www.google.com/bot.html)"
66.249.79.224 - - [16/Jun/2026:21:01:21 +0100] "GET /?detail/26703099074431 HTTP/1.1" 200 3894 "-" "Mozilla/5.0 (Linux; Android 6.0.1; Nexus 5X Build/MMB29P) AppleWebKit/537.36 (KHTML, like Gecko) Chrome/148.0.7778.96 Mobile Safari/537.36 (compatible; Googlebot/2.1; +http://www.google.com/bot.html)"
66.249.79.238 - - [16/Jun/2026:21:01:40 +0100] "GET /?detail/26704931378097 HTTP/1.1" 200 3894 "-" "Mozilla/5.0 (Linux; Android 6.0.1; Nexus 5X Build/MMB29P) AppleWebKit/537.36 (KHTML, like Gecko) Chrome/148.0.7778.96 Mobile Safari/537.36 (compatible; Googlebot/2.1; +http://www.google.com/bot.html)"
