173.239.211.250 - - [16/Jun/2026:22:00:53 +0100] "GET /wp-admin/profile.php HTTP/1.1" 200 6552 "https://www.ack.uk.com/wp-login.php" "Mozilla/5.0 (X11; Ubuntu; Linux x86_64) AppleWebKit/537.36 (KHTML, like Gecko) Chrome/121.0.0.0 Safari/537.36"
45.92.229.4 - - [16/Jun/2026:22:00:58 +0100] "GET /wp-admin/edit.php HTTP/1.1" 200 6552 "https://www.ack.uk.com/wp-login.php" "Mozilla/5.0 (X11; Ubuntu; Linux x86_64) AppleWebKit/537.36 (KHTML, like Gecko) Chrome/121.0.0.0 Safari/537.36"
173.239.211.251 - - [16/Jun/2026:22:01:00 +0100] "GET /wp-admin/plugins.php HTTP/1.1" 200 6552 "https://www.ack.uk.com/wp-login.php" "Mozilla/5.0 (X11; Ubuntu; Linux x86_64) AppleWebKit/537.36 (KHTML, like Gecko) Chrome/121.0.0.0 Safari/537.36"
173.239.211.251 - - [16/Jun/2026:22:01:01 +0100] "POST /wp-login.php HTTP/1.1" 200 3949 "https://www.ack.uk.com/wp-login.php" "Mozilla/5.0 (Macintosh; Intel Mac OS X 13_6_1; rv:118.0) Gecko/20100101 Firefox/118.0"
45.92.229.1 - - [16/Jun/2026:22:01:03 +0100] "GET /wp-admin/profile.php HTTP/1.1" 200 6552 "https://www.ack.uk.com/wp-login.php" "Mozilla/5.0 (Windows NT 11.0; Win64; x64) AppleWebKit/537.36 (KHTML, like Gecko) Chrome/120.0.0.0 Safari/537.36"
45.92.229.1 - - [16/Jun/2026:22:01:03 +0100] "GET /wp-admin/edit.php HTTP/1.1" 200 6552 "https://www.ack.uk.com/wp-login.php" "Mozilla/5.0 (Windows NT 11.0; Win64; x64) AppleWebKit/537.36 (KHTML, like Gecko) Chrome/120.0.0.0 Safari/537.36"
45.92.229.1 - - [16/Jun/2026:22:01:04 +0100] "GET /wp-admin/plugins.php HTTP/1.1" 200 6552 "https://www.ack.uk.com/wp-login.php" "Mozilla/5.0 (Windows NT 11.0; Win64; x64) AppleWebKit/537.36 (KHTML, like Gecko) Chrome/120.0.0.0 Safari/537.36"
45.92.229.1 - - [16/Jun/2026:22:01:04 +0100] "POST /wp-login.php HTTP/1.1" 200 3949 "https://www.ack.uk.com/wp-login.php" "Mozilla/5.0 (X11; Linux x86_64) AppleWebKit/537.36 (KHTML, like Gecko) Chrome/120.0.0.0 Safari/537.36"
45.92.229.1 - - [16/Jun/2026:22:01:04 +0100] "GET /wp-admin/index.php HTTP/1.1" 200 6552 "https://www.ack.uk.com/wp-login.php" "Mozilla/5.0 (Macintosh; Intel Mac OS X 13_6_1) AppleWebKit/605.1.15 (KHTML, like Gecko) Version/17.1 Safari/605.1.15"
45.92.229.1 - - [16/Jun/2026:22:01:05 +0100] "GET /wp-admin/profile.php HTTP/1.1" 200 6552 "https://www.ack.uk.com/wp-login.php" "Mozilla/5.0 (Macintosh; Intel Mac OS X 13_6_1) AppleWebKit/605.1.15 (KHTML, like Gecko) Version/17.1 Safari/605.1.15"
45.92.229.1 - - [16/Jun/2026:22:01:05 +0100] "GET /wp-admin/edit.php HTTP/1.1" 200 6552 "https://www.ack.uk.com/wp-login.php" "Mozilla/5.0 (Macintosh; Intel Mac OS X 13_6_1) AppleWebKit/605.1.15 (KHTML, like Gecko) Version/17.1 Safari/605.1.15"
45.92.229.1 - - [16/Jun/2026:22:01:06 +0100] "GET /wp-admin/plugins.php HTTP/1.1" 200 6552 "https://www.ack.uk.com/wp-login.php" "Mozilla/5.0 (Macintosh; Intel Mac OS X 13_6_1) AppleWebKit/605.1.15 (KHTML, like Gecko) Version/17.1 Safari/605.1.15"
45.92.229.1 - - [16/Jun/2026:22:01:06 +0100] "POST /wp-login.php HTTP/1.1" 200 3949 "https://www.ack.uk.com/wp-login.php" "Mozilla/5.0 (Windows NT 11.0; Win64; x64; rv:120.0) Gecko/20100101 Firefox/120.0"
45.92.229.1 - - [16/Jun/2026:22:01:07 +0100] "GET /wp-admin/index.php HTTP/1.1" 200 6552 "https://www.ack.uk.com/wp-login.php" "Mozilla/5.0 (X11; Linux x86_64) AppleWebKit/537.36 (KHTML, like Gecko) Chrome/121.0.0.0 Safari/537.36"
45.92.229.1 - - [16/Jun/2026:22:01:08 +0100] "GET /wp-admin/profile.php HTTP/1.1" 200 6552 "https://www.ack.uk.com/wp-login.php" "Mozilla/5.0 (X11; Linux x86_64) AppleWebKit/537.36 (KHTML, like Gecko) Chrome/121.0.0.0 Safari/537.36"
45.92.229.1 - - [16/Jun/2026:22:01:08 +0100] "GET /wp-admin/edit.php HTTP/1.1" 200 6552 "https://www.ack.uk.com/wp-login.php" "Mozilla/5.0 (X11; Linux x86_64) AppleWebKit/537.36 (KHTML, like Gecko) Chrome/121.0.0.0 Safari/537.36"
45.92.229.1 - - [16/Jun/2026:22:01:08 +0100] "GET /wp-admin/plugins.php HTTP/1.1" 200 6552 "https://www.ack.uk.com/wp-login.php" "Mozilla/5.0 (X11; Linux x86_64) AppleWebKit/537.36 (KHTML, like Gecko) Chrome/121.0.0.0 Safari/537.36"
216.73.217.61 - - [16/Jun/2026:22:01:12 +0100] "GET /sitemap_index.xml?fileloc=%2Fhome%2Fcalderca%2Fpublic_html%2Fwp-links-opml.php&path=%2Fhome%2Fcalderca%2Fpublic_html HTTP/1.1" 200 3618 "-" "Mozilla/5.0 AppleWebKit/537.36 (KHTML, like Gecko; compatible; ClaudeBot/1.0; +claudebot@anthropic.com)"
173.239.211.251 - - [16/Jun/2026:22:01:14 +0100] "POST /wp-login.php HTTP/1.1" 200 3949 "https://www.ack.uk.com/wp-login.php" "Mozilla/5.0 (Macintosh; Intel Mac OS X 13_6_1) AppleWebKit/605.1.15 (KHTML, like Gecko) Version/17.0 Safari/605.1.15"
173.239.211.251 - - [16/Jun/2026:22:01:14 +0100] "GET /wp-admin/index.php HTTP/1.1" 200 6552 "https://www.ack.uk.com/wp-login.php" "Mozilla/5.0 (Windows NT 10.0; Win64; x64; rv:118.0) Gecko/20100101 Firefox/118.0"
173.239.211.248 - - [16/Jun/2026:22:01:18 +0100] "GET /wp-admin/profile.php HTTP/1.1" 200 6552 "https://www.ack.uk.com/wp-login.php" "Mozilla/5.0 (Windows NT 10.0; Win64; x64; rv:118.0) Gecko/20100101 Firefox/118.0"
173.239.211.248 - - [16/Jun/2026:22:01:19 +0100] "GET /wp-admin/edit.php HTTP/1.1" 200 6552 "https://www.ack.uk.com/wp-login.php" "Mozilla/5.0 (Windows NT 10.0; Win64; x64; rv:118.0) Gecko/20100101 Firefox/118.0"
173.239.211.248 - - [16/Jun/2026:22:01:19 +0100] "GET /wp-admin/plugins.php HTTP/1.1" 200 6552 "https://www.ack.uk.com/wp-login.php" "Mozilla/5.0 (Windows NT 10.0; Win64; x64; rv:118.0) Gecko/20100101 Firefox/118.0"
173.239.211.250 - - [16/Jun/2026:22:01:21 +0100] "POST /wp-login.php HTTP/1.1" 200 3949 "https://www.ack.uk.com/wp-login.php" "Mozilla/5.0 (X11; Ubuntu; Linux x86_64) AppleWebKit/537.36 (KHTML, like Gecko) Chrome/121.0.0.0 Safari/537.36"
173.239.211.250 - - [16/Jun/2026:22:01:22 +0100] "GET /wp-admin/index.php HTTP/1.1" 200 6552 "https://www.ack.uk.com/wp-login.php" "Mozilla/5.0 (Macintosh; Intel Mac OS X 13_6_1) AppleWebKit/537.36 (KHTML, like Gecko) Chrome/120.0.0.0 Safari/537.36"
173.239.211.250 - - [16/Jun/2026:22:01:23 +0100] "GET /wp-admin/profile.php HTTP/1.1" 200 6552 "https://www.ack.uk.com/wp-login.php" "Mozilla/5.0 (Macintosh; Intel Mac OS X 13_6_1) AppleWebKit/537.36 (KHTML, like Gecko) Chrome/120.0.0.0 Safari/537.36"
173.239.211.234 - - [16/Jun/2026:22:01:26 +0100] "GET /wp-admin/edit.php HTTP/1.1" 200 6552 "https://www.ack.uk.com/wp-login.php" "Mozilla/5.0 (Macintosh; Intel Mac OS X 13_6_1) AppleWebKit/537.36 (KHTML, like Gecko) Chrome/120.0.0.0 Safari/537.36"
173.239.211.234 - - [16/Jun/2026:22:01:27 +0100] "GET /wp-admin/plugins.php HTTP/1.1" 200 6552 "https://www.ack.uk.com/wp-login.php" "Mozilla/5.0 (Macintosh; Intel Mac OS X 13_6_1) AppleWebKit/537.36 (KHTML, like Gecko) Chrome/120.0.0.0 Safari/537.36"
173.239.211.234 - - [16/Jun/2026:22:01:27 +0100] "POST /wp-login.php HTTP/1.1" 200 3949 "https://www.ack.uk.com/wp-login.php" "Mozilla/5.0 (X11; Ubuntu; Linux x86_64) AppleWebKit/537.36 (KHTML, like Gecko) Chrome/119.0.0.0 Safari/537.36"
173.239.211.234 - - [16/Jun/2026:22:01:28 +0100] "GET /wp-admin/index.php HTTP/1.1" 200 6552 "https://www.ack.uk.com/wp-login.php" "Mozilla/5.0 (Macintosh; Intel Mac OS X 10_15_7; rv:120.0) Gecko/20100101 Firefox/120.0"
173.239.211.234 - - [16/Jun/2026:22:01:29 +0100] "GET /wp-admin/profile.php HTTP/1.1" 200 6552 "https://www.ack.uk.com/wp-login.php" "Mozilla/5.0 (Macintosh; Intel Mac OS X 10_15_7; rv:120.0) Gecko/20100101 Firefox/120.0"
173.239.211.234 - - [16/Jun/2026:22:01:29 +0100] "GET /wp-admin/edit.php HTTP/1.1" 200 6552 "https://www.ack.uk.com/wp-login.php" "Mozilla/5.0 (Macintosh; Intel Mac OS X 10_15_7; rv:120.0) Gecko/20100101 Firefox/120.0"
45.92.229.7 - - [16/Jun/2026:22:01:33 +0100] "GET /wp-admin/plugins.php HTTP/1.1" 200 6552 "https://www.ack.uk.com/wp-login.php" "Mozilla/5.0 (Macintosh; Intel Mac OS X 10_15_7; rv:120.0) Gecko/20100101 Firefox/120.0"
216.73.161.134 - - [16/Jun/2026:22:01:37 +0100] "POST /wp-login.php HTTP/1.1" 200 3949 "https://www.ack.uk.com/wp-login.php" "Mozilla/5.0 (X11; Ubuntu; Linux x86_64) AppleWebKit/537.36 (KHTML, like Gecko) Chrome/121.0.0.0 Safari/537.36"
216.73.161.134 - - [16/Jun/2026:22:01:38 +0100] "GET /wp-admin/index.php HTTP/1.1" 200 6552 "https://www.ack.uk.com/wp-login.php" "Mozilla/5.0 (Macintosh; Intel Mac OS X 10_15_7; rv:121.0) Gecko/20100101 Firefox/121.0"
45.92.229.4 - - [16/Jun/2026:22:01:41 +0100] "GET /wp-admin/profile.php HTTP/1.1" 200 6552 "https://www.ack.uk.com/wp-login.php" "Mozilla/5.0 (Macintosh; Intel Mac OS X 10_15_7; rv:121.0) Gecko/20100101 Firefox/121.0"
45.92.229.4 - - [16/Jun/2026:22:01:41 +0100] "GET /wp-admin/edit.php HTTP/1.1" 200 6552 "https://www.ack.uk.com/wp-login.php" "Mozilla/5.0 (Macintosh; Intel Mac OS X 10_15_7; rv:121.0) Gecko/20100101 Firefox/121.0"
45.92.229.4 - - [16/Jun/2026:22:01:42 +0100] "GET /wp-admin/plugins.php HTTP/1.1" 200 6552 "https://www.ack.uk.com/wp-login.php" "Mozilla/5.0 (Macintosh; Intel Mac OS X 10_15_7; rv:121.0) Gecko/20100101 Firefox/121.0"
45.92.229.4 - - [16/Jun/2026:22:01:42 +0100] "POST /wp-login.php HTTP/1.1" 200 3949 "https://www.ack.uk.com/wp-login.php" "Mozilla/5.0 (Macintosh; Intel Mac OS X 10_15_7) AppleWebKit/605.1.15 (KHTML, like Gecko) Version/17.0 Safari/605.1.15"
45.92.229.4 - - [16/Jun/2026:22:01:42 +0100] "GET /wp-admin/index.php HTTP/1.1" 200 6552 "https://www.ack.uk.com/wp-login.php" "Mozilla/5.0 (Windows NT 11.0; Win64; x64; rv:121.0) Gecko/20100101 Firefox/121.0"
45.92.229.4 - - [16/Jun/2026:22:01:43 +0100] "GET /wp-admin/profile.php HTTP/1.1" 200 6552 "https://www.ack.uk.com/wp-login.php" "Mozilla/5.0 (Windows NT 11.0; Win64; x64; rv:121.0) Gecko/20100101 Firefox/121.0"
45.92.229.4 - - [16/Jun/2026:22:01:44 +0100] "GET /wp-admin/edit.php HTTP/1.1" 200 6552 "https://www.ack.uk.com/wp-login.php" "Mozilla/5.0 (Windows NT 11.0; Win64; x64; rv:121.0) Gecko/20100101 Firefox/121.0"
173.239.211.243 - - [16/Jun/2026:22:01:50 +0100] "POST /wp-login.php HTTP/1.1" 200 3949 "https://www.ack.uk.com/wp-login.php" "Mozilla/5.0 (Macintosh; Intel Mac OS X 10_15_7) AppleWebKit/605.1.15 (KHTML, like Gecko) Version/16.6 Safari/605.1.15"
173.239.211.243 - - [16/Jun/2026:22:01:51 +0100] "GET /wp-admin/index.php HTTP/1.1" 200 6552 "https://www.ack.uk.com/wp-login.php" "Mozilla/5.0 (Macintosh; Intel Mac OS X 10_15_7) AppleWebKit/537.36 (KHTML, like Gecko) Chrome/119.0.0.0 Safari/537.36"
173.239.211.243 - - [16/Jun/2026:22:01:51 +0100] "GET /wp-admin/profile.php HTTP/1.1" 200 6552 "https://www.ack.uk.com/wp-login.php" "Mozilla/5.0 (Macintosh; Intel Mac OS X 10_15_7) AppleWebKit/537.36 (KHTML, like Gecko) Chrome/119.0.0.0 Safari/537.36"
173.239.211.243 - - [16/Jun/2026:22:01:52 +0100] "GET /wp-admin/edit.php HTTP/1.1" 200 6552 "https://www.ack.uk.com/wp-login.php" "Mozilla/5.0 (Macintosh; Intel Mac OS X 10_15_7) AppleWebKit/537.36 (KHTML, like Gecko) Chrome/119.0.0.0 Safari/537.36"
216.73.217.61 - - [16/Jun/2026:22:01:53 +0100] "GET /sitemap_index.xml?path=%2Fhome%2Fcalderca%2Fpublic_html%2Fwp-content HTTP/1.1" 200 3293 "-" "Mozilla/5.0 AppleWebKit/537.36 (KHTML, like Gecko; compatible; ClaudeBot/1.0; +claudebot@anthropic.com)"
216.73.161.118 - - [16/Jun/2026:22:01:57 +0100] "GET /wp-admin/plugins.php HTTP/1.1" 200 6552 "https://www.ack.uk.com/wp-login.php" "Mozilla/5.0 (Macintosh; Intel Mac OS X 10_15_7) AppleWebKit/537.36 (KHTML, like Gecko) Chrome/119.0.0.0 Safari/537.36"
45.92.229.3 - - [16/Jun/2026:22:02:02 +0100] "POST /wp-login.php HTTP/1.1" 200 3949 "https://www.ack.uk.com/wp-login.php" "Mozilla/5.0 (X11; Ubuntu; Linux x86_64) AppleWebKit/537.36 (KHTML, like Gecko) Chrome/118.0.0.0 Safari/537.36"
94.26.106.188 - - [16/Jun/2026:22:02:12 +0100] "POST /XYZEAZ_emcnz3du.php?action=add_link HTTP/1.1" 200 1723 "https://www.ack.uk.com/" "Mozilla/5.0 (Windows NT 10.0; Win64; x64) AppleWebKit/537.36 (KHTML, like Gecko) Chrome/120.0.0.0 Safari/537.36"
94.26.106.188 - - [16/Jun/2026:22:02:12 +0100] "POST /XYZEAZ_emcnz3du.php?action=add_link HTTP/1.1" 200 1723 "https://www.ack.uk.com/" "Mozilla/5.0 (Windows NT 10.0; Win64; x64) AppleWebKit/537.36 (KHTML, like Gecko) Chrome/120.0.0.0 Safari/537.36"
94.26.106.188 - - [16/Jun/2026:22:02:12 +0100] "POST /XYZEAZ_emcnz3du.php?action=add_link HTTP/1.1" 200 1723 "https://www.ack.uk.com/" "Mozilla/5.0 (Windows NT 10.0; Win64; x64) AppleWebKit/537.36 (KHTML, like Gecko) Chrome/120.0.0.0 Safari/537.36"
94.26.106.188 - - [16/Jun/2026:22:02:12 +0100] "POST /XYZEAZ_emcnz3du.php?action=add_link HTTP/1.1" 200 1723 "https://www.ack.uk.com/" "Mozilla/5.0 (Windows NT 10.0; Win64; x64) AppleWebKit/537.36 (KHTML, like Gecko) Chrome/120.0.0.0 Safari/537.36"
94.26.106.188 - - [16/Jun/2026:22:02:12 +0100] "POST /XYZEAZ_emcnz3du.php?action=add_link HTTP/1.1" 200 1723 "https://www.ack.uk.com/" "Mozilla/5.0 (Windows NT 10.0; Win64; x64) AppleWebKit/537.36 (KHTML, like Gecko) Chrome/120.0.0.0 Safari/537.36"
94.26.106.188 - - [16/Jun/2026:22:02:13 +0100] "POST /XYZEAZ_emcnz3du.php?action=add_link HTTP/1.1" 200 1723 "https://www.ack.uk.com/" "Mozilla/5.0 (Windows NT 10.0; Win64; x64) AppleWebKit/537.36 (KHTML, like Gecko) Chrome/120.0.0.0 Safari/537.36"
173.239.211.247 - - [16/Jun/2026:22:02:14 +0100] "GET /wp-admin/index.php HTTP/1.1" 200 6552 "https://www.ack.uk.com/wp-login.php" "Mozilla/5.0 (Windows NT 11.0; Win64; x64; rv:118.0) Gecko/20100101 Firefox/118.0"
173.239.211.247 - - [16/Jun/2026:22:02:14 +0100] "GET /wp-admin/profile.php HTTP/1.1" 200 6552 "https://www.ack.uk.com/wp-login.php" "Mozilla/5.0 (Windows NT 11.0; Win64; x64; rv:118.0) Gecko/20100101 Firefox/118.0"
173.239.211.247 - - [16/Jun/2026:22:02:14 +0100] "GET /wp-admin/edit.php HTTP/1.1" 200 6552 "https://www.ack.uk.com/wp-login.php" "Mozilla/5.0 (Windows NT 11.0; Win64; x64; rv:118.0) Gecko/20100101 Firefox/118.0"
216.73.161.136 - - [16/Jun/2026:22:02:17 +0100] "GET /wp-admin/plugins.php HTTP/1.1" 200 6552 "https://www.ack.uk.com/wp-login.php" "Mozilla/5.0 (Windows NT 11.0; Win64; x64; rv:118.0) Gecko/20100101 Firefox/118.0"
111.225.148.45 - - [16/Jun/2026:22:02:19 +0100] "GET /case-study-townfield-care-home/ HTTP/1.1" 200 4038 "-" "Mozilla/5.0 (Linux; Android 5.0) AppleWebKit/537.36 (KHTML, like Gecko) Mobile Safari/537.36 (compatible; Bytespider; https://zhanzhang.toutiao.com/)"
110.249.201.164 - - [16/Jun/2026:22:02:20 +0100] "GET /case-study-silverdale-village-hall/ HTTP/1.1" 200 4038 "-" "Mozilla/5.0 (Linux; Android 5.0) AppleWebKit/537.36 (KHTML, like Gecko) Mobile Safari/537.36 (compatible; Bytespider; https://zhanzhang.toutiao.com/)"
216.73.161.115 - - [16/Jun/2026:22:02:23 +0100] "POST /wp-login.php HTTP/1.1" 200 4038 "https://www.ack.uk.com/wp-login.php" "Mozilla/5.0 (Macintosh; Intel Mac OS X 10_15_7) AppleWebKit/537.36 (KHTML, like Gecko) Chrome/120.0.0.0 Safari/537.36"
216.73.161.115 - - [16/Jun/2026:22:02:23 +0100] "GET /wp-admin/index.php HTTP/1.1" 200 6552 "https://www.ack.uk.com/wp-login.php" "Mozilla/5.0 (Windows NT 11.0; Win64; x64; rv:119.0) Gecko/20100101 Firefox/119.0"
216.73.161.115 - - [16/Jun/2026:22:02:24 +0100] "GET /wp-admin/profile.php HTTP/1.1" 200 6552 "https://www.ack.uk.com/wp-login.php" "Mozilla/5.0 (Windows NT 11.0; Win64; x64; rv:119.0) Gecko/20100101 Firefox/119.0"
216.73.161.115 - - [16/Jun/2026:22:02:24 +0100] "GET /wp-admin/edit.php HTTP/1.1" 200 6552 "https://www.ack.uk.com/wp-login.php" "Mozilla/5.0 (Windows NT 11.0; Win64; x64; rv:119.0) Gecko/20100101 Firefox/119.0"
216.73.161.115 - - [16/Jun/2026:22:02:25 +0100] "GET /wp-admin/plugins.php HTTP/1.1" 200 6552 "https://www.ack.uk.com/wp-login.php" "Mozilla/5.0 (Windows NT 11.0; Win64; x64; rv:119.0) Gecko/20100101 Firefox/119.0"
45.92.229.5 - - [16/Jun/2026:22:02:27 +0100] "POST /wp-login.php HTTP/1.1" 200 4038 "https://www.ack.uk.com/wp-login.php" "Mozilla/5.0 (Macintosh; Intel Mac OS X 10_15_7) AppleWebKit/605.1.15 (KHTML, like Gecko) Version/17.2 Safari/605.1.15"
45.92.229.5 - - [16/Jun/2026:22:02:28 +0100] "GET /wp-admin/index.php HTTP/1.1" 200 6552 "https://www.ack.uk.com/wp-login.php" "Mozilla/5.0 (X11; Ubuntu; Linux x86_64) AppleWebKit/537.36 (KHTML, like Gecko) Chrome/118.0.0.0 Safari/537.36"
45.92.229.5 - - [16/Jun/2026:22:02:28 +0100] "GET /wp-admin/profile.php HTTP/1.1" 200 6552 "https://www.ack.uk.com/wp-login.php" "Mozilla/5.0 (X11; Ubuntu; Linux x86_64) AppleWebKit/537.36 (KHTML, like Gecko) Chrome/118.0.0.0 Safari/537.36"
45.92.229.5 - - [16/Jun/2026:22:02:29 +0100] "GET /wp-admin/edit.php HTTP/1.1" 200 6552 "https://www.ack.uk.com/wp-login.php" "Mozilla/5.0 (X11; Ubuntu; Linux x86_64) AppleWebKit/537.36 (KHTML, like Gecko) Chrome/118.0.0.0 Safari/537.36"
45.92.229.5 - - [16/Jun/2026:22:02:29 +0100] "GET /wp-admin/plugins.php HTTP/1.1" 200 6552 "https://www.ack.uk.com/wp-login.php" "Mozilla/5.0 (X11; Ubuntu; Linux x86_64) AppleWebKit/537.36 (KHTML, like Gecko) Chrome/118.0.0.0 Safari/537.36"
45.92.229.5 - - [16/Jun/2026:22:02:29 +0100] "POST /wp-login.php HTTP/1.1" 200 4038 "https://www.ack.uk.com/wp-login.php" "Mozilla/5.0 (Macintosh; Intel Mac OS X 10_15_7) AppleWebKit/605.1.15 (KHTML, like Gecko) Version/16.6 Safari/605.1.15"
45.92.229.5 - - [16/Jun/2026:22:02:29 +0100] "GET /wp-admin/index.php HTTP/1.1" 200 6552 "https://www.ack.uk.com/wp-login.php" "Mozilla/5.0 (Macintosh; Intel Mac OS X 13_6_1) AppleWebKit/605.1.15 (KHTML, like Gecko) Version/16.6 Safari/605.1.15"
45.92.229.5 - - [16/Jun/2026:22:02:30 +0100] "GET /wp-admin/profile.php HTTP/1.1" 200 6552 "https://www.ack.uk.com/wp-login.php" "Mozilla/5.0 (Macintosh; Intel Mac OS X 13_6_1) AppleWebKit/605.1.15 (KHTML, like Gecko) Version/16.6 Safari/605.1.15"
45.92.229.5 - - [16/Jun/2026:22:02:30 +0100] "GET /wp-admin/edit.php HTTP/1.1" 200 6552 "https://www.ack.uk.com/wp-login.php" "Mozilla/5.0 (Macintosh; Intel Mac OS X 13_6_1) AppleWebKit/605.1.15 (KHTML, like Gecko) Version/16.6 Safari/605.1.15"
216.73.161.123 - - [16/Jun/2026:22:02:36 +0100] "GET /wp-admin/plugins.php HTTP/1.1" 200 6552 "https://www.ack.uk.com/wp-login.php" "Mozilla/5.0 (Macintosh; Intel Mac OS X 13_6_1) AppleWebKit/605.1.15 (KHTML, like Gecko) Version/16.6 Safari/605.1.15"
216.73.161.115 - - [16/Jun/2026:22:02:41 +0100] "POST /wp-login.php HTTP/1.1" 200 4038 "https://www.ack.uk.com/wp-login.php" "Mozilla/5.0 (Macintosh; Intel Mac OS X 13_6_1) AppleWebKit/537.36 (KHTML, like Gecko) Chrome/120.0.0.0 Safari/537.36"
110.249.201.121 - - [16/Jun/2026:22:02:44 +0100] "GET /about/ HTTP/1.1" 200 16099 "-" "Mozilla/5.0 (Linux; Android 5.0) AppleWebKit/537.36 (KHTML, like Gecko) Mobile Safari/537.36 (compatible; Bytespider; https://zhanzhang.toutiao.com/)"
110.249.201.121 - - [16/Jun/2026:22:02:45 +0100] "GET /wp-includes/css/dist/block-library/style.min.css?ver=6.8.2 HTTP/1.1" 200 15916 "https://www.ack.uk.com/about/" "Mozilla/5.0 (Linux; Android 5.0) AppleWebKit/537.36 (KHTML, like Gecko) Mobile Safari/537.36 (compatible; Bytespider; https://zhanzhang.toutiao.com/)"
110.249.202.72 - - [16/Jun/2026:22:02:46 +0100] "GET / HTTP/1.1" 200 23592 "-" "Mozilla/5.0 (Linux; Android 5.0) AppleWebKit/537.36 (KHTML, like Gecko) Mobile Safari/537.36 (compatible; Bytespider; https://zhanzhang.toutiao.com/)"
110.249.202.72 - - [16/Jun/2026:22:02:46 +0100] "GET /wp-content/uploads/2025/06/homepage-header-image.jpeg HTTP/1.1" 206 500 "https://www.ack.uk.com/" "Mozilla/5.0 (Linux; Android 5.0) AppleWebKit/537.36 (KHTML, like Gecko) Mobile Safari/537.36 (compatible; Bytespider; https://zhanzhang.toutiao.com/)"
110.249.202.72 - - [16/Jun/2026:22:02:47 +0100] "GET /wp-content/uploads/2025/08/ChatGPT-Image-Aug-1-2025-11_30_47-AM-300x200.png HTTP/1.1" 206 500 "https://www.ack.uk.com/" "Mozilla/5.0 (Linux; Android 5.0) AppleWebKit/537.36 (KHTML, like Gecko) Mobile Safari/537.36 (compatible; Bytespider; https://zhanzhang.toutiao.com/)"
110.249.202.28 - - [16/Jun/2026:22:02:47 +0100] "GET /wp-content/uploads/2025/06/homepage-header-image.jpeg HTTP/1.1" 304 - "https://www.ack.uk.com/" "Mozilla/5.0 (Linux; Android 5.0) AppleWebKit/537.36 (KHTML, like Gecko) Mobile Safari/537.36 (compatible; Bytespider; https://zhanzhang.toutiao.com/)"
173.239.211.243 - - [16/Jun/2026:22:02:48 +0100] "GET /wp-admin/index.php HTTP/1.1" 200 6552 "https://www.ack.uk.com/wp-login.php" "Mozilla/5.0 (Macintosh; Intel Mac OS X 13_6_1) AppleWebKit/605.1.15 (KHTML, like Gecko) Version/17.0 Safari/605.1.15"
173.239.211.243 - - [16/Jun/2026:22:02:48 +0100] "GET /wp-admin/profile.php HTTP/1.1" 200 6552 "https://www.ack.uk.com/wp-login.php" "Mozilla/5.0 (Macintosh; Intel Mac OS X 13_6_1) AppleWebKit/605.1.15 (KHTML, like Gecko) Version/17.0 Safari/605.1.15"
110.249.202.28 - - [16/Jun/2026:22:02:48 +0100] "GET /wp-content/uploads/2025/06/homepage-header-image.jpeg HTTP/1.1" 206 392307 "https://www.ack.uk.com/" "Mozilla/5.0 (Linux; Android 5.0) AppleWebKit/537.36 (KHTML, like Gecko) Mobile Safari/537.36 (compatible; Bytespider; https://zhanzhang.toutiao.com/)"
45.92.229.9 - - [16/Jun/2026:22:02:54 +0100] "GET /wp-admin/plugins.php HTTP/1.1" 200 6552 "https://www.ack.uk.com/wp-login.php" "Mozilla/5.0 (Macintosh; Intel Mac OS X 13_6_1) AppleWebKit/605.1.15 (KHTML, like Gecko) Version/17.0 Safari/605.1.15"
45.92.229.9 - - [16/Jun/2026:22:02:55 +0100] "POST /wp-login.php HTTP/1.1" 200 4038 "https://www.ack.uk.com/wp-login.php" "Mozilla/5.0 (Windows NT 11.0; Win64; x64) AppleWebKit/537.36 (KHTML, like Gecko) Chrome/121.0.0.0 Safari/537.36"
45.92.229.9 - - [16/Jun/2026:22:02:55 +0100] "GET /wp-admin/index.php HTTP/1.1" 200 6552 "https://www.ack.uk.com/wp-login.php" "Mozilla/5.0 (Macintosh; Intel Mac OS X 13_6_1; rv:121.0) Gecko/20100101 Firefox/121.0"
45.92.229.9 - - [16/Jun/2026:22:02:55 +0100] "GET /wp-admin/profile.php HTTP/1.1" 200 6552 "https://www.ack.uk.com/wp-login.php" "Mozilla/5.0 (Macintosh; Intel Mac OS X 13_6_1; rv:121.0) Gecko/20100101 Firefox/121.0"
45.92.229.9 - - [16/Jun/2026:22:02:56 +0100] "GET /wp-admin/edit.php HTTP/1.1" 200 6552 "https://www.ack.uk.com/wp-login.php" "Mozilla/5.0 (Macintosh; Intel Mac OS X 13_6_1; rv:121.0) Gecko/20100101 Firefox/121.0"
45.92.229.9 - - [16/Jun/2026:22:02:56 +0100] "GET /wp-admin/plugins.php HTTP/1.1" 200 6552 "https://www.ack.uk.com/wp-login.php" "Mozilla/5.0 (Macintosh; Intel Mac OS X 13_6_1; rv:121.0) Gecko/20100101 Firefox/121.0"
45.92.229.9 - - [16/Jun/2026:22:02:57 +0100] "POST /wp-login.php HTTP/1.1" 200 4038 "https://www.ack.uk.com/wp-login.php" "Mozilla/5.0 (X11; Ubuntu; Linux x86_64) AppleWebKit/537.36 (KHTML, like Gecko) Chrome/118.0.0.0 Safari/537.36"
45.92.229.9 - - [16/Jun/2026:22:02:58 +0100] "GET /wp-admin/index.php HTTP/1.1" 200 6552 "https://www.ack.uk.com/wp-login.php" "Mozilla/5.0 (Macintosh; Intel Mac OS X 10_15_7) AppleWebKit/605.1.15 (KHTML, like Gecko) Version/16.6 Safari/605.1.15"
45.92.229.9 - - [16/Jun/2026:22:02:59 +0100] "GET /wp-admin/profile.php HTTP/1.1" 200 6552 "https://www.ack.uk.com/wp-login.php" "Mozilla/5.0 (Macintosh; Intel Mac OS X 10_15_7) AppleWebKit/605.1.15 (KHTML, like Gecko) Version/16.6 Safari/605.1.15"
45.92.229.9 - - [16/Jun/2026:22:02:59 +0100] "GET /wp-admin/edit.php HTTP/1.1" 200 6552 "https://www.ack.uk.com/wp-login.php" "Mozilla/5.0 (Macintosh; Intel Mac OS X 10_15_7) AppleWebKit/605.1.15 (KHTML, like Gecko) Version/16.6 Safari/605.1.15"
45.92.229.1 - - [16/Jun/2026:22:03:01 +0100] "POST /wp-login.php HTTP/1.1" 200 4038 "https://www.ack.uk.com/wp-login.php" "Mozilla/5.0 (Windows NT 10.0; Win64; x64) AppleWebKit/537.36 (KHTML, like Gecko) Chrome/118.0.0.0 Safari/537.36"
45.92.229.1 - - [16/Jun/2026:22:03:01 +0100] "GET /wp-admin/index.php HTTP/1.1" 200 6552 "https://www.ack.uk.com/wp-login.php" "Mozilla/5.0 (X11; Linux x86_64) AppleWebKit/537.36 (KHTML, like Gecko) Chrome/119.0.0.0 Safari/537.36"
45.92.229.1 - - [16/Jun/2026:22:03:02 +0100] "GET /wp-admin/profile.php HTTP/1.1" 200 6552 "https://www.ack.uk.com/wp-login.php" "Mozilla/5.0 (X11; Linux x86_64) AppleWebKit/537.36 (KHTML, like Gecko) Chrome/119.0.0.0 Safari/537.36"
216.73.161.119 - - [16/Jun/2026:22:03:04 +0100] "GET /wp-admin/edit.php HTTP/1.1" 200 6552 "https://www.ack.uk.com/wp-login.php" "Mozilla/5.0 (X11; Linux x86_64) AppleWebKit/537.36 (KHTML, like Gecko) Chrome/119.0.0.0 Safari/537.36"
45.92.229.3 - - [16/Jun/2026:22:03:07 +0100] "GET /wp-admin/plugins.php HTTP/1.1" 200 6552 "https://www.ack.uk.com/wp-login.php" "Mozilla/5.0 (X11; Linux x86_64) AppleWebKit/537.36 (KHTML, like Gecko) Chrome/119.0.0.0 Safari/537.36"
45.92.229.3 - - [16/Jun/2026:22:03:07 +0100] "POST /wp-login.php HTTP/1.1" 200 4038 "https://www.ack.uk.com/wp-login.php" "Mozilla/5.0 (Windows NT 11.0; Win64; x64) AppleWebKit/537.36 (KHTML, like Gecko) Chrome/121.0.0.0 Safari/537.36"
45.92.229.3 - - [16/Jun/2026:22:03:08 +0100] "GET /wp-admin/index.php HTTP/1.1" 200 6552 "https://www.ack.uk.com/wp-login.php" "Mozilla/5.0 (X11; Ubuntu; Linux x86_64) AppleWebKit/537.36 (KHTML, like Gecko) Chrome/119.0.0.0 Safari/537.36"
45.92.229.3 - - [16/Jun/2026:22:03:09 +0100] "GET /wp-admin/profile.php HTTP/1.1" 200 6552 "https://www.ack.uk.com/wp-login.php" "Mozilla/5.0 (X11; Ubuntu; Linux x86_64) AppleWebKit/537.36 (KHTML, like Gecko) Chrome/119.0.0.0 Safari/537.36"
45.92.229.3 - - [16/Jun/2026:22:03:09 +0100] "GET /wp-admin/edit.php HTTP/1.1" 200 6552 "https://www.ack.uk.com/wp-login.php" "Mozilla/5.0 (X11; Ubuntu; Linux x86_64) AppleWebKit/537.36 (KHTML, like Gecko) Chrome/119.0.0.0 Safari/537.36"
216.73.217.61 - - [16/Jun/2026:22:03:09 +0100] "GET /sitemap_index.xml?fileloc=%2Fhome%2Fcalderca%2Fpublic_html%2Fwp-blog-header.php&path=%2Fhome%2Fcalderca%2Fpublic_html HTTP/1.1" 200 2670 "-" "Mozilla/5.0 AppleWebKit/537.36 (KHTML, like Gecko; compatible; ClaudeBot/1.0; +claudebot@anthropic.com)"
216.73.217.61 - - [16/Jun/2026:22:03:09 +0100] "GET /sitemap_index.xml?fileloc=%2Fhome%2Fcalderca%2Fpublic_html%2Fwp-login.php&path=%2Fhome%2Fcalderca%2Fpublic_html HTTP/1.1" 200 15829 "-" "Mozilla/5.0 AppleWebKit/537.36 (KHTML, like Gecko; compatible; ClaudeBot/1.0; +claudebot@anthropic.com)"
111.225.149.228 - - [16/Jun/2026:22:03:11 +0100] "GET /services/bespoke-kitchen-fabrication/ HTTP/1.1" 200 21492 "-" "Mozilla/5.0 (Linux; Android 5.0) AppleWebKit/537.36 (KHTML, like Gecko) Mobile Safari/537.36 (compatible; Bytespider; https://zhanzhang.toutiao.com/)"
111.225.149.228 - - [16/Jun/2026:22:03:12 +0100] "GET /wp-content/uploads/2025/05/48bb292b-11c4-4f4d-96de-5f5da1cf5dbd-768x1024.jpg HTTP/1.1" 206 500 "https://www.ack.uk.com/services/bespoke-kitchen-fabrication/" "Mozilla/5.0 (Linux; Android 5.0) AppleWebKit/537.36 (KHTML, like Gecko) Mobile Safari/537.36 (compatible; Bytespider; https://zhanzhang.toutiao.com/)"
173.239.211.249 - - [16/Jun/2026:22:03:12 +0100] "GET /wp-admin/plugins.php HTTP/1.1" 200 6552 "https://www.ack.uk.com/wp-login.php" "Mozilla/5.0 (X11; Ubuntu; Linux x86_64) AppleWebKit/537.36 (KHTML, like Gecko) Chrome/119.0.0.0 Safari/537.36"
111.225.149.228 - - [16/Jun/2026:22:03:12 +0100] "GET /wp-content/uploads/2025/08/e22f60f4-35ff-4fd2-92af-b54654499357.jpg HTTP/1.1" 206 500 "https://www.ack.uk.com/services/bespoke-kitchen-fabrication/" "Mozilla/5.0 (Linux; Android 5.0) AppleWebKit/537.36 (KHTML, like Gecko) Mobile Safari/537.36 (compatible; Bytespider; https://zhanzhang.toutiao.com/)"
173.239.211.249 - - [16/Jun/2026:22:03:12 +0100] "POST /wp-login.php HTTP/1.1" 200 4038 "https://www.ack.uk.com/wp-login.php" "Mozilla/5.0 (Windows NT 10.0; Win64; x64) AppleWebKit/537.36 (KHTML, like Gecko) Chrome/121.0.0.0 Safari/537.36"
111.225.149.228 - - [16/Jun/2026:22:03:12 +0100] "GET /wp-content/uploads/2025/06/homepage-header-image-768x578.jpeg HTTP/1.1" 206 500 "https://www.ack.uk.com/services/bespoke-kitchen-fabrication/" "Mozilla/5.0 (Linux; Android 5.0) AppleWebKit/537.36 (KHTML, like Gecko) Mobile Safari/537.36 (compatible; Bytespider; https://zhanzhang.toutiao.com/)"
173.239.211.249 - - [16/Jun/2026:22:03:12 +0100] "GET /wp-admin/index.php HTTP/1.1" 200 6552 "https://www.ack.uk.com/wp-login.php" "Mozilla/5.0 (Macintosh; Intel Mac OS X 13_6_1) AppleWebKit/605.1.15 (KHTML, like Gecko) Version/17.2 Safari/605.1.15"
173.239.211.249 - - [16/Jun/2026:22:03:12 +0100] "GET /wp-admin/profile.php HTTP/1.1" 200 6552 "https://www.ack.uk.com/wp-login.php" "Mozilla/5.0 (Macintosh; Intel Mac OS X 13_6_1) AppleWebKit/605.1.15 (KHTML, like Gecko) Version/17.2 Safari/605.1.15"
111.225.149.2 - - [16/Jun/2026:22:03:12 +0100] "GET /wp-content/uploads/2025/08/e22f60f4-35ff-4fd2-92af-b54654499357.jpg HTTP/1.1" 304 - "https://www.ack.uk.com/services/bespoke-kitchen-fabrication/" "Mozilla/5.0 (Linux; Android 5.0) AppleWebKit/537.36 (KHTML, like Gecko) Mobile Safari/537.36 (compatible; Bytespider; https://zhanzhang.toutiao.com/)"
111.225.149.2 - - [16/Jun/2026:22:03:13 +0100] "GET /wp-content/uploads/2025/08/e22f60f4-35ff-4fd2-92af-b54654499357.jpg HTTP/1.1" 206 68157 "https://www.ack.uk.com/services/bespoke-kitchen-fabrication/" "Mozilla/5.0 (Linux; Android 5.0) AppleWebKit/537.36 (KHTML, like Gecko) Mobile Safari/537.36 (compatible; Bytespider; https://zhanzhang.toutiao.com/)"
173.239.211.249 - - [16/Jun/2026:22:03:13 +0100] "GET /wp-admin/edit.php HTTP/1.1" 200 6552 "https://www.ack.uk.com/wp-login.php" "Mozilla/5.0 (Macintosh; Intel Mac OS X 13_6_1) AppleWebKit/605.1.15 (KHTML, like Gecko) Version/17.2 Safari/605.1.15"
173.239.211.248 - - [16/Jun/2026:22:03:15 +0100] "GET /wp-admin/plugins.php HTTP/1.1" 200 6552 "https://www.ack.uk.com/wp-login.php" "Mozilla/5.0 (Macintosh; Intel Mac OS X 13_6_1) AppleWebKit/605.1.15 (KHTML, like Gecko) Version/17.2 Safari/605.1.15"
173.239.211.248 - - [16/Jun/2026:22:03:16 +0100] "POST /wp-login.php HTTP/1.1" 200 4038 "https://www.ack.uk.com/wp-login.php" "Mozilla/5.0 (Macintosh; Intel Mac OS X 13_6_1) AppleWebKit/605.1.15 (KHTML, like Gecko) Version/17.2 Safari/605.1.15"
216.73.217.61 - - [16/Jun/2026:22:03:16 +0100] "GET /sitemap_index.xml?fileloc=%2Fhome%2Fcalderca%2Fpublic_html%2Findex.php&path=%2Fhome%2Fcalderca%2Fpublic_html HTTP/1.1" 200 2698 "-" "Mozilla/5.0 AppleWebKit/537.36 (KHTML, like Gecko; compatible; ClaudeBot/1.0; +claudebot@anthropic.com)"
173.239.211.248 - - [16/Jun/2026:22:03:16 +0100] "GET /wp-admin/index.php HTTP/1.1" 200 6552 "https://www.ack.uk.com/wp-login.php" "Mozilla/5.0 (Macintosh; Intel Mac OS X 13_6_1) AppleWebKit/605.1.15 (KHTML, like Gecko) Version/17.2 Safari/605.1.15"
173.239.211.248 - - [16/Jun/2026:22:03:16 +0100] "GET /wp-admin/profile.php HTTP/1.1" 200 6552 "https://www.ack.uk.com/wp-login.php" "Mozilla/5.0 (Macintosh; Intel Mac OS X 13_6_1) AppleWebKit/605.1.15 (KHTML, like Gecko) Version/17.2 Safari/605.1.15"
216.73.161.119 - - [16/Jun/2026:22:03:19 +0100] "GET /wp-admin/plugins.php HTTP/1.1" 200 6552 "https://www.ack.uk.com/wp-login.php" "Mozilla/5.0 (Macintosh; Intel Mac OS X 13_6_1) AppleWebKit/605.1.15 (KHTML, like Gecko) Version/17.2 Safari/605.1.15"
216.73.161.119 - - [16/Jun/2026:22:03:19 +0100] "POST /wp-login.php HTTP/1.1" 200 4038 "https://www.ack.uk.com/wp-login.php" "Mozilla/5.0 (Windows NT 11.0; Win64; x64) AppleWebKit/537.36 (KHTML, like Gecko) Chrome/119.0.0.0 Safari/537.36"
216.73.161.121 - - [16/Jun/2026:22:03:26 +0100] "GET /wp-admin/index.php HTTP/1.1" 200 6552 "https://www.ack.uk.com/wp-login.php" "Mozilla/5.0 (Windows NT 11.0; Win64; x64; rv:121.0) Gecko/20100101 Firefox/121.0"
216.73.161.121 - - [16/Jun/2026:22:03:26 +0100] "GET /wp-admin/profile.php HTTP/1.1" 200 6552 "https://www.ack.uk.com/wp-login.php" "Mozilla/5.0 (Windows NT 11.0; Win64; x64; rv:121.0) Gecko/20100101 Firefox/121.0"
216.73.161.121 - - [16/Jun/2026:22:03:26 +0100] "GET /wp-admin/edit.php HTTP/1.1" 200 6552 "https://www.ack.uk.com/wp-login.php" "Mozilla/5.0 (Windows NT 11.0; Win64; x64; rv:121.0) Gecko/20100101 Firefox/121.0"
216.73.161.121 - - [16/Jun/2026:22:03:26 +0100] "GET /wp-admin/plugins.php HTTP/1.1" 200 6552 "https://www.ack.uk.com/wp-login.php" "Mozilla/5.0 (Windows NT 11.0; Win64; x64; rv:121.0) Gecko/20100101 Firefox/121.0"
216.73.161.121 - - [16/Jun/2026:22:03:27 +0100] "POST /wp-login.php HTTP/1.1" 200 4038 "https://www.ack.uk.com/wp-login.php" "Mozilla/5.0 (Macintosh; Intel Mac OS X 13_6_1; rv:121.0) Gecko/20100101 Firefox/121.0"
216.73.161.121 - - [16/Jun/2026:22:03:27 +0100] "GET /wp-admin/index.php HTTP/1.1" 200 6552 "https://www.ack.uk.com/wp-login.php" "Mozilla/5.0 (Macintosh; Intel Mac OS X 10_15_7) AppleWebKit/537.36 (KHTML, like Gecko) Chrome/119.0.0.0 Safari/537.36"
216.73.161.121 - - [16/Jun/2026:22:03:28 +0100] "GET /wp-admin/profile.php HTTP/1.1" 200 6552 "https://www.ack.uk.com/wp-login.php" "Mozilla/5.0 (Macintosh; Intel Mac OS X 10_15_7) AppleWebKit/537.36 (KHTML, like Gecko) Chrome/119.0.0.0 Safari/537.36"
216.73.161.121 - - [16/Jun/2026:22:03:28 +0100] "GET /wp-admin/edit.php HTTP/1.1" 200 6552 "https://www.ack.uk.com/wp-login.php" "Mozilla/5.0 (Macintosh; Intel Mac OS X 10_15_7) AppleWebKit/537.36 (KHTML, like Gecko) Chrome/119.0.0.0 Safari/537.36"
216.73.161.121 - - [16/Jun/2026:22:03:29 +0100] "GET /wp-admin/plugins.php HTTP/1.1" 200 6552 "https://www.ack.uk.com/wp-login.php" "Mozilla/5.0 (Macintosh; Intel Mac OS X 10_15_7) AppleWebKit/537.36 (KHTML, like Gecko) Chrome/119.0.0.0 Safari/537.36"
216.73.161.116 - - [16/Jun/2026:22:03:35 +0100] "POST /wp-login.php HTTP/1.1" 200 4038 "https://www.ack.uk.com/wp-login.php" "Mozilla/5.0 (Windows NT 11.0; Win64; x64; rv:121.0) Gecko/20100101 Firefox/121.0"
216.73.161.116 - - [16/Jun/2026:22:03:35 +0100] "GET /wp-admin/index.php HTTP/1.1" 200 6552 "https://www.ack.uk.com/wp-login.php" "Mozilla/5.0 (Windows NT 10.0; Win64; x64; rv:121.0) Gecko/20100101 Firefox/121.0"
216.73.161.116 - - [16/Jun/2026:22:03:36 +0100] "GET /wp-admin/profile.php HTTP/1.1" 200 6552 "https://www.ack.uk.com/wp-login.php" "Mozilla/5.0 (Windows NT 10.0; Win64; x64; rv:121.0) Gecko/20100101 Firefox/121.0"
216.73.161.116 - - [16/Jun/2026:22:03:36 +0100] "GET /wp-admin/edit.php HTTP/1.1" 200 6552 "https://www.ack.uk.com/wp-login.php" "Mozilla/5.0 (Windows NT 10.0; Win64; x64; rv:121.0) Gecko/20100101 Firefox/121.0"
216.73.161.116 - - [16/Jun/2026:22:03:36 +0100] "GET /wp-admin/plugins.php HTTP/1.1" 200 6552 "https://www.ack.uk.com/wp-login.php" "Mozilla/5.0 (Windows NT 10.0; Win64; x64; rv:121.0) Gecko/20100101 Firefox/121.0"
216.73.217.61 - - [16/Jun/2026:22:03:37 +0100] "GET /sitemap_index.xml?fileloc=%2Fhome%2Fcalderca%2Fpublic_html%2Fllms.txt&path=%2Fhome%2Fcalderca%2Fpublic_html HTTP/1.1" 200 3238 "-" "Mozilla/5.0 AppleWebKit/537.36 (KHTML, like Gecko; compatible; ClaudeBot/1.0; +claudebot@anthropic.com)"
216.73.217.61 - - [16/Jun/2026:22:03:37 +0100] "GET /sitemap_index.xml?fileloc=%2Fhome%2Fcalderca%2Fpublic_html%2Ferror_log&path=%2Fhome%2Fcalderca%2Fpublic_html HTTP/1.1" 200 2823 "-" "Mozilla/5.0 AppleWebKit/537.36 (KHTML, like Gecko; compatible; ClaudeBot/1.0; +claudebot@anthropic.com)"
216.73.217.61 - - [16/Jun/2026:22:03:38 +0100] "GET /sitemap_index.xml?path=%2Fhome%2Fcalderca%2Fpublic_html%2Fwp-admin HTTP/1.1" 200 6552 "-" "Mozilla/5.0 AppleWebKit/537.36 (KHTML, like Gecko; compatible; ClaudeBot/1.0; +claudebot@anthropic.com)"
216.73.161.120 - - [16/Jun/2026:22:03:39 +0100] "POST /wp-login.php HTTP/1.1" 200 4038 "https://www.ack.uk.com/wp-login.php" "Mozilla/5.0 (Macintosh; Intel Mac OS X 10_15_7; rv:118.0) Gecko/20100101 Firefox/118.0"
216.73.161.120 - - [16/Jun/2026:22:03:39 +0100] "GET /wp-admin/index.php HTTP/1.1" 200 6552 "https://www.ack.uk.com/wp-login.php" "Mozilla/5.0 (Macintosh; Intel Mac OS X 13_6_1) AppleWebKit/537.36 (KHTML, like Gecko) Chrome/121.0.0.0 Safari/537.36"
216.73.161.120 - - [16/Jun/2026:22:03:40 +0100] "GET /wp-admin/profile.php HTTP/1.1" 200 6552 "https://www.ack.uk.com/wp-login.php" "Mozilla/5.0 (Macintosh; Intel Mac OS X 13_6_1) AppleWebKit/537.36 (KHTML, like Gecko) Chrome/121.0.0.0 Safari/537.36"
216.73.161.120 - - [16/Jun/2026:22:03:40 +0100] "GET /wp-admin/edit.php HTTP/1.1" 200 6552 "https://www.ack.uk.com/wp-login.php" "Mozilla/5.0 (Macintosh; Intel Mac OS X 13_6_1) AppleWebKit/537.36 (KHTML, like Gecko) Chrome/121.0.0.0 Safari/537.36"
216.73.161.120 - - [16/Jun/2026:22:03:40 +0100] "GET /wp-admin/plugins.php HTTP/1.1" 200 6552 "https://www.ack.uk.com/wp-login.php" "Mozilla/5.0 (Macintosh; Intel Mac OS X 13_6_1) AppleWebKit/537.36 (KHTML, like Gecko) Chrome/121.0.0.0 Safari/537.36"
216.73.161.120 - - [16/Jun/2026:22:03:41 +0100] "POST /wp-login.php HTTP/1.1" 200 4038 "https://www.ack.uk.com/wp-login.php" "Mozilla/5.0 (Macintosh; Intel Mac OS X 13_6_1; rv:120.0) Gecko/20100101 Firefox/120.0"
216.73.161.120 - - [16/Jun/2026:22:03:41 +0100] "GET /wp-admin/index.php HTTP/1.1" 200 6552 "https://www.ack.uk.com/wp-login.php" "Mozilla/5.0 (X11; Linux x86_64) AppleWebKit/537.36 (KHTML, like Gecko) Chrome/121.0.0.0 Safari/537.36"
173.239.211.249 - - [16/Jun/2026:22:03:46 +0100] "GET /wp-admin/edit.php HTTP/1.1" 200 6552 "https://www.ack.uk.com/wp-login.php" "Mozilla/5.0 (X11; Linux x86_64) AppleWebKit/537.36 (KHTML, like Gecko) Chrome/121.0.0.0 Safari/537.36"
172.81.117.83 - - [16/Jun/2026:22:03:46 +0100] "GET /wp-login.php HTTP/1.1" 200 4038 "-" "Mozilla/5.0 (Windows NT 10.0; Win64; x64) AppleWebKit/537.36 (KHTML, like Gecko) Chrome/133.0.0.0 Safari/537.36"
173.239.211.249 - - [16/Jun/2026:22:03:46 +0100] "GET /wp-admin/plugins.php HTTP/1.1" 200 6552 "https://www.ack.uk.com/wp-login.php" "Mozilla/5.0 (X11; Linux x86_64) AppleWebKit/537.36 (KHTML, like Gecko) Chrome/121.0.0.0 Safari/537.36"
173.239.211.249 - - [16/Jun/2026:22:03:46 +0100] "POST /wp-login.php HTTP/1.1" 200 4038 "https://www.ack.uk.com/wp-login.php" "Mozilla/5.0 (Macintosh; Intel Mac OS X 10_15_7) AppleWebKit/605.1.15 (KHTML, like Gecko) Version/17.0 Safari/605.1.15"
172.81.117.83 - - [16/Jun/2026:22:03:46 +0100] "POST /wp-login.php HTTP/1.1" 200 4038 "https://ack.uk.com/wp-login.php" "Mozilla/5.0 (Windows NT 10.0; Win64; x64) AppleWebKit/537.36 (KHTML, like Gecko) Chrome/133.0.0.0 Safari/537.36"
173.239.211.249 - - [16/Jun/2026:22:03:47 +0100] "GET /wp-admin/index.php HTTP/1.1" 200 6552 "https://www.ack.uk.com/wp-login.php" "Mozilla/5.0 (Macintosh; Intel Mac OS X 13_6_1) AppleWebKit/605.1.15 (KHTML, like Gecko) Version/16.6 Safari/605.1.15"
173.239.211.249 - - [16/Jun/2026:22:03:47 +0100] "GET /wp-admin/profile.php HTTP/1.1" 200 6552 "https://www.ack.uk.com/wp-login.php" "Mozilla/5.0 (Macintosh; Intel Mac OS X 13_6_1) AppleWebKit/605.1.15 (KHTML, like Gecko) Version/16.6 Safari/605.1.15"
173.239.211.249 - - [16/Jun/2026:22:03:48 +0100] "GET /wp-admin/edit.php HTTP/1.1" 200 6552 "https://www.ack.uk.com/wp-login.php" "Mozilla/5.0 (Macintosh; Intel Mac OS X 13_6_1) AppleWebKit/605.1.15 (KHTML, like Gecko) Version/16.6 Safari/605.1.15"
173.239.211.249 - - [16/Jun/2026:22:03:48 +0100] "GET /wp-admin/plugins.php HTTP/1.1" 200 6552 "https://www.ack.uk.com/wp-login.php" "Mozilla/5.0 (Macintosh; Intel Mac OS X 13_6_1) AppleWebKit/605.1.15 (KHTML, like Gecko) Version/16.6 Safari/605.1.15"
173.239.211.237 - - [16/Jun/2026:22:03:52 +0100] "POST /wp-login.php HTTP/1.1" 200 4038 "https://www.ack.uk.com/wp-login.php" "Mozilla/5.0 (Windows NT 10.0; Win64; x64) AppleWebKit/537.36 (KHTML, like Gecko) Chrome/119.0.0.0 Safari/537.36"
173.239.211.237 - - [16/Jun/2026:22:03:52 +0100] "GET /wp-admin/index.php HTTP/1.1" 200 6552 "https://www.ack.uk.com/wp-login.php" "Mozilla/5.0 (Windows NT 10.0; Win64; x64; rv:118.0) Gecko/20100101 Firefox/118.0"
216.73.161.133 - - [16/Jun/2026:22:03:56 +0100] "GET /wp-admin/profile.php HTTP/1.1" 200 6552 "https://www.ack.uk.com/wp-login.php" "Mozilla/5.0 (Windows NT 10.0; Win64; x64; rv:118.0) Gecko/20100101 Firefox/118.0"
216.73.161.134 - - [16/Jun/2026:22:03:59 +0100] "GET /wp-admin/edit.php HTTP/1.1" 200 6552 "https://www.ack.uk.com/wp-login.php" "Mozilla/5.0 (Windows NT 10.0; Win64; x64; rv:118.0) Gecko/20100101 Firefox/118.0"
216.73.161.134 - - [16/Jun/2026:22:04:00 +0100] "GET /wp-admin/plugins.php HTTP/1.1" 200 6552 "https://www.ack.uk.com/wp-login.php" "Mozilla/5.0 (Windows NT 10.0; Win64; x64; rv:118.0) Gecko/20100101 Firefox/118.0"
216.73.161.134 - - [16/Jun/2026:22:04:00 +0100] "POST /wp-login.php HTTP/1.1" 200 4038 "https://www.ack.uk.com/wp-login.php" "Mozilla/5.0 (Macintosh; Intel Mac OS X 13_6_1) AppleWebKit/537.36 (KHTML, like Gecko) Chrome/118.0.0.0 Safari/537.36"
216.73.161.134 - - [16/Jun/2026:22:04:00 +0100] "GET /wp-admin/index.php HTTP/1.1" 200 6552 "https://www.ack.uk.com/wp-login.php" "Mozilla/5.0 (X11; Linux x86_64) AppleWebKit/537.36 (KHTML, like Gecko) Chrome/120.0.0.0 Safari/537.36"
216.73.161.134 - - [16/Jun/2026:22:04:00 +0100] "GET /wp-admin/profile.php HTTP/1.1" 200 6552 "https://www.ack.uk.com/wp-login.php" "Mozilla/5.0 (X11; Linux x86_64) AppleWebKit/537.36 (KHTML, like Gecko) Chrome/120.0.0.0 Safari/537.36"
173.239.211.251 - - [16/Jun/2026:22:04:03 +0100] "GET /wp-admin/plugins.php HTTP/1.1" 200 6552 "https://www.ack.uk.com/wp-login.php" "Mozilla/5.0 (X11; Linux x86_64) AppleWebKit/537.36 (KHTML, like Gecko) Chrome/120.0.0.0 Safari/537.36"
173.239.211.239 - - [16/Jun/2026:22:04:09 +0100] "POST /wp-login.php HTTP/1.1" 200 4038 "https://www.ack.uk.com/wp-login.php" "Mozilla/5.0 (Macintosh; Intel Mac OS X 10_15_7; rv:120.0) Gecko/20100101 Firefox/120.0"
173.239.211.239 - - [16/Jun/2026:22:04:10 +0100] "GET /wp-admin/index.php HTTP/1.1" 200 6552 "https://www.ack.uk.com/wp-login.php" "Mozilla/5.0 (Macintosh; Intel Mac OS X 13_6_1) AppleWebKit/605.1.15 (KHTML, like Gecko) Version/17.2 Safari/605.1.15"
111.235.68.106 - - [16/Jun/2026:22:04:10 +0100] "POST /xmlrpc.php HTTP/1.1" 200 58262 "-" "Jetpack/12.5; WordPress/6.2; http://site13729240.com"
173.239.211.248 - - [16/Jun/2026:22:04:12 +0100] "GET /wp-admin/edit.php HTTP/1.1" 200 6552 "https://www.ack.uk.com/wp-login.php" "Mozilla/5.0 (Macintosh; Intel Mac OS X 13_6_1) AppleWebKit/605.1.15 (KHTML, like Gecko) Version/17.2 Safari/605.1.15"
173.239.211.248 - - [16/Jun/2026:22:04:13 +0100] "GET /wp-admin/plugins.php HTTP/1.1" 200 6552 "https://www.ack.uk.com/wp-login.php" "Mozilla/5.0 (Macintosh; Intel Mac OS X 13_6_1) AppleWebKit/605.1.15 (KHTML, like Gecko) Version/17.2 Safari/605.1.15"
173.239.211.248 - - [16/Jun/2026:22:04:13 +0100] "POST /wp-login.php HTTP/1.1" 200 4038 "https://www.ack.uk.com/wp-login.php" "Mozilla/5.0 (Macintosh; Intel Mac OS X 13_6_1; rv:119.0) Gecko/20100101 Firefox/119.0"
216.73.161.112 - - [16/Jun/2026:22:04:16 +0100] "GET /wp-admin/index.php HTTP/1.1" 200 6552 "https://www.ack.uk.com/wp-login.php" "Mozilla/5.0 (X11; Ubuntu; Linux x86_64) AppleWebKit/537.36 (KHTML, like Gecko) Chrome/120.0.0.0 Safari/537.36"
216.73.161.112 - - [16/Jun/2026:22:04:17 +0100] "GET /wp-admin/profile.php HTTP/1.1" 200 6552 "https://www.ack.uk.com/wp-login.php" "Mozilla/5.0 (X11; Ubuntu; Linux x86_64) AppleWebKit/537.36 (KHTML, like Gecko) Chrome/120.0.0.0 Safari/537.36"
216.73.161.112 - - [16/Jun/2026:22:04:17 +0100] "GET /wp-admin/edit.php HTTP/1.1" 200 6552 "https://www.ack.uk.com/wp-login.php" "Mozilla/5.0 (X11; Ubuntu; Linux x86_64) AppleWebKit/537.36 (KHTML, like Gecko) Chrome/120.0.0.0 Safari/537.36"
216.73.161.112 - - [16/Jun/2026:22:04:18 +0100] "GET /wp-admin/plugins.php HTTP/1.1" 200 6552 "https://www.ack.uk.com/wp-login.php" "Mozilla/5.0 (X11; Ubuntu; Linux x86_64) AppleWebKit/537.36 (KHTML, like Gecko) Chrome/120.0.0.0 Safari/537.36"
216.73.161.112 - - [16/Jun/2026:22:04:18 +0100] "POST /wp-login.php HTTP/1.1" 200 4038 "https://www.ack.uk.com/wp-login.php" "Mozilla/5.0 (Windows NT 11.0; Win64; x64) AppleWebKit/537.36 (KHTML, like Gecko) Chrome/118.0.0.0 Safari/537.36"
216.73.161.112 - - [16/Jun/2026:22:04:18 +0100] "GET /wp-admin/index.php HTTP/1.1" 200 6552 "https://www.ack.uk.com/wp-login.php" "Mozilla/5.0 (Macintosh; Intel Mac OS X 10_15_7; rv:121.0) Gecko/20100101 Firefox/121.0"
216.73.161.112 - - [16/Jun/2026:22:04:19 +0100] "GET /wp-admin/profile.php HTTP/1.1" 200 6552 "https://www.ack.uk.com/wp-login.php" "Mozilla/5.0 (Macintosh; Intel Mac OS X 10_15_7; rv:121.0) Gecko/20100101 Firefox/121.0"
111.235.68.106 - - [16/Jun/2026:22:04:20 +0100] "POST /xmlrpc.php HTTP/1.1" 200 58262 "-" "Jetpack/12.0; WordPress/6.3; http://site68341344.com"
111.225.149.96 - - [16/Jun/2026:22:04:28 +0100] "GET /contact/ HTTP/1.1" 200 16503 "-" "Mozilla/5.0 (Linux; Android 5.0) AppleWebKit/537.36 (KHTML, like Gecko) Mobile Safari/537.36 (compatible; Bytespider; https://zhanzhang.toutiao.com/)"
173.239.211.241 - - [16/Jun/2026:22:04:30 +0100] "GET /wp-admin/edit.php HTTP/1.1" 200 6552 "https://www.ack.uk.com/wp-login.php" "Mozilla/5.0 (Macintosh; Intel Mac OS X 10_15_7; rv:121.0) Gecko/20100101 Firefox/121.0"
111.235.68.106 - - [16/Jun/2026:22:04:31 +0100] "POST /xmlrpc.php HTTP/1.1" 200 58262 "-" "Jetpack by WordPress.com (Jetpack 12.5; WordPress 6.1)"
173.239.211.241 - - [16/Jun/2026:22:04:31 +0100] "GET /wp-admin/plugins.php HTTP/1.1" 200 6552 "https://www.ack.uk.com/wp-login.php" "Mozilla/5.0 (Macintosh; Intel Mac OS X 10_15_7; rv:121.0) Gecko/20100101 Firefox/121.0"
173.239.211.241 - - [16/Jun/2026:22:04:32 +0100] "POST /wp-login.php HTTP/1.1" 200 4038 "https://www.ack.uk.com/wp-login.php" "Mozilla/5.0 (Macintosh; Intel Mac OS X 13_6_1; rv:120.0) Gecko/20100101 Firefox/120.0"
173.239.211.241 - - [16/Jun/2026:22:04:32 +0100] "GET /wp-admin/index.php HTTP/1.1" 200 6552 "https://www.ack.uk.com/wp-login.php" "Mozilla/5.0 (Macintosh; Intel Mac OS X 10_15_7; rv:118.0) Gecko/20100101 Firefox/118.0"
173.239.211.241 - - [16/Jun/2026:22:04:32 +0100] "GET /wp-admin/profile.php HTTP/1.1" 200 6552 "https://www.ack.uk.com/wp-login.php" "Mozilla/5.0 (Macintosh; Intel Mac OS X 10_15_7; rv:118.0) Gecko/20100101 Firefox/118.0"
173.239.211.241 - - [16/Jun/2026:22:04:33 +0100] "GET /wp-admin/edit.php HTTP/1.1" 200 6552 "https://www.ack.uk.com/wp-login.php" "Mozilla/5.0 (Macintosh; Intel Mac OS X 10_15_7; rv:118.0) Gecko/20100101 Firefox/118.0"
173.239.211.249 - - [16/Jun/2026:22:04:36 +0100] "GET /wp-admin/plugins.php HTTP/1.1" 200 6552 "https://www.ack.uk.com/wp-login.php" "Mozilla/5.0 (Macintosh; Intel Mac OS X 10_15_7; rv:118.0) Gecko/20100101 Firefox/118.0"
173.239.211.249 - - [16/Jun/2026:22:04:37 +0100] "POST /wp-login.php HTTP/1.1" 200 4038 "https://www.ack.uk.com/wp-login.php" "Mozilla/5.0 (X11; Linux x86_64) AppleWebKit/537.36 (KHTML, like Gecko) Chrome/119.0.0.0 Safari/537.36"
173.239.211.249 - - [16/Jun/2026:22:04:37 +0100] "GET /wp-admin/index.php HTTP/1.1" 200 6552 "https://www.ack.uk.com/wp-login.php" "Mozilla/5.0 (Macintosh; Intel Mac OS X 10_15_7) AppleWebKit/537.36 (KHTML, like Gecko) Chrome/121.0.0.0 Safari/537.36"
173.239.211.249 - - [16/Jun/2026:22:04:37 +0100] "GET /wp-admin/profile.php HTTP/1.1" 200 6552 "https://www.ack.uk.com/wp-login.php" "Mozilla/5.0 (Macintosh; Intel Mac OS X 10_15_7) AppleWebKit/537.36 (KHTML, like Gecko) Chrome/121.0.0.0 Safari/537.36"
111.235.68.106 - - [16/Jun/2026:22:04:41 +0100] "POST /xmlrpc.php HTTP/1.1" 200 58262 "-" "Jetpack/12.0; WordPress/6.2; http://site82143855.com"
216.73.161.118 - - [16/Jun/2026:22:04:42 +0100] "GET /wp-admin/edit.php HTTP/1.1" 200 6552 "https://www.ack.uk.com/wp-login.php" "Mozilla/5.0 (Macintosh; Intel Mac OS X 10_15_7) AppleWebKit/537.36 (KHTML, like Gecko) Chrome/121.0.0.0 Safari/537.36"
216.73.161.118 - - [16/Jun/2026:22:04:42 +0100] "GET /wp-admin/plugins.php HTTP/1.1" 200 6552 "https://www.ack.uk.com/wp-login.php" "Mozilla/5.0 (Macintosh; Intel Mac OS X 10_15_7) AppleWebKit/537.36 (KHTML, like Gecko) Chrome/121.0.0.0 Safari/537.36"
216.73.161.118 - - [16/Jun/2026:22:04:42 +0100] "POST /wp-login.php HTTP/1.1" 200 4038 "https://www.ack.uk.com/wp-login.php" "Mozilla/5.0 (Macintosh; Intel Mac OS X 10_15_7) AppleWebKit/537.36 (KHTML, like Gecko) Chrome/120.0.0.0 Safari/537.36"
216.73.161.118 - - [16/Jun/2026:22:04:43 +0100] "GET /wp-admin/index.php HTTP/1.1" 200 6552 "https://www.ack.uk.com/wp-login.php" "Mozilla/5.0 (Macintosh; Intel Mac OS X 13_6_1) AppleWebKit/605.1.15 (KHTML, like Gecko) Version/17.1 Safari/605.1.15"
216.73.161.118 - - [16/Jun/2026:22:04:43 +0100] "GET /wp-admin/profile.php HTTP/1.1" 200 6552 "https://www.ack.uk.com/wp-login.php" "Mozilla/5.0 (Macintosh; Intel Mac OS X 13_6_1) AppleWebKit/605.1.15 (KHTML, like Gecko) Version/17.1 Safari/605.1.15"
216.73.161.129 - - [16/Jun/2026:22:04:46 +0100] "GET /wp-admin/edit.php HTTP/1.1" 200 6552 "https://www.ack.uk.com/wp-login.php" "Mozilla/5.0 (Macintosh; Intel Mac OS X 13_6_1) AppleWebKit/605.1.15 (KHTML, like Gecko) Version/17.1 Safari/605.1.15"
216.73.161.129 - - [16/Jun/2026:22:04:46 +0100] "GET /wp-admin/plugins.php HTTP/1.1" 200 6552 "https://www.ack.uk.com/wp-login.php" "Mozilla/5.0 (Macintosh; Intel Mac OS X 13_6_1) AppleWebKit/605.1.15 (KHTML, like Gecko) Version/17.1 Safari/605.1.15"
216.73.161.129 - - [16/Jun/2026:22:04:47 +0100] "POST /wp-login.php HTTP/1.1" 200 4038 "https://www.ack.uk.com/wp-login.php" "Mozilla/5.0 (Macintosh; Intel Mac OS X 10_15_7) AppleWebKit/605.1.15 (KHTML, like Gecko) Version/17.0 Safari/605.1.15"
111.235.68.106 - - [16/Jun/2026:22:04:52 +0100] "POST /xmlrpc.php HTTP/1.1" 200 58262 "-" "Jetpack by WordPress.com"
216.73.161.114 - - [16/Jun/2026:22:04:53 +0100] "GET /wp-admin/index.php HTTP/1.1" 200 6552 "https://www.ack.uk.com/wp-login.php" "Mozilla/5.0 (Windows NT 10.0; Win64; x64; rv:120.0) Gecko/20100101 Firefox/120.0"
111.225.149.70 - - [16/Jun/2026:22:04:55 +0100] "GET /hygienic-wall-cladding-explained-whiterock-thickness-uses-and-alternatives/ HTTP/1.1" 200 4038 "-" "Mozilla/5.0 (Linux; Android 5.0) AppleWebKit/537.36 (KHTML, like Gecko) Mobile Safari/537.36 (compatible; Bytespider; https://zhanzhang.toutiao.com/)"
216.73.161.123 - - [16/Jun/2026:22:04:57 +0100] "GET /wp-admin/profile.php HTTP/1.1" 200 6552 "https://www.ack.uk.com/wp-login.php" "Mozilla/5.0 (Windows NT 10.0; Win64; x64; rv:120.0) Gecko/20100101 Firefox/120.0"
216.73.161.123 - - [16/Jun/2026:22:04:57 +0100] "GET /wp-admin/edit.php HTTP/1.1" 200 6552 "https://www.ack.uk.com/wp-login.php" "Mozilla/5.0 (Windows NT 10.0; Win64; x64; rv:120.0) Gecko/20100101 Firefox/120.0"
216.73.161.123 - - [16/Jun/2026:22:04:58 +0100] "GET /wp-admin/plugins.php HTTP/1.1" 200 6552 "https://www.ack.uk.com/wp-login.php" "Mozilla/5.0 (Windows NT 10.0; Win64; x64; rv:120.0) Gecko/20100101 Firefox/120.0"
